000
CXUS53 KDMX 010910
CF6EST
PRELIMINARY LOCAL CLIMATOLOGICAL DATA (WS FORM: F-6)
STATION: ESTHERVILLE IA
MONTH: NOVEMBER
YEAR: 2022
LATITUDE: 43 24 N
LONGITUDE: 94 45 W
TEMPERATURE IN F: :PCPN: SNOW: WIND :SUNSHINE: SKY :PK WND
================================================================================
1 2 3 4 5 6A 6B 7 8 9 10 11 12 13 14 15 16 17 18
12Z AVG MX 2MIN
DY MAX MIN AVG DEP HDD CDD WTR SNW DPTH SPD SPD DIR MIN PSBL S-S WX SPD DR
================================================================================
1 75 32 54 14 11 0 0.00 0.0 0 10.7 17 190 M M 0 23 180
2 75 47 61 22 4 0 0.00 0.0 0 21.1 40 180 M M 0 51 190
3 68 40 54 15 11 0 0.01 0.0 0 16.7 25 180 M M 8 1 33 190
4 41 30 36 -2 29 0 T 0.0 0 11.6 23 340 M M 6 1 30 340
5 49 27 38 0 27 0 0.00 0.0 0 11.6 18 310 M M 0 22 320
6 55 27 41 4 24 0 0.00 0.0 0 16.7 36 280 M M 0 50 290
7 41 18 30 -7 35 0 0.00 0.0 0 9.3 17 90 M M 1 23 70
8 53 31 42 6 23 0 0.31 0.0 0 18.7 32 140 M M 8 13 42 150
9 70 53 62 26 3 0 T 0.0 0 18.1 25 180 M M 10 1 33 180
10 65 21 43 8 22 0 T 0.0 0 22.9 35 280 M M 8 1 45 280
11 29 20 25 -10 40 0 T M M 20.9 29 300 M M 8 40 320
12 27 21 24 -10 41 0 T M M 13.2 21 320 M M 10 27 320
13 28 20 24 -10 41 0 0.00 0.0 M 8.7 16 130 M M 7 20 130
14 30 23 27 -6 38 0 M M M 8.2 15 170 M M 10 12 20 160
15 30 25 28 -5 37 0 M M M 10.2 17 310 M M 10 18 21 320
16 26 19 23 -9 42 0 M M M 15.1 22 310 M M M 1 29 330
17 29 17 23 -9 42 0 M M M 20.5 30 300 M M M 36 310
18 23 14 19 -12 46 0 T M M 18.6 25 240 M M 7 8 32 240
19 24 8 16 -15 49 0 T M M 18.1 32 310 M M 3 40 320
20 39 8 24 -6 41 0 0.00 0.0 M 9.7 20 240 M M 0 26 230
21 37 17 27 -3 38 0 0.00 0.0 M 9.3 18 340 M M 0 23 330
22 50 15 33 3 32 0 0.00 0.0 M 7.9 14 240 M M 0 1 20 210
23 53 21 37 8 28 0 0.00 0.0 M 8.9 16 180 M M 0 1 20 170
24 45 28 37 9 28 0 0.00 0.0 M 12.1 25 340 M M 2 12 32 340
25 53 24 39 11 26 0 0.00 0.0 M 11.7 21 220 M M 0 30 220
26 56 32 44 16 21 0 0.00 0.0 M 14.4 22 210 M M 0 33 210
27 43 17 30 3 35 0 0.00 0.0 M 12.9 22 350 M M 0 35 360
28 48 18 33 6 32 0 0.00 0.0 M 13.1 29 210 M M 0 39 200
29 32 17 25 -1 40 0 M M M 20.1 30 340 M M 7 128 42 340
30 20 5 13 -13 52 0 0.00 0.0 M 18.3 31 300 M M 2 8 38 280
================================================================================
SM 1314 695 938 0 0.32 0.0 429.3 M 107
================================================================================
AV 43.8 23.2 14.3 FASTST M M 4 MAX(MPH)
MISC ----> 40 180 51 190
================================================================================
NOTES:
# LAST OF SEVERAL OCCURRENCES
COLUMN 17 PEAK WIND IN M.P.H.
PRELIMINARY LOCAL CLIMATOLOGICAL DATA (WS FORM: F-6) , PAGE 2
STATION: ESTHERVILLE IA
MONTH: NOVEMBER
YEAR: 2022
LATITUDE: 43 24 N
LONGITUDE: 94 45 W
[TEMPERATURE DATA] [PRECIPITATION DATA] SYMBOLS USED IN COLUMN 16
AVERAGE MONTHLY: 33.5 TOTAL FOR MONTH: 0.32 1 = FOG OR MIST
DPTR FM NORMAL: 0.9 DPTR FM NORMAL: -1.05 2 = FOG REDUCING VISIBILITY
HIGHEST: 75 ON 2, 1 GRTST 24HR 0.31 ON 8- 8 TO 1/4 MILE OR LESS
LOWEST: 5 ON 30 3 = THUNDER
SNOW, ICE PELLETS, HAIL 4 = ICE PELLETS
TOTAL MONTH: 0.0 INCH 5 = HAIL
GRTST 24HR 0.0 6 = FREEZING RAIN OR DRIZZLE
GRTST DEPTH: 0 7 = DUSTSTORM OR SANDSTORM:
VSBY 1/2 MILE OR LESS
8 = SMOKE OR HAZE
[NO. OF DAYS WITH] [WEATHER - DAYS WITH] 9 = BLOWING SNOW
X = TORNADO
MAX 32 OR BELOW: 11 0.01 INCH OR MORE: 2
MAX 90 OR ABOVE: 0 0.10 INCH OR MORE: 1
MIN 32 OR BELOW: 27 0.50 INCH OR MORE: 0
MIN 0 OR BELOW: 0 1.00 INCH OR MORE: 0
[HDD (BASE 65) ]
TOTAL THIS MO. 938 CLEAR (SCALE 0-3) 15
DPTR FM NORMAL -34 PTCLDY (SCALE 4-7) 7
TOTAL FM JUL 1 1548 CLOUDY (SCALE 8-10) 8
DPTR FM NORMAL -199
[CDD (BASE 65) ]
TOTAL THIS MO. 0
DPTR FM NORMAL 0 [PRESSURE DATA]
TOTAL FM JAN 1 812 HIGHEST SLP 30.63 ON 7
DPTR FM NORMAL 285 LOWEST SLP 29.42 ON 5
[REMARKS]
#FINAL-11-22#