000
CXUS54 KFWD 010730
CF6GKY
PRELIMINARY LOCAL CLIMATOLOGICAL DATA (WS FORM: F-6)
STATION: ARLINGTON
MONTH: JULY
YEAR: 2021
LATITUDE: 32 39 N
LONGITUDE: 97 6 W
TEMPERATURE IN F: :PCPN: SNOW: WIND :SUNSHINE: SKY :PK WND
================================================================================
1 2 3 4 5 6A 6B 7 8 9 10 11 12 13 14 15 16 17 18
12Z AVG MX 2MIN
DY MAX MIN AVG DEP HDD CDD WTR SNW DPTH SPD SPD DIR MIN PSBL S-S WX SPD DR
================================================================================
1 98 76 87 3 0 22 0.09 M M 4.0 29 330 M M 3 3 43 340
2 91 78 85 1 0 20 T M M 4.9 13 360 M M 5 18 30
3 87 75 81 -3 0 16 0.02 M M 7.3 15 90 M M 8 22 90
4 90 74 82 -2 0 17 T M M 5.1 14 120 M M 6 8 20 120
5 91 76 84 0 0 19 T M M 8.1 20 110 M M 6 8 28 120
6 96 73 85 1 0 20 0.00 M M 4.9 17 110 M M 1 3 23 100
7 96 73 85 0 0 20 0.00 M M 3.4 14 120 M M 0 18 130
8 95 76 86 1 0 21 0.00 M M 6.9 22 130 M M 0 29 130
9 90 76 83 -2 0 18 T M M 10.6 25 140 M M 5 36 140
10 96 77 87 2 0 22 0.00 M M 10.1 20 190 M M 3 33 180
11 95 72 84 -1 0 19 0.88 M M 5.8 28 340 M M 1 1 44 320
12 90 75 83 -2 0 18 T M M 5.1 23 140 M M 3 3 33 150
13 95 73 84 -1 0 19 0.00 M M 7.3 17 150 M M 0 28 130
14 94 73 84 -1 0 19 0.00 M M 9.6 26 170 M M 2 39 180
15 95 76 86 1 0 21 0.00 M M 11.2 20 140 M M 4 27 160
16 94 79 87 1 0 22 0.00 M M 9.2 16 150 M M 1 23 160
17 94 80 87 1 0 22 0.00 M M 9.6 17 160 M M 2 24 180
18 97 79 88 2 0 23 0.00 M M 4.6 17 240 M M 2 25 230
19 89 78 84 -2 0 19 0.04 M M 5.0 21 40 M M 5 29 30
20 91 74 83 -3 0 18 0.06 M M 5.3 23 20 M M 4 3 32 20
21 94 72 83 -3 0 18 0.00 M M 4.6 15 90 M M 2 24 80
22 96 72 84 -2 0 19 0.00 M M 5.9 15 150 M M 1 18 20 140
23 97 77 87 1 0 22 0.00 M M 9.4 21 200 M M 2 30 220
24 100 79 90 4 0 25 0.00 M M 9.6 16 150 M M 0 22 150
25 102 78 90 4 0 25 0.00 M M 7.4 14 130 M M 0 21 150
26 102 77 90 4 0 25 0.00 M M 6.1 14 150 M M 0 17 140
27 104 81 93 7 0 28 0.00 M M 6.9 15 100 M M 0 3 22 90
28 101 79 90 4 0 25 0.02 M M 3.6 16 90 M M 1 3 21 100
29 101 77 89 2 0 24 0.00 M M 3.9 13 110 M M 0 17 100
30 100 78 89 2 0 24 0.00 M M 4.0 14 150 M M 1 20 140
31 102 80 91 4 0 26 0.00 M M 6.7 14 120 M M 1 19 120
================================================================================
SM 2963 2363 0 656 1.11 M 206.1 M 69
================================================================================
AV 95.6 76.2 6.6 FASTST M M 2 MAX(MPH)
MISC ----> 29 330 44 320
================================================================================
NOTES:
# LAST OF SEVERAL OCCURRENCES
COLUMN 17 PEAK WIND IN M.P.H.
PRELIMINARY LOCAL CLIMATOLOGICAL DATA (WS FORM: F-6) , PAGE 2
STATION: ARLINGTON
MONTH: JULY
YEAR: 2021
LATITUDE: 32 39 N
LONGITUDE: 97 6 W
[TEMPERATURE DATA] [PRECIPITATION DATA] SYMBOLS USED IN COLUMN 16
AVERAGE MONTHLY: 85.9 TOTAL FOR MONTH: 1.11 1 = FOG OR MIST
DPTR FM NORMAL: 0.5 DPTR FM NORMAL: -0.59 2 = FOG REDUCING VISIBILITY
HIGHEST: 104 ON 27 GRTST 24HR 0.88 ON 11-11 TO 1/4 MILE OR LESS
LOWEST: 72 ON 22,21 3 = THUNDER
SNOW, ICE PELLETS, HAIL 4 = ICE PELLETS
TOTAL MONTH: M 5 = HAIL
GRTST 24HR M ON M 6 = FREEZING RAIN OR DRIZZLE
GRTST DEPTH: M ON M 7 = DUSTSTORM OR SANDSTORM:
VSBY 1/2 MILE OR LESS
8 = SMOKE OR HAZE
[NO. OF DAYS WITH] [WEATHER - DAYS WITH] 9 = BLOWING SNOW
X = TORNADO
MAX 32 OR BELOW: 0 0.01 INCH OR MORE: 6
MAX 90 OR ABOVE: 29 0.10 INCH OR MORE: 1
MIN 32 OR BELOW: 0 0.50 INCH OR MORE: 1
MIN 0 OR BELOW: 0 1.00 INCH OR MORE: 0
[HDD (BASE 65) ]
TOTAL THIS MO. 0 CLEAR (SCALE 0-3) 23
DPTR FM NORMAL 0 PTCLDY (SCALE 4-7) 8
TOTAL FM JUL 1 0 CLOUDY (SCALE 8-10) 0
DPTR FM NORMAL 0
[CDD (BASE 65) ]
TOTAL THIS MO. 656
DPTR FM NORMAL 22 [PRESSURE DATA]
TOTAL FM JAN 1 1665 HIGHEST SLP M ON M
DPTR FM NORMAL 74 LOWEST SLP 29.80 ON 11
[REMARKS]
#FINAL-07-21#