000
CXUS54 KJAN 020352
CF6HBG
PRELIMINARY LOCAL CLIMATOLOGICAL DATA (WS FORM: F-6)
STATION: HATTIESBURG
MONTH: JULY
YEAR: 2022
LATITUDE: 31 16 N
LONGITUDE: 89 15 W
TEMPERATURE IN F: :PCPN: SNOW: WIND :SUNSHINE: SKY :PK WND
================================================================================
1 2 3 4 5 6A 6B 7 8 9 10 11 12 13 14 15 16 17 18
12Z AVG MX 2MIN
DY MAX MIN AVG DEP HDD CDD WTR SNW DPTH SPD SPD DIR MIN PSBL S-S WX SPD DR
================================================================================
1 92 73 83 2 0 18 0.39 0.0 0 3.0 18 210 M M 2 13 31 230
2 89 72 81 0 0 16 0.22 0.0 0 2.4 16 160 M M 3 123 22 170
3 93 73 83 2 0 18 0.24 0.0 0 3.4 15 130 M M 3 123 20 10
4 91 75 83 1 0 18 0.25 0.0 0 3.8 18 170 M M 4 13 26 160
5 90 74 82 0 0 17 0.16 0.0 0 3.3 24 190 M M 3 13 36 180
6 92 74 83 1 0 18 0.00 0.0 0 2.4 9 180 M M 5 14 190
7 95 74 85 3 0 20 0.00 0.0 0 2.2 8 210 M M 1 13 220
8 95 76 86 4 0 21 0.00 0.0 0 3.7 12 180 M M 1 16 180
9 96 73 85 3 0 20 0.29 0.0 0 6.9 25 20 M M 2 13 37 20
10 93 73 83 1 0 18 0.21 0.0 0 3.3 14 290 M M 5 13 17 230
11 96 74 85 3 0 20 0.00 0.0 0 3.5 16 150 M M 1 3 28 150
12 94 74 84 2 0 19 T 0.0 0 4.1 14 140 M M 5 13 19 140
13 94 71 83 1 0 18 0.83 0.0 0 4.1 29 20 M M 4 13 44 20
14 92 72 82 0 0 17 T 0.0 0 3.3 22 160 M M 3 13 32 170
15 95 72 84 2 0 19 T 0.0 0 2.2 14 110 M M 2 3 30 130
16 91 73 82 0 0 17 1.10 0.0 0 3.9 26 310 M M 1 13 36 280
17 93 70 82 0 0 17 T 0.0 0 2.3 16 180 M M 2 1 23 160
18 92 73 83 1 0 18 0.00 0.0 0 3.7 12 300 M M 1 3 18 280
19 92 76 84 2 0 19 0.00 0.0 0 6.3 15 190 M M 2 21 190
20 95 75 85 3 0 20 0.00 0.0 0 6.3 15 270 M M 1 23 230
21 95 72 84 2 0 19 1.10 0.0 0 7.3 24 50 M M 2 13 38 70
22 89 71 80 -2 0 15 0.38 0.0 0 3.7 14 340 M M 4 138 21 340
23 93 73 83 1 0 18 0.00 0.0 0 3.6 15 170 M M 2 18 160
24 93 73 83 1 0 18 0.00 0.0 0 4.5 24 120 M M 1 31 120
25 90 74 82 0 0 17 T 0.0 0 3.3 22 150 M M 3 123 28 160
26 94 74 84 2 0 19 0.31 0.0 0 2.4 17 170 M M 2 1 23 180
27 93 73 83 1 0 18 0.00 0.0 0 2.7 16 170 M M 2 20 170
28 93 74 84 2 0 19 0.00 0.0 0 3.2 14 180 M M 2 19 190
29 93 74 84 2 0 19 T 0.0 0 4.0 15 220 M M 1 38 22 210
30 92 72 82 0 0 17 0.03 0.0 0 3.7 23 310 M M 2 13 34 330
31 93 70 82 0 0 17 0.16 0.0 0 2.7 32 110 M M 1 13 45 110
================================================================================
SM 2878 2267 0 564 5.67 0.0 115.2 M 73
================================================================================
AV 92.8 73.1 3.7 FASTST M M 2 MAX(MPH)
MISC ----> 32 110 45 110
================================================================================
NOTES:
# LAST OF SEVERAL OCCURRENCES
COLUMN 17 PEAK WIND IN M.P.H.
PRELIMINARY LOCAL CLIMATOLOGICAL DATA (WS FORM: F-6) , PAGE 2
STATION: HATTIESBURG
MONTH: JULY
YEAR: 2022
LATITUDE: 31 16 N
LONGITUDE: 89 15 W
[TEMPERATURE DATA] [PRECIPITATION DATA] SYMBOLS USED IN COLUMN 16
AVERAGE MONTHLY: 83.0 TOTAL FOR MONTH: 5.67 1 = FOG OR MIST
DPTR FM NORMAL: 1.1 DPTR FM NORMAL: -0.03 2 = FOG REDUCING VISIBILITY
HIGHEST: 96 ON 9,11 GRTST 24HR 1.30 ON 21-22 TO 1/4 MILE OR LESS
LOWEST: 70 ON 31,17 3 = THUNDER
SNOW, ICE PELLETS, HAIL 4 = ICE PELLETS
TOTAL MONTH: 0.0 INCH 5 = HAIL
GRTST 24HR 0.0 6 = FREEZING RAIN OR DRIZZLE
GRTST DEPTH: 0 7 = DUSTSTORM OR SANDSTORM:
VSBY 1/2 MILE OR LESS
8 = SMOKE OR HAZE
[NO. OF DAYS WITH] [WEATHER - DAYS WITH] 9 = BLOWING SNOW
X = TORNADO
MAX 32 OR BELOW: 0 0.01 INCH OR MORE: 14
MAX 90 OR ABOVE: 29 0.10 INCH OR MORE: 13
MIN 32 OR BELOW: 0 0.50 INCH OR MORE: 3
MIN 0 OR BELOW: 0 1.00 INCH OR MORE: 2
[HDD (BASE 65) ]
TOTAL THIS MO. 0 CLEAR (SCALE 0-3) 23
DPTR FM NORMAL 0 PTCLDY (SCALE 4-7) 8
TOTAL FM JUL 1 0 CLOUDY (SCALE 8-10) 0
DPTR FM NORMAL 0
[CDD (BASE 65) ]
TOTAL THIS MO. 564
DPTR FM NORMAL 39 [PRESSURE DATA]
TOTAL FM JAN 1 1711 HIGHEST SLP 30.20 ON 31
DPTR FM NORMAL 309 LOWEST SLP 29.79 ON 11
[REMARKS]
#FINAL-07-22#