000
CXUS55 KVEF 010910
CF6IGM
PRELIMINARY LOCAL CLIMATOLOGICAL DATA (WS FORM: F-6)
STATION: KINGMAN AZ
MONTH: JANUARY
YEAR: 2024
LATITUDE: 35 16 N
LONGITUDE: 113 57 W
TEMPERATURE IN F: :PCPN: SNOW: WIND :SUNSHINE: SKY :PK WND
================================================================================
1 2 3 4 5 6A 6B 7 8 9 10 11 12 13 14 15 16 17 18
12Z AVG MX 2MIN
DY MAX MIN AVG DEP HDD CDD WTR SNW DPTH SPD SPD DIR MIN PSBL S-S WX SPD DR
================================================================================
1 58 29 44 1 21 0 0.00 M M 6.1 12 120 M M 0 14 30
2 60 26 43 0 22 0 0.00 M M 4.5 15 240 M M 0 19 260
3 54 32 43 0 22 0 0.12 M M 10.4 28 230 M M 4 1 36 220
4 49 29 39 -4 26 0 0.00 M M 7.3 23 360 M M 3 30 360
5 50 29 40 -3 25 0 0.00 M M 7.5 21 350 M M 0 29 350
6 49 27 38 -5 27 0 0.00 M M 10.8 29 200 M M 0 38 210
7 46 30 38 -5 27 0 0.08 M M 11.6 32 210 M M 6 1 46 210
8 41 24 33 -11 32 0 0.00 M M 10.5 23 10 M M 0 30 10
9 51 19 35 -9 30 0 0.00 M M 5.8 14 260 M M 0 19 250
10 49 20 35 -9 30 0 0.00 M M 9.3 23 190 M M 0 30 200
11 43 25 34 -10 31 0 0.04 M M 14.3 37 230 M M 3 1 50 220
12 49 19 34 -10 31 0 0.00 M M 7.0 21 250 M M 0 24 240
13 54 24 39 -5 26 0 0.00 M M 7.6 20 240 M M 1 25 250
14 57 30 44 0 21 0 0.00 M M 5.8 16 250 M M 0 20 260
15 57 26 42 -2 23 0 0.00 M M 4.3 10 10 M M 0 14 360
16 60 27 44 0 21 0 0.00 M M 4.4 10 120 M M 0 12 120
17 62 35 49 5 16 0 0.00 M M 8.7 23 230 M M 1 31 240
18 66 32 49 5 16 0 0.00 M M 5.6 15 10 M M 0 18 10
19 64 36 50 6 15 0 0.00 M M 3.9 10 210 M M 0 13 240
20 63 40 52 8 13 0 T M M 9.3 20 240 M M 5 26 240
21 51 44 48 3 17 0 0.39 M M 6.4 16 260 M M 10 1 20 250
22 50 41 46 1 19 0 0.08 M M 5.1 24 150 M M 9 29 150
23 54 43 49 4 16 0 T M M 5.6 15 360 M M 9 1 18 340
24 57 35 46 1 19 0 0.00 M M 4.6 13 230 M M 3 15 220
25 56 36 46 1 19 0 0.00 M M 8.3 23 250 M M 6 29 240
26 56 34 45 0 20 0 0.00 M M 8.6 18 10 M M 0 26 20
27 62 33 48 3 17 0 0.00 M M 8.9 17 40 M M 0 23 20
28 66 39 53 8 12 0 0.00 M M 6.3 17 10 M M 0 23 360
29 69 40 55 10 10 0 0.00 M M 3.9 12 140 M M 0 13 10
30 71 38 55 10 10 0 0.00 M M 4.6 14 260 M M 0 17 250
31 70 37 54 9 11 0 0.00 M M 7.1 24 230 M M 2 33 220
================================================================================
SM 1744 979 645 0 0.71 M 224.1 M 62
================================================================================
AV 56.3 31.6 7.2 FASTST M M 2 MAX(MPH)
MISC ----> 37 230 50 220
================================================================================
NOTES:
# LAST OF SEVERAL OCCURRENCES
COLUMN 17 PEAK WIND IN M.P.H.
PRELIMINARY LOCAL CLIMATOLOGICAL DATA (WS FORM: F-6) , PAGE 2
STATION: KINGMAN AZ
MONTH: JANUARY
YEAR: 2024
LATITUDE: 35 16 N
LONGITUDE: 113 57 W
[TEMPERATURE DATA] [PRECIPITATION DATA] SYMBOLS USED IN COLUMN 16
AVERAGE MONTHLY: 43.9 TOTAL FOR MONTH: 0.71 1 = FOG OR MIST
DPTR FM NORMAL: -0.3 DPTR FM NORMAL: -0.27 2 = FOG REDUCING VISIBILITY
HIGHEST: 71 ON 30 GRTST 24HR 0.39 ON 21-21 TO 1/4 MILE OR LESS
LOWEST: 19 ON 12, 9 3 = THUNDER
SNOW, ICE PELLETS, HAIL 4 = ICE PELLETS
TOTAL MONTH: M 5 = HAIL
GRTST 24HR M ON M 6 = FREEZING RAIN OR DRIZZLE
GRTST DEPTH: M ON M 7 = DUSTSTORM OR SANDSTORM:
VSBY 1/2 MILE OR LESS
8 = SMOKE OR HAZE
[NO. OF DAYS WITH] [WEATHER - DAYS WITH] 9 = BLOWING SNOW
X = TORNADO
MAX 32 OR BELOW: 0 0.01 INCH OR MORE: 5
MAX 90 OR ABOVE: 0 0.10 INCH OR MORE: 2
MIN 32 OR BELOW: 17 0.50 INCH OR MORE: 0
MIN 0 OR BELOW: 0 1.00 INCH OR MORE: 0
[HDD (BASE 65) ]
TOTAL THIS MO. 645 CLEAR (SCALE 0-3) 24
DPTR FM NORMAL -1 PTCLDY (SCALE 4-7) 4
TOTAL FM JUL 1 1669 CLOUDY (SCALE 8-10) 3
DPTR FM NORMAL -196
[CDD (BASE 65) ]
TOTAL THIS MO. 0
DPTR FM NORMAL 0 [PRESSURE DATA]
TOTAL FM JAN 1 0 HIGHEST SLP 30.34 ON 27
DPTR FM NORMAL 0 LOWEST SLP 29.52 ON 11
[REMARKS]
#FINAL-01-24#