000
CXUS55 KBOI 011002
CF6JER
PRELIMINARY LOCAL CLIMATOLOGICAL DATA (WS FORM: F-6)
STATION: JEROME ID
MONTH: OCTOBER
YEAR: 2021
LATITUDE: 42 43 N
LONGITUDE: 114 27 W
TEMPERATURE IN F: :PCPN: SNOW: WIND :SUNSHINE: SKY :PK WND
================================================================================
1 2 3 4 5 6A 6B 7 8 9 10 11 12 13 14 15 16 17 18
12Z AVG MX 2MIN
DY MAX MIN AVG DEP HDD CDD WTR SNW DPTH SPD SPD DIR MIN PSBL S-S WX SPD DR
================================================================================
1 71 38 55 -2 10 0 T M M 5.3 13 90 M M 0 8 16 270
2 72 39 56 -1 9 0 T M M 4.9 9 260 M M 0 8 12 280
3 78 45 62 6 3 0 0.00 M M 7.3 14 120 M M 0 16 80
4 83 46 65 9 0 0 0.00 M M 10.9 20 80 M M 0 26 70
5 84 49 67 12 0 2 T M M 12.1 23 150 M M 0 31 150
6 71 49 60 5 5 0 0.03 M M 5.6 14 160 M M 1 19 310
7 67 47 57 3 8 0 0.26 M M 8.1 21 150 M M 6 1 28 150
8 57 47 52 -2 13 0 0.65 M M 8.3 20 250 M M 8 13 28 240
9 57 43 50 -4 15 0 0.11 M M 18.4 29 270 M M 7 1 37 260
10 60 41 51 -2 14 0 0.05 M M 8.5 21 320 M M 5 27 330
11 45 34 40 -13 25 0 0.22 M M 14.9 30 290 M M 10 12 39 280
12 48 31 40 -12 25 0 0.00 M M 9.4 20 280 M M 4 29 270
13 46 32 39 -13 26 0 T M M 9.1 23 300 M M 5 30 290
14 50 32 41 -11 24 0 0.00 M M 15.7 28 260 M M 1 35 270
15 60 32 46 -5 19 0 0.00 M M 6.9 14 90 M M 0 8 16 90
16 66 35 51 0 14 0 0.00 M M 18.2 25 80 M M 0 36 70
17 74 39 57 7 8 0 0.00 M M 14.8 28 80 M M 0 36 80
18 62 45 54 4 11 0 0.00 M M 9.4 17 120 M M 2 21 120
19 61 42 52 3 13 0 T M M 8.9 16 100 M M 6 21 90
20 65 40 53 4 12 0 0.00 M M 11.0 21 60 M M 1 26 60
21 72 43 58 9 7 0 0.00 M M 7.3 15 90 M M 2 19 100
22 72 44 58 10 7 0 T M M 13.6 26 310 M M 2 37 310
23 57 43 50 2 15 0 0.01 M M 6.6 15 260 M M 6 21 270
24 53 42 48 1 17 0 0.60 M M 12.3 18 100 M M 9 1 25 90
25 52 41 47 0 18 0 0.58 M M 10.4 20 280 M M 10 1 28 260
26 51 37 44 -3 21 0 0.00 M M 13.0 25 270 M M 4 32 260
27 58 40 49 3 16 0 T M M 12.1 30 300 M M 4 39 280
28 65 47 56 10 9 0 0.00 M M 7.2 14 110 M M 5 17 120
29 70 42 56 11 9 0 0.00 M M 8.2 15 50 M M 0 19 70
30 56 43 50 5 15 0 0.00 M M 4.9 13 250 M M 4 18 17 280
31 54 40 47 2 18 0 0.07 M M 3.7 12 160 M M 5 12 14 160
================================================================================
SM 1937 1268 406 2 2.58 M 307.0 M 107
================================================================================
AV 62.5 40.9 9.9 FASTST M M 3 MAX(MPH)
MISC ----> # 30 290 # 39 280
================================================================================
NOTES:
# LAST OF SEVERAL OCCURRENCES
COLUMN 17 PEAK WIND IN M.P.H.
PRELIMINARY LOCAL CLIMATOLOGICAL DATA (WS FORM: F-6) , PAGE 2
STATION: JEROME ID
MONTH: OCTOBER
YEAR: 2021
LATITUDE: 42 43 N
LONGITUDE: 114 27 W
[TEMPERATURE DATA] [PRECIPITATION DATA] SYMBOLS USED IN COLUMN 16
AVERAGE MONTHLY: 51.7 TOTAL FOR MONTH: 2.58 1 = FOG OR MIST
DPTR FM NORMAL: 0.9 DPTR FM NORMAL: 1.81 2 = FOG REDUCING VISIBILITY
HIGHEST: 84 ON 5 GRTST 24HR 0.98 ON 24-25 TO 1/4 MILE OR LESS
LOWEST: 31 ON 12 3 = THUNDER
SNOW, ICE PELLETS, HAIL 4 = ICE PELLETS
TOTAL MONTH: M 5 = HAIL
GRTST 24HR M ON M 6 = FREEZING RAIN OR DRIZZLE
GRTST DEPTH: M ON M 7 = DUSTSTORM OR SANDSTORM:
VSBY 1/2 MILE OR LESS
8 = SMOKE OR HAZE
[NO. OF DAYS WITH] [WEATHER - DAYS WITH] 9 = BLOWING SNOW
X = TORNADO
MAX 32 OR BELOW: 0 0.01 INCH OR MORE: 10
MAX 90 OR ABOVE: 0 0.10 INCH OR MORE: 6
MIN 32 OR BELOW: 4 0.50 INCH OR MORE: 3
MIN 0 OR BELOW: 0 1.00 INCH OR MORE: 0
[HDD (BASE 65) ]
TOTAL THIS MO. 406 CLEAR (SCALE 0-3) 15
DPTR FM NORMAL -40 PTCLDY (SCALE 4-7) 12
TOTAL FM JUL 1 521 CLOUDY (SCALE 8-10) 4
DPTR FM NORMAL -68
[CDD (BASE 65) ]
TOTAL THIS MO. 2
DPTR FM NORMAL -2 [PRESSURE DATA]
TOTAL FM JAN 1 990 HIGHEST SLP 30.41 ON 15
DPTR FM NORMAL 275 LOWEST SLP 29.52 ON 25
[REMARKS]
#FINAL-10-21#