000
CXUS53 KLBF 011410
CF6LBF
PRELIMINARY LOCAL CLIMATOLOGICAL DATA (WS FORM: F-6)
STATION: NORTH PLATTE
MONTH: MAY
YEAR: 2023
LATITUDE: 41 7 N
LONGITUDE: 100 41 W
TEMPERATURE IN F: :PCPN: SNOW: WIND :SUNSHINE: SKY :PK WND
================================================================================
1 2 3 4 5 6A 6B 7 8 9 10 11 12 13 14 15 16 17 18
12Z AVG MX 2MIN
DY MAX MIN AVG DEP HDD CDD WTR SNW DPTH SPD SPD DIR MIN PSBL S-S WX SPD DR
================================================================================
1 69 21 45 -7 20 0 0.00 0.0 0 5.5 16 320 M M 0 23 310
2 70 26 48 -5 17 0 0.00 0.0 0 3.9 12 30 M M 0 16 20
3 81 30 56 3 9 0 0.00 0.0 0 9.5 22 160 M M 1 29 180
4 84 45 65 11 0 0 1.47 0.0 0 10.2 35 320 M M 3 13 45 310
5 79 51 65 11 0 0 0.69 0.0 0 9.6 38 250 M M 4 13 55 240
6 75 45 60 6 5 0 T 0.0 0 5.2 17 290 M M 2 12 23 250
7 78 47 63 8 2 0 0.01 0.0 0 11.3 31 360 M M 3 3 39 360
8 79 42 61 6 4 0 T 0.0 0 5.2 15 160 M M 1 1 22 290
9 73 53 63 7 2 0 0.19 0.0 0 13.1 32 110 M M 4 138 42 120
10 73 52 63 7 2 0 1.07 0.0 0 12.1 40 170 M M 7 13 61 160
11 77 53 65 9 0 0 0.72 0.0 0 14.2 35 220 M M 6 13 47 100
12 70 53 62 5 3 0 1.33 0.0 0 12.2 25 50 M M 8 13 34 40
13 71 56 64 7 1 0 T 0.0 0 12.5 22 320 M M 8 29 330
14 59 53 56 -2 9 0 T 0.0 0 11.6 20 20 M M 10 1 26 20
15 57 44 51 -7 14 0 0.02 0.0 0 8.4 18 30 M M 10 1 26 50
16 75 40 58 0 7 0 0.00 0.0 0 3.4 8 90 M M 4 12 13 270
17 80 41 61 2 4 0 0.10 0.0 0 5.7 25 330 M M 1 13 40 360
18 73 49 61 2 4 0 0.00 0.0 0 6.4 17 350 M M 7 18 24 350
19 66 45 56 -4 9 0 0.00 0.0 0 9.7 24 30 M M 3 8 30 20
20 73 36 55 -5 10 0 0.00 0.0 0 4.6 14 200 M M 0 1 19 200
21 79 47 63 2 2 0 0.00 0.0 0 7.4 16 180 M M 2 22 190
22 79 55 67 6 0 2 0.00 0.0 0 7.0 16 130 M M 1 26 180
23 77 56 67 6 0 2 0.00 0.0 0 6.9 14 160 M M 3 1 20 170
24 78 56 67 5 0 2 0.00 0.0 0 9.6 20 120 M M 3 18 28 130
25 75 54 65 3 0 0 T 0.0 0 10.7 23 170 M M 5 1 33 170
26 70 59 65 2 0 0 1.16 0.0 0 10.9 22 120 M M 8 13 35 150
27 77 55 66 3 0 1 T 0.0 0 12.7 26 160 M M 4 13 39 160
28 75 58 67 3 0 2 0.67 0.0 0 9.1 26 160 M M 5 13 36 160
29 84 60 72 8 0 7 0.12 0.0 0 7.8 33 260 M M 4 13 46 250
30 84 55 70 6 0 5 T 0.0 0 5.8 38 310 M M 1 3 56 310
31 82 57 70 5 0 5 0.00 0.0 0 6.4 16 170 M M 0 23 290
================================================================================
SM 2322 1494 124 26 7.55 0.0 268.6 M 118
================================================================================
AV 74.9 48.2 8.7 FASTST M M 4 MAX(MPH)
MISC ----> 40 170 61 160
================================================================================
NOTES:
# LAST OF SEVERAL OCCURRENCES
COLUMN 17 PEAK WIND IN M.P.H.
PRELIMINARY LOCAL CLIMATOLOGICAL DATA (WS FORM: F-6) , PAGE 2
STATION: NORTH PLATTE
MONTH: MAY
YEAR: 2023
LATITUDE: 41 7 N
LONGITUDE: 100 41 W
[TEMPERATURE DATA] [PRECIPITATION DATA] SYMBOLS USED IN COLUMN 16
AVERAGE MONTHLY: 61.5 TOTAL FOR MONTH: 7.55 1 = FOG OR MIST
DPTR FM NORMAL: 3.0 DPTR FM NORMAL: 4.20 2 = FOG REDUCING VISIBILITY
HIGHEST: 84 ON 30,29 GRTST 24HR 2.06 ON 4- 5 TO 1/4 MILE OR LESS
LOWEST: 21 ON 1 3 = THUNDER
SNOW, ICE PELLETS, HAIL 4 = ICE PELLETS
TOTAL MONTH: 0.0 INCH 5 = HAIL
GRTST 24HR 0.0 6 = FREEZING RAIN OR DRIZZLE
GRTST DEPTH: 0 7 = DUSTSTORM OR SANDSTORM:
VSBY 1/2 MILE OR LESS
8 = SMOKE OR HAZE
[NO. OF DAYS WITH] [WEATHER - DAYS WITH] 9 = BLOWING SNOW
X = TORNADO
MAX 32 OR BELOW: 0 0.01 INCH OR MORE: 12
MAX 90 OR ABOVE: 0 0.10 INCH OR MORE: 10
MIN 32 OR BELOW: 3 0.50 INCH OR MORE: 7
MIN 0 OR BELOW: 0 1.00 INCH OR MORE: 4
[HDD (BASE 65) ]
TOTAL THIS MO. 124 CLEAR (SCALE 0-3) 15
DPTR FM NORMAL -113 PTCLDY (SCALE 4-7) 13
TOTAL FM JUL 1 6522 CLOUDY (SCALE 8-10) 3
DPTR FM NORMAL 190
[CDD (BASE 65) ]
TOTAL THIS MO. 26
DPTR FM NORMAL -9 [PRESSURE DATA]
TOTAL FM JAN 1 42 HIGHEST SLP 30.41 ON 14
DPTR FM NORMAL 5 LOWEST SLP 29.59 ON 4
[REMARKS]
#FINAL-05-23#