000
CXUS56 KMFR 011000
CF6LMT
PRELIMINARY LOCAL CLIMATOLOGICAL DATA (WS FORM: F-6)
STATION: KLAMATH FALLS OR
MONTH: JULY
YEAR: 2020
LATITUDE: 42 9 N
LONGITUDE: 121 44 W
TEMPERATURE IN F: :PCPN: SNOW: WIND :SUNSHINE: SKY :PK WND
================================================================================
1 2 3 4 5 6A 6B 7 8 9 10 11 12 13 14 15 16 17 18
12Z AVG MX 2MIN
DY MAX MIN AVG DEP HDD CDD WTR SNW DPTH SPD SPD DIR MIN PSBL S-S WX SPD DR
================================================================================
1 76 34 55 -8 10 0 0.00 M M 7.4 23 330 M M 0 34 340
2 80 32 56 -7 9 0 0.00 M M 4.4 18 330 M M 0 22 330
3 81 42 62 -2 3 0 0.00 M M 5.3 21 280 M M 0 25 250
4 79 41 60 -4 5 0 0.00 M M 6.5 22 330 M M 0 12 27 340
5 82 39 61 -3 4 0 0.00 M M 5.7 21 340 M M 0 26 320
6 82 39 61 -3 4 0 0.00 M M 7.1 25 280 M M 0 30 290
7 75 35 55 -10 10 0 0.00 M M 7.3 21 330 M M 0 25 330
8 81 36 59 -6 6 0 0.00 M M 5.8 20 320 M M 0 1 24 320
9 83 41 62 -3 3 0 0.00 M M 6.3 20 290 M M 0 27 290
10 87 42 65 0 0 0 0.00 M M 3.8 18 320 M M 0 1 21 320
11 90 45 68 2 0 3 0.00 M M 7.3 21 280 M M 0 29 270
12 85 41 63 -3 2 0 0.00 M M 6.7 26 330 M M 0 30 330
13 85 47 66 0 0 1 0.00 M M 6.9 21 330 M M 0 23 340
14 87 47 67 1 0 2 0.00 M M 6.8 17 330 M M 0 20 340
15 91 48 70 4 0 5 0.00 M M 6.6 17 330 M M 0 21 330
16 92 49 71 4 0 6 0.00 M M 6.4 20 340 M M 0 24 330
17 91 48 70 3 0 5 0.00 M M 6.8 24 340 M M 0 30 340
18 94 49 72 5 0 7 0.00 M M 5.9 22 330 M M 0 26 350
19 94 50 72 5 0 7 0.00 M M 4.8 23 340 M M 0 28 350
20 95 51 73 6 0 8 0.00 M M 5.8 21 340 M M 0 26 330
21 96 49 73 6 0 8 0.00 M M 5.7 25 330 M M 0 29 330
22 91 52 72 5 0 7 0.00 M M 5.6 20 210 M M 0 8 26 210
23 83 51 67 0 0 2 0.00 M M 7.3 22 340 M M 1 27 280
24 87 45 66 -1 0 1 0.00 M M 5.4 20 330 M M 0 27 320
25 89 45 67 0 0 2 0.00 M M 4.7 18 330 M M 0 22 330
26 94 54 74 7 0 9 0.00 M M 8.3 22 280 M M 1 28 220
27 92 57 75 8 0 10 T M M 5.5 23 150 M M 2 38 34 150
28 91 53 72 5 0 7 0.00 M M 4.6 17 330 M M 1 8 22 330
29 93 52 73 6 0 8 0.00 M M 4.6 13 220 M M 0 8 16 210
30 92 48 70 3 0 5 0.00 M M 6.0 18 180 M M 0 8 22 190
31 90 48 69 2 0 4 0.00 M M 4.2 18 310 M M 0 23 320
================================================================================
SM 2708 1410 56 107 T M 185.5 M 5
================================================================================
AV 87.4 45.5 6.0 FASTST M M 0 MAX(MPH)
MISC ----> # 26 330 # 34 340
================================================================================
NOTES:
# LAST OF SEVERAL OCCURRENCES
COLUMN 17 PEAK WIND IN M.P.H.
PRELIMINARY LOCAL CLIMATOLOGICAL DATA (WS FORM: F-6) , PAGE 2
STATION: KLAMATH FALLS OR
MONTH: JULY
YEAR: 2020
LATITUDE: 42 9 N
LONGITUDE: 121 44 W
[TEMPERATURE DATA] [PRECIPITATION DATA] SYMBOLS USED IN COLUMN 16
AVERAGE MONTHLY: 66.4 TOTAL FOR MONTH: T 1 = FOG OR MIST
DPTR FM NORMAL: 0.4 DPTR FM NORMAL: -0.48 2 = FOG REDUCING VISIBILITY
HIGHEST: 96 ON 21 GRTST 24HR T ON 27-27 TO 1/4 MILE OR LESS
LOWEST: 32 ON 2 3 = THUNDER
SNOW, ICE PELLETS, HAIL 4 = ICE PELLETS
TOTAL MONTH: M 5 = HAIL
GRTST 24HR M ON M 6 = FREEZING RAIN OR DRIZZLE
GRTST DEPTH: M ON M 7 = DUSTSTORM OR SANDSTORM:
VSBY 1/2 MILE OR LESS
8 = SMOKE OR HAZE
[NO. OF DAYS WITH] [WEATHER - DAYS WITH] 9 = BLOWING SNOW
X = TORNADO
MAX 32 OR BELOW: 0 0.01 INCH OR MORE: 0
MAX 90 OR ABOVE: 15 0.10 INCH OR MORE: 0
MIN 32 OR BELOW: 1 0.50 INCH OR MORE: 0
MIN 0 OR BELOW: 0 1.00 INCH OR MORE: 0
[HDD (BASE 65) ]
TOTAL THIS MO. 56 CLEAR (SCALE 0-3) 31
DPTR FM NORMAL 6 PTCLDY (SCALE 4-7) 0
TOTAL FM JUL 1 56 CLOUDY (SCALE 8-10) 0
DPTR FM NORMAL 6
[CDD (BASE 65) ]
TOTAL THIS MO. 107
DPTR FM NORMAL 25 [PRESSURE DATA]
TOTAL FM JAN 1 158 HIGHEST SLP 30.25 ON 4
DPTR FM NORMAL 64 LOWEST SLP 29.91 ON 29
[REMARKS]
#FINAL-07-20#