000
CXUS56 KMFR 011000
CF6LMT
PRELIMINARY LOCAL CLIMATOLOGICAL DATA (WS FORM: F-6)
STATION: KLAMATH FALLS OR
MONTH: JUNE
YEAR: 2020
LATITUDE: 42 9 N
LONGITUDE: 121 44 W
TEMPERATURE IN F: :PCPN: SNOW: WIND :SUNSHINE: SKY :PK WND
================================================================================
1 2 3 4 5 6A 6B 7 8 9 10 11 12 13 14 15 16 17 18
12Z AVG MX 2MIN
DY MAX MIN AVG DEP HDD CDD WTR SNW DPTH SPD SPD DIR MIN PSBL S-S WX SPD DR
================================================================================
1 71 46 59 5 6 0 0.00 M M 3.4 17 330 M M 4 21 330
2 82 40 61 7 4 0 0.00 M M 4.9 18 330 M M 0 8 23 340
3 84 43 64 9 1 0 0.00 M M 7.4 22 280 M M 0 29 280
4 81 40 61 6 4 0 0.00 M M 5.4 18 330 M M 0 21 300
5 76 43 60 5 5 0 0.00 M M 8.3 22 300 M M 2 27 320
6 60 33 47 -8 18 0 0.06 M M 12.7 36 280 M M 5 43 280
7 51 34 43 -13 22 0 0.03 M M 11.8 24 290 M M 4 31 280
8 64 30 47 -9 18 0 0.00 M M 5.7 17 270 M M 4 21 270
9 75 35 55 -1 10 0 0.00 M M 5.9 20 230 M M 0 24 230
10 80 37 59 3 6 0 T M M 6.5 23 170 M M 2 38 29 200
11 81 44 63 6 2 0 0.00 M M 7.8 24 190 M M 1 1 31 190
12 72 44 58 1 7 0 0.00 M M 8.7 28 270 M M 3 8 35 280
13 59 43 51 -6 14 0 0.02 M M 10.4 20 310 M M 9 27 260
14 69 40 55 -3 10 0 0.00 M M 6.9 18 250 M M 4 24 280
15 62 43 53 -5 12 0 T M M 9.2 18 280 M M 8 25 250
16 58 35 47 -11 18 0 0.07 M M 8.7 24 330 M M 6 30 330
17 71 27 49 -9 16 0 0.00 M M 4.1 15 90 M M 0 8 19 80
18 80 41 61 2 4 0 0.00 M M 5.5 14 340 M M 0 8 18 50
19 85 41 63 4 2 0 0.00 M M 5.0 21 330 M M 0 25 330
20 85 53 69 10 0 4 0.00 M M 7.3 20 290 M M 1 26 290
21 84 47 66 6 0 1 0.00 M M 5.0 18 330 M M 1 22 330
22 91 46 69 9 0 4 0.00 M M 5.4 13 320 M M 0 20 290
23 96 54 75 15 0 10 0.00 M M 7.8 23 330 M M 0 28 330
24 86 53 70 9 0 5 0.00 M M 7.9 21 330 M M 1 26 310
25 90 47 69 8 0 4 0.00 M M 6.8 16 320 M M 0 19 330
26 95 54 75 14 0 10 0.00 M M 6.8 18 340 M M 0 24 310
27 83 48 66 4 0 1 0.00 M M 8.6 26 350 M M 0 1 31 330
28 63 37 50 -12 15 0 0.00 M M 14.5 30 340 M M 4 37 340
29 73 41 57 -5 8 0 0.00 M M 9.8 25 330 M M 2 31 340
30 75 36 56 -7 9 0 0.00 M M 8.6 22 330 M M 0 8 30 280
================================================================================
SM 2282 1255 211 39 0.18 M 226.8 M 61
================================================================================
AV 76.1 41.8 7.6 FASTST M M 2 MAX(MPH)
MISC ----> # 36 280 # 43 280
================================================================================
NOTES:
# LAST OF SEVERAL OCCURRENCES
COLUMN 17 PEAK WIND IN M.P.H.
PRELIMINARY LOCAL CLIMATOLOGICAL DATA (WS FORM: F-6) , PAGE 2
STATION: KLAMATH FALLS OR
MONTH: JUNE
YEAR: 2020
LATITUDE: 42 9 N
LONGITUDE: 121 44 W
[TEMPERATURE DATA] [PRECIPITATION DATA] SYMBOLS USED IN COLUMN 16
AVERAGE MONTHLY: 59.0 TOTAL FOR MONTH: 0.18 1 = FOG OR MIST
DPTR FM NORMAL: 0.7 DPTR FM NORMAL: -0.86 2 = FOG REDUCING VISIBILITY
HIGHEST: 96 ON 23 GRTST 24HR 0.07 ON 16-16 TO 1/4 MILE OR LESS
LOWEST: 27 ON 17 3 = THUNDER
SNOW, ICE PELLETS, HAIL 4 = ICE PELLETS
TOTAL MONTH: M 5 = HAIL
GRTST 24HR M ON M 6 = FREEZING RAIN OR DRIZZLE
GRTST DEPTH: M ON M 7 = DUSTSTORM OR SANDSTORM:
VSBY 1/2 MILE OR LESS
8 = SMOKE OR HAZE
[NO. OF DAYS WITH] [WEATHER - DAYS WITH] 9 = BLOWING SNOW
X = TORNADO
MAX 32 OR BELOW: 0 0.01 INCH OR MORE: 4
MAX 90 OR ABOVE: 4 0.10 INCH OR MORE: 0
MIN 32 OR BELOW: 2 0.50 INCH OR MORE: 0
MIN 0 OR BELOW: 0 1.00 INCH OR MORE: 0
[HDD (BASE 65) ]
TOTAL THIS MO. 211 CLEAR (SCALE 0-3) 21
DPTR FM NORMAL -6 PTCLDY (SCALE 4-7) 8
TOTAL FM JUL 1 6665 CLOUDY (SCALE 8-10) 1
DPTR FM NORMAL -308
[CDD (BASE 65) ]
TOTAL THIS MO. 39
DPTR FM NORMAL 28 [PRESSURE DATA]
TOTAL FM JAN 1 51 HIGHEST SLP 30.14 ON 29
DPTR FM NORMAL 39 LOWEST SLP 29.98 ON 28
[REMARKS]
#FINAL-06-20#