000
CXUS52 KMHX 010700
CF6MRH
PRELIMINARY LOCAL CLIMATOLOGICAL DATA (WS FORM: F-6)
STATION: BEAUFORT/SMITH FIELD NC
MONTH: MARCH
YEAR: 2020
LATITUDE: 34 43 N
LONGITUDE: 76 39 W
TEMPERATURE IN F: :PCPN: SNOW: WIND :SUNSHINE: SKY :PK WND
================================================================================
1 2 3 4 5 6A 6B 7 8 9 10 11 12 13 14 15 16 17 18
12Z AVG MX 2MIN
DY MAX MIN AVG DEP HDD CDD WTR SNW DPTH SPD SPD DIR MIN PSBL S-S WX SPD DR
================================================================================
1 50 32 41 -9 24 0 0.00 0.0 0 7.6 16 340 M M 0 19 330
2 65 36 51 1 14 0 0.00 0.0 0 8.3 18 200 M M 1 24 190
3 64 55 60 10 5 0 0.16 0.0 0 13.8 24 230 M M 4 1 34 240
4 63 53 58 8 7 0 0.08 0.0 0 6.2 13 290 M M 6 1 18 250
5 54 48 51 1 14 0 1.16 0.0 0 9.2 21 10 M M 10 1 26 10
6 61 46 54 3 11 0 0.30 M 0 18.9 30 300 M M 9 1 36 300
7 55 40 48 -3 17 0 0.00 0.0 0 15.6 28 330 M M 0 36 340
8 58 32 45 -6 20 0 0.00 0.0 0 5.0 13 50 M M 0 17 50
9 66 36 51 0 14 0 0.00 0.0 0 7.0 17 220 M M 1 22 220
10 71 52 62 10 3 0 0.00 0.0 0 11.0 24 220 M M 4 31 210
11 71 55 63 11 2 0 T 0.0 0 8.6 17 220 M M 4 21 210
12 72 55 64 12 1 0 0.00 0.0 0 6.6 14 220 M M 1 1 16 220
13 71 60 66 14 0 1 T 0.0 0 12.7 23 210 M M 2 29 220
14 66 57 62 9 3 0 0.00 0.0 0 9.9 20 50 M M 2 28 50
15 58 49 54 1 11 0 0.18 M 0 14.6 23 20 M M 10 1 32 30
16 65 46 56 3 9 0 T M 0 12.7 18 10 M M 5 28 20
17 60 48 54 1 11 0 0.17 M 0 4.4 14 310 M M 8 1 16 310
18 71 53 62 8 3 0 0.00 0.0 0 8.8 16 60 M M 5 1 22 50
19 75 53 64 10 1 0 T 0.0 0 9.7 20 210 M M 2 1 24 210
20 75 64 70 16 0 5 0.00 0.0 0 15.1 26 220 M M 2 34 220
21 75 54 65 11 0 0 0.00 0.0 0 10.5 21 20 M M 7 1 28 30
22 58 52 55 0 10 0 T 0.0 0 15.4 26 20 M M 10 36 30
23 68 53 61 6 4 0 0.01 0.0 0 9.0 21 290 M M 7 1 26 290
24 63 52 58 3 7 0 0.24 0.0 0 10.2 17 90 M M 10 1 26 70
25 66 51 59 4 6 0 0.18 0.0 0 13.1 28 330 M M 9 1 34 340
26 61 48 55 -1 10 0 0.00 0.0 0 8.8 15 10 M M 5 20 60
27 74 57 66 10 0 1 0.00 0.0 0 10.7 20 220 M M 1 1 25 240
28 75 62 69 13 0 4 0.00 0.0 0 11.4 23 210 M M 4 12 30 210
29 73 65 69 13 0 4 0.00 0.0 0 16.1 24 220 M M 5 12 33 230
30 81 63 72 15 0 7 0.00 0.0 0 8.8 18 230 M M 0 24 230
31 67 51 59 2 6 0 0.85 0.0 0 15.0 25 20 M M 4 1 40 40
================================================================================
SM 2052 1578 213 22 3.33 0.0 334.7 M 138
================================================================================
AV 66.2 50.9 10.8 FASTST M M 4 MAX(MPH)
MISC ----> # 30 300 # 40 40
================================================================================
NOTES:
# LAST OF SEVERAL OCCURRENCES
COLUMN 17 PEAK WIND IN M.P.H.
PRELIMINARY LOCAL CLIMATOLOGICAL DATA (WS FORM: F-6) , PAGE 2
STATION: BEAUFORT/SMITH FIELD NC
MONTH: MARCH
YEAR: 2020
LATITUDE: 34 43 N
LONGITUDE: 76 39 W
[TEMPERATURE DATA] [PRECIPITATION DATA] SYMBOLS USED IN COLUMN 16
AVERAGE MONTHLY: 58.6 TOTAL FOR MONTH: 3.33 1 = FOG OR MIST
DPTR FM NORMAL: 5.4 DPTR FM NORMAL: -0.87 2 = FOG REDUCING VISIBILITY
HIGHEST: 81 ON 30 GRTST 24HR 1.16 ON 5- 5 TO 1/4 MILE OR LESS
LOWEST: 32 ON 8, 1 3 = THUNDER
SNOW, ICE PELLETS, HAIL 4 = ICE PELLETS
TOTAL MONTH: 0.0 INCH 5 = HAIL
GRTST 24HR 0.0 6 = FREEZING RAIN OR DRIZZLE
GRTST DEPTH: 0 7 = DUSTSTORM OR SANDSTORM:
VSBY 1/2 MILE OR LESS
8 = SMOKE OR HAZE
[NO. OF DAYS WITH] [WEATHER - DAYS WITH] 9 = BLOWING SNOW
X = TORNADO
MAX 32 OR BELOW: 0 0.01 INCH OR MORE: 10
MAX 90 OR ABOVE: 0 0.10 INCH OR MORE: 8
MIN 32 OR BELOW: 2 0.50 INCH OR MORE: 2
MIN 0 OR BELOW: 0 1.00 INCH OR MORE: 1
[HDD (BASE 65) ]
TOTAL THIS MO. 213 CLEAR (SCALE 0-3) 12
DPTR FM NORMAL -156 PTCLDY (SCALE 4-7) 13
TOTAL FM JUL 1 1698 CLOUDY (SCALE 8-10) 6
DPTR FM NORMAL -675
[CDD (BASE 65) ]
TOTAL THIS MO. 22
DPTR FM NORMAL 20 [PRESSURE DATA]
TOTAL FM JAN 1 32 HIGHEST SLP M ON M
DPTR FM NORMAL 30 LOWEST SLP 29.37 ON 31
[REMARKS]
#FINAL-03-20#