000
CXUS53 KPAH 012015
CF6PAH
PRELIMINARY LOCAL CLIMATOLOGICAL DATA (WS FORM: F-6)
STATION: PADUCAH KY
MONTH: DECEMBER
YEAR: 2021
LATITUDE: 37 4 N
LONGITUDE: 88 46 W
TEMPERATURE IN F: :PCPN: SNOW: WIND :SUNSHINE: SKY :PK WND
================================================================================
1 2 3 4 5 6A 6B 7 8 9 10 11 12 13 14 15 16 17 18
12Z AVG MX 2MIN
DY MAX MIN AVG DEP HDD CDD WTR SNW DPTH SPD SPD DIR MIN PSBL S-S WX SPD DR
================================================================================
1 59 44 52 9 13 0 0.08 0.0 0 3.9 10 240 M M 2 13 17 230
2 72 43 58 15 7 0 0.00 0.0 0 4.2 14 240 M M 0 1 20 230
3 73 39 56 14 9 0 0.00 0.0 0 2.7 10 210 M M 0 16 230
4 63 45 54 12 11 0 0.00 0.0 0 7.3 16 30 M M 2 8 23 20
5 67 48 58 16 7 0 0.37 0.0 0 8.9 17 230 M M 10 138 34 180
6 67 27 47 5 18 0 0.91 0.0 0 8.7 26 330 M M 3 13 42 330
7 40 26 33 -8 32 0 0.00 0.0 0 4.6 12 120 M M 2 16 120
8 51 27 39 -2 26 0 0.00 0.0 0 1.8 8 290 M M 1 12 290
9 60 31 46 5 19 0 0.00 0.0 0 6.3 17 190 M M 5 18 29 190
10 73 54 64 23 1 0 0.67 0.0 0 M 25 190 M M 9 138 51 190
11 70 29 50 10 15 0 0.02 0.0 0 M M M M M 3 138 M M
12 51 25 38 -2 27 0 0.00 0.0 0 2.7 10 180 M M 0 16 190
13 57 28 43 3 22 0 0.00 0.0 0 3.5 12 230 M M 0 18 250
14 69 44 57 17 8 0 T 0.0 0 5.2 13 180 M M 8 20 170
15 66 60 63 23 2 0 0.00 0.0 0 11.4 18 190 M M 9 33 190
16 66 45 56 17 9 0 0.36 0.0 0 8.4 21 190 M M 9 1238 44 200
17 49 42 46 7 19 0 1.11 0.0 0 6.0 14 100 M M 9 1 20 90
18 59 38 49 10 16 0 0.28 0.0 0 8.1 22 320 M M 10 1 28 320
19 44 27 36 -3 29 0 0.00 0.0 0 5.2 14 30 M M 5 20 40
20 48 22 35 -4 30 0 0.00 0.0 0 1.2 7 90 M M 1 18 9 100
21 51 26 39 1 26 0 0.00 0.0 0 3.1 10 220 M M 0 18 15 220
22 46 27 37 -1 28 0 0.00 0.0 0 4.6 14 10 M M 0 19 350
23 58 26 42 4 23 0 0.00 0.0 0 6.1 14 220 M M 4 23 210
24 70 55 63 25 2 0 0.00 0.0 0 10.4 22 230 M M 7 43 230
25 74 50 62 24 3 0 0.00 0.0 0 10.1 23 220 M M 5 1 41 220
26 67 43 55 17 10 0 0.00 0.0 0 6.2 14 190 M M 8 128 25 180
27 71 55 63 26 2 0 0.08 0.0 0 8.6 17 230 M M 8 28 240
28 71 52 62 25 3 0 0.51 0.0 0 8.0 22 220 M M 10 13 38 210
29 57 46 52 15 13 0 0.16 0.0 0 5.4 13 50 M M 10 1 16 50
30 53 46 50 13 15 0 0.00 0.0 0 1.4 8 210 M M 10 12 12 230
31 69 48 59 22 6 0 0.10 0.0 0 4.5 16 220 M M 8 18 29 210
================================================================================
SM 1891 1218 451 0 4.65 0.0 168.5 M 158
================================================================================
AV 61.0 39.3 5.8 FASTST M M 5 MAX(MPH)
MISC ----> 26 330 51 190
================================================================================
NOTES:
# LAST OF SEVERAL OCCURRENCES
COLUMN 17 PEAK WIND IN M.P.H.
PRELIMINARY LOCAL CLIMATOLOGICAL DATA (WS FORM: F-6) , PAGE 2
STATION: PADUCAH KY
MONTH: DECEMBER
YEAR: 2021
LATITUDE: 37 4 N
LONGITUDE: 88 46 W
[TEMPERATURE DATA] [PRECIPITATION DATA] SYMBOLS USED IN COLUMN 16
AVERAGE MONTHLY: 50.1 TOTAL FOR MONTH: 4.65 1 = FOG OR MIST
DPTR FM NORMAL: 10.6 DPTR FM NORMAL: 0.35 2 = FOG REDUCING VISIBILITY
HIGHEST: 74 ON 25 GRTST 24HR 1.36 ON 17-18 TO 1/4 MILE OR LESS
LOWEST: 22 ON 20 3 = THUNDER
SNOW, ICE PELLETS, HAIL 4 = ICE PELLETS
TOTAL MONTH: 0.0 INCH 5 = HAIL
GRTST 24HR 0.0 6 = FREEZING RAIN OR DRIZZLE
GRTST DEPTH: 0 7 = DUSTSTORM OR SANDSTORM:
VSBY 1/2 MILE OR LESS
8 = SMOKE OR HAZE
[NO. OF DAYS WITH] [WEATHER - DAYS WITH] 9 = BLOWING SNOW
X = TORNADO
MAX 32 OR BELOW: 0 0.01 INCH OR MORE: 12
MAX 90 OR ABOVE: 0 0.10 INCH OR MORE: 9
MIN 32 OR BELOW: 12 0.50 INCH OR MORE: 4
MIN 0 OR BELOW: 0 1.00 INCH OR MORE: 1
[HDD (BASE 65) ]
TOTAL THIS MO. 451 CLEAR (SCALE 0-3) 13
DPTR FM NORMAL -340 PTCLDY (SCALE 4-7) 6
TOTAL FM JUL 1 1160 CLOUDY (SCALE 8-10) 12
DPTR FM NORMAL -387
[CDD (BASE 65) ]
TOTAL THIS MO. 0
DPTR FM NORMAL 0 [PRESSURE DATA]
TOTAL FM JAN 1 1760 HIGHEST SLP 30.38 ON 12
DPTR FM NORMAL 77 LOWEST SLP 29.49 ON 11
[REMARKS]
#FINAL-12-21#