000
CXUS53 KPAH 010700
CF6POF
PRELIMINARY LOCAL CLIMATOLOGICAL DATA (WS FORM: F-6)
STATION: POPLAR BLUFF MO
MONTH: OCTOBER
YEAR: 2021
LATITUDE: 36 46 N
LONGITUDE: 90 19 W
TEMPERATURE IN F: :PCPN: SNOW: WIND :SUNSHINE: SKY :PK WND
================================================================================
1 2 3 4 5 6A 6B 7 8 9 10 11 12 13 14 15 16 17 18
12Z AVG MX 2MIN
DY MAX MIN AVG DEP HDD CDD WTR SNW DPTH SPD SPD DIR MIN PSBL S-S WX SPD DR
================================================================================
1 80 68 74 9 0 9 2.09 M M 2.6 13 170 M M 9 13 20 180
2 74 67 71 6 0 6 1.14 M M 5.6 17 220 M M 8 13 24 210
3 81 63 72 7 0 7 0.01 M M 4.7 13 310 M M 5 13 18 200
4 83 59 71 7 0 6 0.00 M M 2.0 8 10 M M 4 8 13 340
5 80 57 69 5 0 4 1.64 M M 4.7 13 140 M M 3 138 19 140
6 78 60 69 5 0 4 0.15 M M 4.3 13 130 M M 7 12 20 130
7 80 60 70 7 0 5 T M M 2.0 10 230 M M 7 18 16 210
8 86 58 72 9 0 7 0.00 M M 1.9 8 200 M M 0 18 14 230
9 87 63 75 13 0 10 0.00 M M 6.9 15 210 M M 1 18 24 220
10 86 64 75 13 0 10 0.00 M M 9.3 22 210 M M 0 18 34 230
11 82 61 72 10 0 7 0.39 M M 11.4 26 200 M M 3 123 41 210
12 80 52 66 5 0 1 0.00 M M 1.6 6 220 M M 0 18 9 190
13 84 63 74 13 0 9 0.00 M M 7.5 22 210 M M 4 36 200
14 84 69 77 17 0 12 T M M 6.6 18 190 M M 5 30 190
15 79 50 65 5 0 0 0.29 M M 7.0 26 320 M M 8 138 38 310
16 70 43 57 -3 8 0 0.00 M M 5.6 15 290 M M 0 23 290
17 72 40 56 -3 9 0 0.00 M M 1.5 8 210 M M 0 18 12 280
18 73 39 56 -3 9 0 0.00 M M 2.3 12 220 M M 0 18 17 220
19 73 40 57 -1 8 0 0.00 M M 3.0 13 220 M M 0 18 18 180
20 79 45 62 4 3 0 0.00 M M 5.6 18 210 M M 1 18 24 200
21 71 46 59 1 6 0 0.00 M M 5.8 16 280 M M 1 1 24 320
22 70 43 57 0 8 0 0.00 M M 1.8 10 240 M M 0 18 15 210
23 64 46 55 -2 10 0 0.38 M M 4.2 14 160 M M 6 13 18 170
24 82 55 69 13 0 4 1.63 M M 12.1 29 290 M M 6 138 48 280
25 66 50 58 2 7 0 T M M 9.6 22 300 M M 4 37 300
26 64 44 54 -1 11 0 0.00 M M 3.7 10 40 M M 0 8 15 50
27 68 48 58 3 7 0 0.46 M M 7.1 16 80 M M 3 1 25 100
28 65 54 60 5 5 0 0.60 M M 7.2 16 190 M M 10 1 21 190
29 59 52 56 2 9 0 0.22 M M 11.6 21 330 M M 10 18 34 310
30 67 46 57 3 8 0 0.00 M M 7.1 20 310 M M 6 28 310
31 72 43 58 5 7 0 0.00 M M 3.9 15 330 M M 0 8 19 310
================================================================================
SM 2339 1648 115 101 9.00 M 170.2 M 111
================================================================================
AV 75.5 53.2 5.5 FASTST M M 4 MAX(MPH)
MISC ----> 29 290 48 280
================================================================================
NOTES:
# LAST OF SEVERAL OCCURRENCES
COLUMN 17 PEAK WIND IN M.P.H.
PRELIMINARY LOCAL CLIMATOLOGICAL DATA (WS FORM: F-6) , PAGE 2
STATION: POPLAR BLUFF MO
MONTH: OCTOBER
YEAR: 2021
LATITUDE: 36 46 N
LONGITUDE: 90 19 W
[TEMPERATURE DATA] [PRECIPITATION DATA] SYMBOLS USED IN COLUMN 16
AVERAGE MONTHLY: 64.3 TOTAL FOR MONTH: 9.00 1 = FOG OR MIST
DPTR FM NORMAL: 4.8 DPTR FM NORMAL: 5.04 2 = FOG REDUCING VISIBILITY
HIGHEST: 87 ON 9 GRTST 24HR 2.25 ON 1- 2 TO 1/4 MILE OR LESS
LOWEST: 39 ON 18 3 = THUNDER
SNOW, ICE PELLETS, HAIL 4 = ICE PELLETS
TOTAL MONTH: M 5 = HAIL
GRTST 24HR M ON M 6 = FREEZING RAIN OR DRIZZLE
GRTST DEPTH: M ON M 7 = DUSTSTORM OR SANDSTORM:
VSBY 1/2 MILE OR LESS
8 = SMOKE OR HAZE
[NO. OF DAYS WITH] [WEATHER - DAYS WITH] 9 = BLOWING SNOW
X = TORNADO
MAX 32 OR BELOW: 0 0.01 INCH OR MORE: 12
MAX 90 OR ABOVE: 0 0.10 INCH OR MORE: 11
MIN 32 OR BELOW: 0 0.50 INCH OR MORE: 5
MIN 0 OR BELOW: 0 1.00 INCH OR MORE: 4
[HDD (BASE 65) ]
TOTAL THIS MO. 115 CLEAR (SCALE 0-3) 16
DPTR FM NORMAL -98 PTCLDY (SCALE 4-7) 11
TOTAL FM JUL 1 122 CLOUDY (SCALE 8-10) 4
DPTR FM NORMAL -116
[CDD (BASE 65) ]
TOTAL THIS MO. 101
DPTR FM NORMAL 59 [PRESSURE DATA]
TOTAL FM JAN 1 1632 HIGHEST SLP M ON M
DPTR FM NORMAL 6 LOWEST SLP 29.31 ON 28
[REMARKS]
#FINAL-10-21#