000
CXUS53 KMKX 010911
CF6SBM
PRELIMINARY LOCAL CLIMATOLOGICAL DATA (WS FORM: F-6)
STATION: SHEBOYGAN WI
MONTH: DECEMBER
YEAR: 2023
LATITUDE: 43 46 N
LONGITUDE: 87 51 W
TEMPERATURE IN F: :PCPN: SNOW: WIND :SUNSHINE: SKY :PK WND
================================================================================
1 2 3 4 5 6A 6B 7 8 9 10 11 12 13 14 15 16 17 18
12Z AVG MX 2MIN
DY MAX MIN AVG DEP HDD CDD WTR SNW DPTH SPD SPD DIR MIN PSBL S-S WX SPD DR
================================================================================
1 39 27 33 3 32 0 T M M 9.7 18 40 M M 7 26 50
2 42 30 36 6 29 0 0.01 M M 7.4 14 60 M M 8 21 80
3 37 32 35 5 30 0 0.47 M M 8.1 14 350 M M 10 1 19 350
4 38 25 32 3 33 0 0.00 M M 4.8 12 300 M M 7 16 300
5 37 30 34 5 31 0 T M M 5.3 10 290 M M 9 15 290
6 39 33 36 8 29 0 0.00 M M 10.4 20 240 M M 7 26 240
7 48 31 40 12 25 0 0.00 M M 6.4 16 240 M M 1 1 21 240
8 57 35 46 18 19 0 0.00 M M 9.1 24 210 M M 1 12 29 220
9 46 35 41 13 24 0 0.32 M M 11.5 24 260 M M 10 1 30 260
10 36 27 32 5 33 0 T M M 10.7 18 280 M M 10 1 28 280
11 34 24 29 2 36 0 0.00 M M 8.4 20 220 M M 6 26 230
12 34 25 30 4 35 0 0.00 M M 13.3 24 270 M M 0 33 290
13 41 23 32 6 33 0 0.00 M M 7.8 18 260 M M 4 23 260
14 52 29 41 15 24 0 0.00 M M 11.5 20 250 M M 0 26 240
15 M M M M M M M M M M M M M M M M M
16 47 40 44 19 21 0 0.14 M M 7.8 17 150 M M 9 18 29 150
17 43 35 39 14 26 0 0.01 M M 9.3 20 290 M M 10 18 27 270
18 35 22 29 4 36 0 T M M 16.4 29 330 M M 8 44 330
19 33 15 24 0 41 0 0.00 M M 8.9 18 200 M M 2 26 190
20 40 28 34 10 31 0 0.00 M M 4.3 12 50 M M 2 14 70
21 41 29 35 11 30 0 0.00 M M 5.2 12 110 M M 5 8 17 130
22 46 41 44 20 21 0 T M M 3.5 9 170 M M 10 128 12 170
23 45 41 43 20 22 0 0.00 M M 2.6 7 100 M M 10 128 9 140
24 49 43 46 23 19 0 0.00 M M 8.3 18 170 M M 10 12 27 180
25 53 48 51 28 14 0 0.20 M M 10.6 21 120 M M 9 1 33 100
26 50 35 43 21 22 0 0.17 M M 8.9 20 210 M M 10 12 35 100
27 42 26 34 12 31 0 0.00 M M 6.0 14 350 M M 2 1 20 340
28 40 35 38 16 27 0 0.48 M M 11.2 17 20 M M 10 1 30 20
29 43 31 37 15 28 0 0.01 M M 7.2 13 340 M M 5 1 20 20
30 43 23 33 11 32 0 0.00 M M 5.2 13 290 M M 4 18 17 290
31 32 29 31 10 34 0 T M M 9.4 18 360 M M 10 168 30 350
================================================================================
SM 1262 927 848 0 1.81 M 249.2 M 196
================================================================================
AV 42.1 30.9 8.3 FASTST M M 7 MAX(MPH)
MISC ----> 29 330 44 330
================================================================================
NOTES:
# LAST OF SEVERAL OCCURRENCES
COLUMN 17 PEAK WIND IN M.P.H.
PRELIMINARY LOCAL CLIMATOLOGICAL DATA (WS FORM: F-6) , PAGE 2
STATION: SHEBOYGAN WI
MONTH: DECEMBER
YEAR: 2023
LATITUDE: 43 46 N
LONGITUDE: 87 51 W
[TEMPERATURE DATA] [PRECIPITATION DATA] SYMBOLS USED IN COLUMN 16
AVERAGE MONTHLY: 36.5 TOTAL FOR MONTH: 1.81 1 = FOG OR MIST
DPTR FM NORMAL: 11.0 DPTR FM NORMAL: 0.43 2 = FOG REDUCING VISIBILITY
HIGHEST: 57 ON 8 GRTST 24HR 0.48 ON 2- 3 TO 1/4 MILE OR LESS
LOWEST: 15 ON 19 3 = THUNDER
SNOW, ICE PELLETS, HAIL 4 = ICE PELLETS
TOTAL MONTH: M 5 = HAIL
GRTST 24HR M ON M 6 = FREEZING RAIN OR DRIZZLE
GRTST DEPTH: M ON M 7 = DUSTSTORM OR SANDSTORM:
VSBY 1/2 MILE OR LESS
8 = SMOKE OR HAZE
[NO. OF DAYS WITH] [WEATHER - DAYS WITH] 9 = BLOWING SNOW
X = TORNADO
MAX 32 OR BELOW: 1 0.01 INCH OR MORE: 9
MAX 90 OR ABOVE: 0 0.10 INCH OR MORE: 6
MIN 32 OR BELOW: 19 0.50 INCH OR MORE: 0
MIN 0 OR BELOW: 0 1.00 INCH OR MORE: 0
[HDD (BASE 65) ]
TOTAL THIS MO. 848 CLEAR (SCALE 0-3) 7
DPTR FM NORMAL -378 PTCLDY (SCALE 4-7) 8
TOTAL FM JUL 1 2169 CLOUDY (SCALE 8-10) 15
DPTR FM NORMAL -668
[CDD (BASE 65) ]
TOTAL THIS MO. 0
DPTR FM NORMAL 0 [PRESSURE DATA]
TOTAL FM JAN 1 547 HIGHEST SLP 30.64 ON 13
DPTR FM NORMAL 141 LOWEST SLP 29.52 ON 9
[REMARKS]
#FINAL-12-23#