000
CXUS56 KSGX 011045
CF6TRM
PRELIMINARY LOCAL CLIMATOLOGICAL DATA (WS FORM: F-6)
STATION: THERMAL AIRPORT CA
MONTH: JULY
YEAR: 2022
LATITUDE: 33 37 N
LONGITUDE: 116 10 W
TEMPERATURE IN F: :PCPN: SNOW: WIND :SUNSHINE: SKY :PK WND
================================================================================
1 2 3 4 5 6A 6B 7 8 9 10 11 12 13 14 15 16 17 18
12Z AVG MX 2MIN
DY MAX MIN AVG DEP HDD CDD WTR SNW DPTH SPD SPD DIR MIN PSBL S-S WX SPD DR
================================================================================
1 111 86 99 9 0 34 0.00 M M 9.4 23 330 M M 0 28 330
2 108 80 94 4 0 29 0.00 M M 11.5 25 340 M M 0 32 330
3 105 79 92 2 0 27 0.00 M M 12.2 25 330 M M 0 31 320
4 101 75 88 -2 0 23 0.00 M M 9.0 20 320 M M 0 25 320
5 101 66 84 -6 0 19 0.00 M M 7.4 17 320 M M 0 8 26 320
6 102 70 86 -4 0 21 0.00 M M 6.9 16 310 M M 0 22 320
7 106 71 89 -2 0 24 0.00 M M 7.7 17 150 M M 0 23 150
8 108 67 88 -3 0 23 0.00 M M 7.3 20 320 M M 0 26 310
9 111 83 97 6 0 32 0.00 M M 9.1 23 330 M M 0 32 330
10 113 85 99 8 0 34 0.00 M M 8.1 16 330 M M 0 23 320
11 115 85 100 9 0 35 0.00 M M 10.2 17 320 M M 0 25 320
12 111 79 95 4 0 30 0.00 M M 7.2 16 130 M M 0 25 150
13 111 74 93 2 0 28 0.00 M M 6.9 20 140 M M 0 26 120
14 108 78 93 2 0 28 0.00 M M 4.6 14 140 M M 0 19 150
15 113 75 94 2 0 29 0.00 M M 5.9 15 130 M M 0 21 150
16 114 79 97 5 0 32 0.00 M M 8.2 18 130 M M 0 8 25 70
17 111 86 99 7 0 34 0.00 M M 8.7 18 330 M M 0 25 330
18 110 83 97 5 0 32 0.00 M M 7.8 16 160 M M 0 21 140
19 112 81 97 5 0 32 0.00 M M 8.2 18 340 M M 0 23 340
20 114 83 99 7 0 34 0.00 M M 9.8 17 340 M M 0 27 310
21 108 91 100 8 0 35 0.00 M M 9.6 21 340 M M 0 27 320
22 111 82 97 5 0 32 0.00 M M 7.1 15 310 M M 0 22 130
23 104 80 92 0 0 27 0.00 M M 4.6 13 120 M M 0 17 120
24 105 75 90 -2 0 25 0.00 M M 7.9 21 130 M M 0 28 140
25 102 81 92 0 0 27 0.00 M M 5.8 15 120 M M 0 21 170
26 106 76 91 -1 0 26 0.00 M M 5.9 15 150 M M 0 20 140
27 103 76 90 -2 0 25 0.00 M M 4.1 13 120 M M 0 18 130
28 105 85 95 3 0 30 0.00 M M 6.4 14 320 M M 0 18 320
29 101 79 90 -2 0 25 0.00 M M 7.1 20 130 M M 0 25 140
30 105 79 92 0 0 27 0.00 M M 6.9 18 150 M M 1 23 150
31 106 84 95 3 0 30 0.00 M M 5.6 16 120 M M 2 22 140
================================================================================
SM 3341 2453 0 889 0.00 M 237.1 M 3
================================================================================
AV107.8 79.1 7.6 FASTST M M 0 MAX(MPH)
MISC ----> # 25 340 # 32 330
================================================================================
NOTES:
# LAST OF SEVERAL OCCURRENCES
COLUMN 17 PEAK WIND IN M.P.H.
PRELIMINARY LOCAL CLIMATOLOGICAL DATA (WS FORM: F-6) , PAGE 2
STATION: THERMAL AIRPORT CA
MONTH: JULY
YEAR: 2022
LATITUDE: 33 37 N
LONGITUDE: 116 10 W
[TEMPERATURE DATA] [PRECIPITATION DATA] SYMBOLS USED IN COLUMN 16
AVERAGE MONTHLY: 93.5 TOTAL FOR MONTH: 0.00 1 = FOG OR MIST
DPTR FM NORMAL: 2.3 DPTR FM NORMAL: -0.13 2 = FOG REDUCING VISIBILITY
HIGHEST: 115 ON 11 GRTST 24HR 0.00 ON 1- 1 TO 1/4 MILE OR LESS
LOWEST: 66 ON 5 3 = THUNDER
SNOW, ICE PELLETS, HAIL 4 = ICE PELLETS
TOTAL MONTH: M 5 = HAIL
GRTST 24HR M ON M 6 = FREEZING RAIN OR DRIZZLE
GRTST DEPTH: M ON M 7 = DUSTSTORM OR SANDSTORM:
VSBY 1/2 MILE OR LESS
8 = SMOKE OR HAZE
[NO. OF DAYS WITH] [WEATHER - DAYS WITH] 9 = BLOWING SNOW
X = TORNADO
MAX 32 OR BELOW: 0 0.01 INCH OR MORE: 0
MAX 90 OR ABOVE: 31 0.10 INCH OR MORE: 0
MIN 32 OR BELOW: 0 0.50 INCH OR MORE: 0
MIN 0 OR BELOW: 0 1.00 INCH OR MORE: 0
[HDD (BASE 65) ]
TOTAL THIS MO. 0 CLEAR (SCALE 0-3) 31
DPTR FM NORMAL 0 PTCLDY (SCALE 4-7) 0
TOTAL FM JUL 1 0 CLOUDY (SCALE 8-10) 0
DPTR FM NORMAL 0
[CDD (BASE 65) ]
TOTAL THIS MO. 889
DPTR FM NORMAL 75 [PRESSURE DATA]
TOTAL FM JAN 1 2429 HIGHEST SLP 29.95 ON 20
DPTR FM NORMAL 265 LOWEST SLP 29.58 ON 22
[REMARKS]
#FINAL-07-22#