000
CXUS56 KSGX 011245
CF6TRM
PRELIMINARY LOCAL CLIMATOLOGICAL DATA (WS FORM: F-6)
STATION: THERMAL AIRPORT CA
MONTH: MARCH
YEAR: 2020
LATITUDE: 33 37 N
LONGITUDE: 116 10 W
TEMPERATURE IN F: :PCPN: SNOW: WIND :SUNSHINE: SKY :PK WND
================================================================================
1 2 3 4 5 6A 6B 7 8 9 10 11 12 13 14 15 16 17 18
12Z AVG MX 2MIN
DY MAX MIN AVG DEP HDD CDD WTR SNW DPTH SPD SPD DIR MIN PSBL S-S WX SPD DR
================================================================================
1 77 56 67 6 0 2 0.00 0.0 0 12.9 25 330 M M 1 32 330
2 72 54 63 2 2 0 T 0.0 0 14.3 26 340 M M 4 8 33 300
3 84 55 70 8 0 5 0.00 0.0 0 9.9 24 300 M M 0 8 31 360
4 75 46 61 -1 4 0 0.00 0.0 0 4.2 15 140 M M 0 8 20 130
5 84 44 64 2 1 0 0.00 0.0 0 3.2 10 140 M M 0 8 14 130
6 88 45 67 5 0 2 0.00 0.0 0 5.8 15 130 M M 0 8 19 130
7 80 48 64 2 1 0 0.00 0.0 0 10.0 25 340 M M 0 31 340
8 78 58 68 5 0 3 0.00 0.0 0 11.4 22 340 M M 0 29 340
9 75 45 60 -3 5 0 0.14 M 0 6.4 15 120 M M 1 19 130
10 67 57 62 -1 3 0 0.59 M 0 3.1 8 120 M M 8 13 M M
11 74 56 65 2 0 0 0.00 0.0 M 3.5 12 130 M M 0 18 15 140
12 65 51 58 -5 7 0 1.66 0.0 0 6.7 24 350 M M 5 13 28 350
13 71 47 59 -5 6 0 0.00 0.0 0 5.8 16 330 M M 2 20 340
14 72 54 63 -1 2 0 0.00 0.0 0 4.3 10 150 M M 2 M M
15 74 48 61 -3 4 0 0.00 0.0 0 6.8 17 340 M M 0 22 330
16 74 50 62 -2 3 0 0.00 0.0 0 5.0 14 230 M M 0 18 340
17 71 56 64 0 1 0 0.00 0.0 0 7.8 17 310 M M 5 21 320
18 60 46 53 -11 12 0 0.08 M 0 5.7 16 340 M M 6 19 340
19 70 43 57 -8 8 0 T M 0 6.3 18 330 M M 3 24 330
20 69 43 56 -9 9 0 0.00 0.0 0 3.3 10 140 M M 0 8 13 140
21 76 46 61 -4 4 0 0.00 0.0 0 5.0 12 150 M M 0 M M
22 78 54 66 1 0 1 T 0.0 0 6.3 15 320 M M 2 19 310
23 77 60 69 4 0 4 T 0.0 0 10.9 24 290 M M 2 8 33 300
24 78 58 68 2 0 3 0.00 0.0 0 11.7 23 330 M M 0 30 340
25 75 58 67 1 0 2 0.00 0.0 0 13.5 28 270 M M 0 8 40 310
26 71 52 62 -4 3 0 0.00 0.0 0 10.9 22 300 M M 0 31 260
27 73 50 62 -4 3 0 0.00 0.0 0 7.5 20 340 M M 0 25 330
28 75 45 60 -6 5 0 0.00 0.0 0 6.2 16 140 M M 0 24 130
29 79 58 69 3 0 4 0.00 0.0 0 11.9 23 330 M M 0 32 330
30 84 56 70 4 0 5 0.00 0.0 0 6.0 20 320 M M 0 25 320
31 83 51 67 0 0 2 0.00 0.0 0 3.2 9 140 M M 0 11 140
================================================================================
SM 2329 1590 83 33 2.47 0.0 229.5 M 41
================================================================================
AV 75.1 51.3 7.4 FASTST M M 1 MAX(MPH)
MISC ----> # 28 270 # 40 310
================================================================================
NOTES:
# LAST OF SEVERAL OCCURRENCES
COLUMN 17 PEAK WIND IN M.P.H.
PRELIMINARY LOCAL CLIMATOLOGICAL DATA (WS FORM: F-6) , PAGE 2
STATION: THERMAL AIRPORT CA
MONTH: MARCH
YEAR: 2020
LATITUDE: 33 37 N
LONGITUDE: 116 10 W
[TEMPERATURE DATA] [PRECIPITATION DATA] SYMBOLS USED IN COLUMN 16
AVERAGE MONTHLY: 63.2 TOTAL FOR MONTH: 2.47 1 = FOG OR MIST
DPTR FM NORMAL: -0.9 DPTR FM NORMAL: 2.09 2 = FOG REDUCING VISIBILITY
HIGHEST: 88 ON 6 GRTST 24HR 1.66 ON 12-12 TO 1/4 MILE OR LESS
LOWEST: 43 ON 20,19 3 = THUNDER
SNOW, ICE PELLETS, HAIL 4 = ICE PELLETS
TOTAL MONTH: 0.0 INCH 5 = HAIL
GRTST 24HR 0.0 6 = FREEZING RAIN OR DRIZZLE
GRTST DEPTH: 0 7 = DUSTSTORM OR SANDSTORM:
VSBY 1/2 MILE OR LESS
8 = SMOKE OR HAZE
[NO. OF DAYS WITH] [WEATHER - DAYS WITH] 9 = BLOWING SNOW
X = TORNADO
MAX 32 OR BELOW: 0 0.01 INCH OR MORE: 4
MAX 90 OR ABOVE: 0 0.10 INCH OR MORE: 3
MIN 32 OR BELOW: 0 0.50 INCH OR MORE: 2
MIN 0 OR BELOW: 0 1.00 INCH OR MORE: 1
[HDD (BASE 65) ]
TOTAL THIS MO. 83 CLEAR (SCALE 0-3) 26
DPTR FM NORMAL -9 PTCLDY (SCALE 4-7) 5
TOTAL FM JUL 1 1053 CLOUDY (SCALE 8-10) 0
DPTR FM NORMAL -104
[CDD (BASE 65) ]
TOTAL THIS MO. 33
DPTR FM NORMAL -29 [PRESSURE DATA]
TOTAL FM JAN 1 34 HIGHEST SLP 30.21 ON 20
DPTR FM NORMAL -40 LOWEST SLP 29.64 ON 12
[REMARKS]
#FINAL-03-20#