000
CXUS51 KBGM 230800
CF6BGM
PRELIMINARY LOCAL CLIMATOLOGICAL DATA (WS FORM: F-6)

                                          STATION:   BINGHAMTON NY
                                          MONTH:     FEBRUARY
                                          YEAR:      2017
                                          LATITUDE:   42 13 N
                                          LONGITUDE:  75 59 W

  TEMPERATURE IN F:       :PCPN:    SNOW:  WIND      :SUNSHINE: SKY     :PK WND
================================================================================
1   2   3   4   5  6A  6B    7    8   9   10  11  12  13   14  15   16   17  18
                                     12Z  AVG MX 2MIN
DY MAX MIN AVG DEP HDD CDD  WTR  SNW DPTH SPD SPD DIR MIN PSBL S-S WX    SPD DR
================================================================================

 1  35  22  29   6  36   0 0.01  0.1    5 11.2 23 250   M    M   6 1      33 250
 2  26  18  22  -1  43   0 0.06  1.9    5  8.2 18 320   M    M   9 12     26 310
 3  20  10  15  -8  50   0    T    T    6  8.9 18 260   M    M   9 8      24 320
 4  24  10  17  -6  48   0 0.00  0.0    5  9.9 20 250   M    M   2        24 280
 5  32  20  26   3  39   0 0.02  0.1    5 11.2 21 300   M    M   9 128    30 310
 6  36  21  29   6  36   0    T    T    5  7.1 17 310   M    M   7        24 330
 7  41  28  35  12  30   0 0.44  0.0    5  9.9 20 140   M    M   9 128    26 150
 8  47  25  36  12  29   0 0.04  0.1    T 10.7 21 280   M    M   7 1      27 300
 9  25   9  17  -7  48   0 0.15  5.7    5 13.6 29 330   M    M   7 1289   37 340
10  22  10  16  -8  49   0 0.05  0.6    5 10.5 18 290   M    M   8 18     25 280
11  37  20  29   5  36   0    T    T    4  5.4 13 360   M    M   7 1      16 170
12  33  28  31   7  34   0 0.85  5.6    3 10.0 24 310   M    M  10 1268   39 310
13  31  20  26   2  39   0 0.10  5.0    9 15.1 28 290   M    M  10 12     40 300
14  37  18  28   4  37   0    T    T    8  7.0 14 200   M    M   5 1      21 220
15  35  23  29   4  36   0 0.13  2.4    8 10.5 22 310   M    M  10 128    35 310
16  23  17  20  -5  45   0    T  1.1   10 13.1 22 300   M    M  10 1      33 310
17  32  17  25   0  40   0    T  0.3   10  6.6 15 290   M    M   5 18     19 300
18  54  24  39  14  26   0 0.00  0.0    9  8.4 15 190   M    M   0        22 220
19  53  36  45  19  20   0 0.00  0.0    5  9.5 18 310   M    M   0        25 310
20  38  25  32   6  33   0 0.00  0.0    2  9.1 17 340   M    M   1        22 340
21  42  23  33   7  32   0 0.00  0.0    2  9.8 15 180   M    M   0        23 180
22  57  35  46  20  19   0    T  0.0    0  4.9 10 200   M    M   6         M  M
================================================================================
SM  780  459       805   0  1.85    22.9 210.6          M      137
================================================================================
AV 35.5 20.9                               9.6 FASTST   M    M   6    MAX(MPH)
                                 MISC ---->  # 29 330               # 40  300
================================================================================
NOTES:
# LAST OF SEVERAL OCCURRENCES

COLUMN 17 PEAK WIND IN M.P.H.

PRELIMINARY LOCAL CLIMATOLOGICAL DATA (WS FORM: F-6) , PAGE 2

                                          STATION:  BINGHAMTON NY
                                          MONTH:    FEBRUARY
                                          YEAR:     2017
                                          LATITUDE:   42 13 N
                                          LONGITUDE:  75 59 W

[TEMPERATURE DATA]      [PRECIPITATION DATA]       SYMBOLS USED IN COLUMN 16

AVERAGE MONTHLY: 28.2   TOTAL FOR MONTH:   1.85    1 = FOG OR MIST
DPTR FM NORMAL:   3.9   DPTR FM NORMAL:    0.07    2 = FOG REDUCING VISIBILITY
HIGHEST:    57 ON 22    GRTST 24HR  0.86 ON 12-13      TO 1/4 MILE OR LESS
LOWEST:      9 ON  9                               3 = THUNDER
                        SNOW, ICE PELLETS, HAIL    4 = ICE PELLETS
                        TOTAL MONTH:  22.9 INCHES  5 = HAIL
                        GRTST 24HR   5.7 ON   M    6 = FREEZING RAIN OR DRIZZLE
                        GRTST DEPTH:  10 ON 17,16  7 = DUSTSTORM OR SANDSTORM:
                                                       VSBY 1/2 MILE OR LESS
                                                   8 = SMOKE OR HAZE
[NO. OF DAYS WITH]      [WEATHER - DAYS WITH]      9 = BLOWING SNOW
                                                   X = TORNADO
MAX 32 OR BELOW:   9    0.01 INCH OR MORE:  10
MAX 90 OR ABOVE:   0    0.10 INCH OR MORE:   5
MIN 32 OR BELOW:  20    0.50 INCH OR MORE:   1
MIN  0 OR BELOW:   0    1.00 INCH OR MORE:   0

[HDD (BASE 65) ]
TOTAL THIS MO.   805    CLEAR  (SCALE 0-3)   5
DPTR FM NORMAL   -94    PTCLDY (SCALE 4-7)   9
TOTAL FM JUL 1  4487    CLOUDY (SCALE 8-10)  8
DPTR FM NORMAL  -484

[CDD (BASE 65) ]
TOTAL THIS MO.     0
DPTR FM NORMAL     0    [PRESSURE DATA]
TOTAL FM JAN 1     0    HIGHEST SLP M ON M
DPTR FM NORMAL     0    LOWEST  SLP 29.35 ON 15

[REMARKS]
