000
CXUS55 KCYS 251000
CF6DGW
PRELIMINARY LOCAL CLIMATOLOGICAL DATA (WS FORM: F-6)

                                          STATION:   CONVERSE CO (DOUGLAS) WY ARPT
                                          MONTH:     MAY
                                          YEAR:      2017
                                          LATITUDE:   42 46 N
                                          LONGITUDE: 105 22 W

  TEMPERATURE IN F:       :PCPN:    SNOW:  WIND      :SUNSHINE: SKY     :PK WND
================================================================================
1   2   3   4   5  6A  6B    7    8   9   10  11  12  13   14  15   16   17  18
                                     12Z  AVG MX 2MIN
DY MAX MIN AVG DEP HDD CDD  WTR  SNW DPTH SPD SPD DIR MIN PSBL S-S WX    SPD DR
================================================================================

 1  53  34  44  -4  21   0 0.16    M    M 12.0 24  20   M    M   8 1      35 320
 2  55  35  45  -3  20   0 0.09    M    M  7.1 23 350   M    M   9        30 350
 3  58  34  46  -3  19   0 0.04    M    M 11.0 21 320   M    M   5        26 320
 4  73  30  52   3  13   0 0.00    M    M  6.3 17 320   M    M   0        26  50
 5  78  36  57   8   8   0 0.00    M    M  4.7 12 140   M    M   0        14 160
 6  85  43  64  14   1   0    T    M    M  7.8 31 290   M    M   0 3      37 290
 7  80  46  63  13   2   0 0.22    M    M  7.1 28 270   M    M   1        36 280
 8  63  47  55   5  10   0    T    M    M 11.3 22 360   M    M   8 1      27  10
 9  63  45  54   3  11   0 0.11    M    M 13.3 25 140   M    M   8 13     30 130
10  63  44  54   3  11   0 0.00    M    M  8.1 18 340   M    M   6        22 330
11  72  39  56   5   9   0 0.00    M    M  8.2 16 150   M    M   0        20 140
12  82  41  62  10   3   0 0.00    M    M 11.5 21 150   M    M   0        27 160
13  86  46  66  14   0   1 0.00    M    M 12.9 35 290   M    M   0        43 300
14  71  44  58   6   7   0 0.01    M    M  9.6 23 150   M    M   3 3      29 170
15  74  45  60   7   5   0 0.00    M    M 16.1 28 150   M    M   1        39 140
16  65  43  54   1  11   0 0.09    M    M  9.2 23 320   M    M   5 3      29 310
17  63  36  50  -4  15   0 0.77    M    M 10.4 22  60   M    M   5 13     28  70
18  43  32  38 -16  27   0 0.68    M    M 11.3 24  50   M    M  10 12     33  50
19  40  29  35 -19  30   0 0.55    M    M  4.6 12  10   M    M   9 1      14  10
20  60  28  44 -10  21   0 0.00    M    M  9.0 26 340   M    M   5 1      35 350
21  61  40  51  -4  14   0 0.02    M    M  8.4 22 340   M    M   9        27 330
22  54  35  45 -10  20   0    T    M    M  9.9 30  10   M    M   6        37  10
23  63  40  52  -4  13   0    T    M    M 10.6 21 330   M    M   5        27 330
24  82  35  59   3   6   0 0.00    M    M 11.3 32 270   M    M   0        41 260
================================================================================
SM 1587  927       297   1  2.74    M    231.7          M      103
================================================================================
AV 66.1 38.6                               9.7 FASTST   M    M   4    MAX(MPH)
                                 MISC ---->  # 35 290               # 43  300
================================================================================
NOTES:
# LAST OF SEVERAL OCCURRENCES

COLUMN 17 PEAK WIND IN M.P.H.

PRELIMINARY LOCAL CLIMATOLOGICAL DATA (WS FORM: F-6) , PAGE 2

                                          STATION:  CONVERSE CO (DOUGLAS) WY ARPT
                                          MONTH:    MAY
                                          YEAR:     2017
                                          LATITUDE:   42 46 N
                                          LONGITUDE: 105 22 W

[TEMPERATURE DATA]      [PRECIPITATION DATA]       SYMBOLS USED IN COLUMN 16

AVERAGE MONTHLY: 52.4   TOTAL FOR MONTH:   2.74    1 = FOG OR MIST
DPTR FM NORMAL:   0.5   DPTR FM NORMAL:    0.80    2 = FOG REDUCING VISIBILITY
HIGHEST:    86 ON 13    GRTST 24HR  0.77 ON 17-17      TO 1/4 MILE OR LESS
LOWEST:     28 ON 20                               3 = THUNDER
                        SNOW, ICE PELLETS, HAIL    4 = ICE PELLETS
                        TOTAL MONTH:    M          5 = HAIL
                        GRTST 24HR    M  ON   M    6 = FREEZING RAIN OR DRIZZLE
                        GRTST DEPTH:  M  ON   M    7 = DUSTSTORM OR SANDSTORM:
                                                       VSBY 1/2 MILE OR LESS
                                                   8 = SMOKE OR HAZE
[NO. OF DAYS WITH]      [WEATHER - DAYS WITH]      9 = BLOWING SNOW
                                                   X = TORNADO
MAX 32 OR BELOW:   0    0.01 INCH OR MORE:  11
MAX 90 OR ABOVE:   0    0.10 INCH OR MORE:   6
MIN 32 OR BELOW:   4    0.50 INCH OR MORE:   3
MIN  0 OR BELOW:   0    1.00 INCH OR MORE:   0

[HDD (BASE 65) ]
TOTAL THIS MO.   297    CLEAR  (SCALE 0-3)  10
DPTR FM NORMAL   -19    PTCLDY (SCALE 4-7)   7
TOTAL FM JUL 1  6594    CLOUDY (SCALE 8-10)  7
DPTR FM NORMAL  -679

[CDD (BASE 65) ]
TOTAL THIS MO.     1
DPTR FM NORMAL     1    [PRESSURE DATA]
TOTAL FM JAN 1     1    HIGHEST SLP M ON M
DPTR FM NORMAL     1    LOWEST  SLP 29.37 ON M

[REMARKS]
