000
CXUS53 KOAX 201000
CF6OAX
PRELIMINARY LOCAL CLIMATOLOGICAL DATA (WS FORM: F-6)

                                          STATION:   VALLEY  NWS, NEBRASKA
                                          MONTH:     OCTOBER
                                          YEAR:      2017
                                          LATITUDE:   41 19 N
                                          LONGITUDE:  96 22 W

  TEMPERATURE IN F:       :PCPN:    SNOW:  WIND      :SUNSHINE: SKY     :PK WND
================================================================================
1   2   3   4   5  6A  6B    7    8   9   10  11  12  13   14  15   16   17  18
                                     12Z  AVG MX 2MIN
DY MAX MIN AVG DEP HDD CDD  WTR  SNW DPTH SPD SPD DIR MIN PSBL S-S WX    SPD DR
================================================================================

 1  79  58  69   9   0   4 0.32  0.0    0   M   M   M   M    M   M 3      35  M
 2  81  61  71  12   0   6 0.76  0.0    0   M   M   M   M    M   M 3      31  M
 3  76  56  66   7   0   1 0.62  0.0    0   M   M   M   M    M   M 3      30  M
 4  69  51  60   2   5   0 0.00  0.0    0   M   M   M   M    M   M        17  M
 5  65  58  62   4   3   0 1.12  0.0    0   M   M   M   M    M   M 1      14  M
 6  68  57  63   6   2   0 1.41  0.0    0   M   M   M   M    M   M 13     26  M
 7  72  53  63   6   2   0 0.29  0.0    0   M   M   M   M    M   M 1      24  M
 8  76  55  66  10   0   1 0.00  0.0    0   M   M   M   M    M   M        23  M
 9  57  41  49  -7  16   0 0.12  0.0    0   M   M   M   M    M   M 3      37  M
10  50  37  44 -12  21   0 0.58  0.0    0   M   M   M   M    M   M 3      24  M
11  62  33  48  -7  17   0 0.00  0.0    0   M   M   M   M    M   M        13  M
12  67  49  58   3   7   0 0.00  0.0    0   M   M   M   M    M   M        25  M
13  62  52  57   3   8   0 0.00  0.0    0   M   M   M   M    M   M        20  M
14  58  48  53  -1  12   0 0.19  0.0    0   M   M   M   M    M   M        38  M
15  60  39  50  -4  15   0 0.00  0.0    0   M   M   M   M    M   M        33  M
16  73  40  57   4   8   0 0.00  0.0    0   M   M   M   M    M   M        28  M
17  71  49  60   7   5   0 0.00  0.0    0   M   M   M   M    M   M        14  M
18  77  49  63  11   2   0 0.00  0.0    0   M   M   M   M    M   M        20  M
19  77  43  60   8   5   0 0.00  0.0    0   M   M   M   M    M   M        18  M
================================================================================
SM 1300  929       128  12  5.41     0.0     M          M        M
================================================================================
AV 68.4 48.9                                 M FASTST   M    M   6    MAX(MPH)
                                 MISC ---->     M   M                 38    M
================================================================================
NOTES:
# LAST OF SEVERAL OCCURRENCES

COLUMN 17 PEAK WIND IN M.P.H.

PRELIMINARY LOCAL CLIMATOLOGICAL DATA (WS FORM: F-6) , PAGE 2

                                          STATION:  VALLEY  NWS, NEBRASKA
                                          MONTH:    OCTOBER
                                          YEAR:     2017
                                          LATITUDE:   41 19 N
                                          LONGITUDE:  96 22 W

[TEMPERATURE DATA]      [PRECIPITATION DATA]       SYMBOLS USED IN COLUMN 16

AVERAGE MONTHLY: 58.7   TOTAL FOR MONTH:   5.41    1 = FOG OR MIST
DPTR FM NORMAL:   3.0   DPTR FM NORMAL:    3.90    2 = FOG REDUCING VISIBILITY
HIGHEST:    81 ON  2    GRTST 24HR  1.41 ON  6- 6      TO 1/4 MILE OR LESS
LOWEST:     33 ON 11                               3 = THUNDER
                        SNOW, ICE PELLETS, HAIL    4 = ICE PELLETS
                        TOTAL MONTH:   0.0 INCH    5 = HAIL
                        GRTST 24HR     0.0         6 = FREEZING RAIN OR DRIZZLE
                        GRTST DEPTH:   0           7 = DUSTSTORM OR SANDSTORM:
                                                       VSBY 1/2 MILE OR LESS
                                                   8 = SMOKE OR HAZE
[NO. OF DAYS WITH]      [WEATHER - DAYS WITH]      9 = BLOWING SNOW
                                                   X = TORNADO
MAX 32 OR BELOW:   0    0.01 INCH OR MORE:   9
MAX 90 OR ABOVE:   0    0.10 INCH OR MORE:   9
MIN 32 OR BELOW:   0    0.50 INCH OR MORE:   5
MIN  0 OR BELOW:   0    1.00 INCH OR MORE:   2

[HDD (BASE 65) ]
TOTAL THIS MO.   128    CLEAR  (SCALE 0-3)   0
DPTR FM NORMAL   -63    PTCLDY (SCALE 4-7)   0
TOTAL FM JUL 1   162    CLOUDY (SCALE 8-10)  0
DPTR FM NORMAL  -125

[CDD (BASE 65) ]
TOTAL THIS MO.    12
DPTR FM NORMAL    -1    [PRESSURE DATA]
TOTAL FM JAN 1  1203    HIGHEST SLP M ON M
DPTR FM NORMAL   131    LOWEST  SLP M ON M

[REMARKS]
