000
CXUS54 KFWD 010730
CF60F2
PRELIMINARY LOCAL CLIMATOLOGICAL DATA (WS FORM: F-6)
STATION: BOWIE
MONTH: APRIL
YEAR: 2021
LATITUDE: 33 36 N
LONGITUDE: 97 47 W
TEMPERATURE IN F: :PCPN: SNOW: WIND :SUNSHINE: SKY :PK WND
================================================================================
1 2 3 4 5 6A 6B 7 8 9 10 11 12 13 14 15 16 17 18
12Z AVG MX 2MIN
DY MAX MIN AVG DEP HDD CDD WTR SNW DPTH SPD SPD DIR MIN PSBL S-S WX SPD DR
================================================================================
1 67 35 51 -7 14 0 0.00 M M 2.5 8 170 M M 0 M M
2 68 36 52 -6 13 0 0.00 M M 7.6 21 170 M M 4 25 170
3 72 53 63 5 2 0 0.00 M M 9.6 18 180 M M 1 24 180
4 70 57 64 6 1 0 0.00 M M 8.6 13 170 M M 10 21 170
5 78 53 66 7 0 1 0.00 M M 10.1 18 190 M M 2 24 190
6 81 62 72 13 0 7 0.00 M M 16.9 24 160 M M 5 33 180
7 74 48 61 2 4 0 0.00 M M 13.9 21 300 M M 2 31 310
8 81 40 61 1 4 0 0.00 M M 4.4 13 200 M M 0 20 190
9 88 55 72 12 0 7 0.00 M M 11.9 24 360 M M 2 1 40 360
10 70 42 56 -4 9 0 0.00 M M 8.3 15 320 M M 0 24 320
11 85 41 63 3 2 0 0.00 M M 7.4 17 190 M M 0 22 190
12 76 53 65 4 0 0 0.00 0.0 M 5.8 14 360 M M 2 20 350
13 73 52 63 2 2 0 0.00 0.0 M 6.6 14 360 M M 5 21 360
14 63 50 57 -4 8 0 0.14 M M 7.7 14 350 M M 9 1 20 350
15 58 52 55 -7 10 0 0.64 M M 4.3 9 110 M M 10 17 70
16 58 47 53 -9 12 0 0.26 M M 7.8 17 350 M M 10 1 26 120
17 60 38 49 -13 16 0 0.00 M M 10.3 16 330 M M 4 24 340
18 66 39 53 -9 12 0 0.00 M M 6.3 16 340 M M 1 22 340
19 74 38 56 -7 9 0 0.00 M M 4.7 12 210 M M 0 20 230
20 53 32 43 -20 22 0 0.00 M M 10.4 22 340 M M 2 29 350
21 62 30 46 -17 19 0 0.00 M M 1.5 9 40 M M 5 M M
22 58 50 54 -9 11 0 M M M 4.3 12 150 M M 10 20 150
23 67 52 60 -4 5 0 0.67 M M 5.8 12 40 M M 9 1 26 90
24 65 46 56 -8 9 0 M M M 7.1 16 340 M M 5 21 330
25 80 46 63 -1 2 0 0.00 M M 9.6 16 160 M M 0 27 160
26 79 63 71 7 0 6 0.00 M M 14.9 21 160 M M 0 30 160
27 76 66 71 6 0 6 0.06 M M 11.6 17 150 M M 7 31 150
28 72 63 68 3 0 3 3.54 M M 4.3 12 280 M M 9 1 20 170
29 66 59 63 -2 2 0 0.18 M M 7.2 15 10 M M 8 1 40 30
30 75 57 66 0 0 1 0.00 M M 5.9 13 110 M M 7 18 80
================================================================================
SM 2115 1455 188 31 5.49 0.0 237.4 M 129
================================================================================
AV 70.5 48.5 7.9 FASTST M M 4 MAX(MPH)
MISC ----> # 24 160 # 40 360
================================================================================
NOTES:
# LAST OF SEVERAL OCCURRENCES
COLUMN 17 PEAK WIND IN M.P.H.
PRELIMINARY LOCAL CLIMATOLOGICAL DATA (WS FORM: F-6) , PAGE 2
STATION: BOWIE
MONTH: APRIL
YEAR: 2021
LATITUDE: 33 36 N
LONGITUDE: 97 47 W
[TEMPERATURE DATA] [PRECIPITATION DATA] SYMBOLS USED IN COLUMN 16
AVERAGE MONTHLY: 59.5 TOTAL FOR MONTH: 5.49 1 = FOG OR MIST
DPTR FM NORMAL: -2.1 DPTR FM NORMAL: 2.50 2 = FOG REDUCING VISIBILITY
HIGHEST: 88 ON 9 GRTST 24HR 3.54 ON 28-28 TO 1/4 MILE OR LESS
LOWEST: 30 ON 21 3 = THUNDER
SNOW, ICE PELLETS, HAIL 4 = ICE PELLETS
TOTAL MONTH: 0.0 INCH 5 = HAIL
GRTST 24HR 0.0 6 = FREEZING RAIN OR DRIZZLE
GRTST DEPTH: M ON M 7 = DUSTSTORM OR SANDSTORM:
VSBY 1/2 MILE OR LESS
8 = SMOKE OR HAZE
[NO. OF DAYS WITH] [WEATHER - DAYS WITH] 9 = BLOWING SNOW
X = TORNADO
MAX 32 OR BELOW: 0 0.01 INCH OR MORE: 7
MAX 90 OR ABOVE: 0 0.10 INCH OR MORE: 6
MIN 32 OR BELOW: 2 0.50 INCH OR MORE: 3
MIN 0 OR BELOW: 0 1.00 INCH OR MORE: 1
[HDD (BASE 65) ]
TOTAL THIS MO. 188 CLEAR (SCALE 0-3) 14
DPTR FM NORMAL 31 PTCLDY (SCALE 4-7) 9
TOTAL FM JUL 1 2637 CLOUDY (SCALE 8-10) 7
DPTR FM NORMAL -412
[CDD (BASE 65) ]
TOTAL THIS MO. 31
DPTR FM NORMAL -24 [PRESSURE DATA]
TOTAL FM JAN 1 53 HIGHEST SLP M ON M
DPTR FM NORMAL -17 LOWEST SLP M ON M
[REMARKS]
#FINAL-04-21#