000
CXUS53 KUNR 010930
CF62WX
PRELIMINARY LOCAL CLIMATOLOGICAL DATA (WS FORM: F-6)
STATION: BUFFALO SD
MONTH: MARCH
YEAR: 2024
LATITUDE: 45 35 N
LONGITUDE: 103 33 W
TEMPERATURE IN F: :PCPN: SNOW: WIND :SUNSHINE: SKY :PK WND
================================================================================
1 2 3 4 5 6A 6B 7 8 9 10 11 12 13 14 15 16 17 18
12Z AVG MX 2MIN
DY MAX MIN AVG DEP HDD CDD WTR SNW DPTH SPD SPD DIR MIN PSBL S-S WX SPD DR
================================================================================
1 56 32 44 16 21 0 0.00 M M 12.0 23 340 M M M 32 340
2 47 29 38 10 27 0 0.00 M M 13.1 24 80 M M M 32 120
3 34 16 25 -3 40 0 0.00 M M 19.1 44 270 M M M 53 270
4 38 10 24 -5 41 0 0.00 M M 8.8 21 320 M M M 26 310
5 47 16 32 3 33 0 0.00 M M 10.5 24 120 M M M 32 120
6 38 15 27 -3 38 0 0.00 M M 13.6 26 310 M M M 34 310
7 36 13 25 -5 40 0 0.00 M M 7.3 15 180 M M M 18 180
8 46 15 31 1 34 0 0.00 M M 9.6 24 320 M M M 35 260
9 60 23 42 11 23 0 0.00 M M 5.6 15 160 M M M 21 280
10 64 30 47 16 18 0 0.00 M M 8.5 22 310 M M M 30 290
11 60 34 47 15 18 0 0.00 M M 8.8 25 330 M M M 32 320
12 62 30 46 14 19 0 0.00 M M 7.8 23 300 M M M 28 320
13 57 32 45 13 20 0 0.00 M M 12.1 26 330 M M M 33 320
14 39 21 30 -3 35 0 0.00 M M 13.8 23 320 M M M 32 330
15 59 21 40 7 25 0 0.00 M M 17.1 33 290 M M M 41 290
16 49 27 38 4 27 0 0.00 M M 18.5 33 320 M M M 42 320
17 41 18 30 -4 35 0 0.00 M M 13.0 28 320 M M M 34 330
18 70 14 42 8 23 0 0.00 M M 12.8 32 300 M M M 43 300
19 65 27 46 11 19 0 0.00 M M 11.6 29 10 M M M 38 10
20 37 18 28 -7 37 0 0.00 M M 13.3 24 130 M M M 31 130
21 28 17 23 -13 42 0 0.09 M M 9.4 17 80 M M M 21 80
22 27 20 24 -12 41 0 0.01 M M 8.8 15 110 M M M 19 110
23 24 20 22 -14 43 0 0.06 M M 17.5 25 110 M M M 34 110
24 24 17 21 -16 44 0 0.29 M M 16.4 22 60 M M M 31 100
25 21 4 13 -24 52 0 0.00 M M 10.5 21 30 M M M 25 30
26 22 -2 10 -27 55 0 0.00 M M 6.4 12 340 M M M 15 330
27 44 5 25 -13 40 0 0.00 M M 5.1 12 150 M M M 15 110
28 50 21 36 -2 29 0 0.03 M M 11.5 22 120 M M M 29 120
29 46 31 39 1 26 0 0.00 M M 15.4 33 320 M M M 42 310
30 34 29 32 -6 33 0 0.05 M M 6.7 14 80 M M M 16 70
31 32 29 31 -8 34 0 0.12 M M 13.4 21 70 M M M 29 80
================================================================================
SM 1357 632 1012 0 0.65 M 358.0 M M
================================================================================
AV 43.8 20.4 11.5 FASTST M M M MAX(MPH)
MISC ----> 44 270 53 270
================================================================================
NOTES:
# LAST OF SEVERAL OCCURRENCES
COLUMN 17 PEAK WIND IN M.P.H.
PRELIMINARY LOCAL CLIMATOLOGICAL DATA (WS FORM: F-6) , PAGE 2
STATION: BUFFALO SD
MONTH: MARCH
YEAR: 2024
LATITUDE: 45 35 N
LONGITUDE: 103 33 W
[TEMPERATURE DATA] [PRECIPITATION DATA] SYMBOLS USED IN COLUMN 16
AVERAGE MONTHLY: 32.1 TOTAL FOR MONTH: 0.65 1 = FOG OR MIST
DPTR FM NORMAL: -1.4 DPTR FM NORMAL: 0.12 2 = FOG REDUCING VISIBILITY
HIGHEST: 70 ON 18 GRTST 24HR 0.29 ON 24-24 TO 1/4 MILE OR LESS
LOWEST: -2 ON 26 3 = THUNDER
SNOW, ICE PELLETS, HAIL 4 = ICE PELLETS
TOTAL MONTH: M 5 = HAIL
GRTST 24HR M ON M 6 = FREEZING RAIN OR DRIZZLE
GRTST DEPTH: M ON M 7 = DUSTSTORM OR SANDSTORM:
VSBY 1/2 MILE OR LESS
8 = SMOKE OR HAZE
[NO. OF DAYS WITH] [WEATHER - DAYS WITH] 9 = BLOWING SNOW
X = TORNADO
MAX 32 OR BELOW: 7 0.01 INCH OR MORE: 7
MAX 90 OR ABOVE: 0 0.10 INCH OR MORE: 2
MIN 32 OR BELOW: 30 0.50 INCH OR MORE: 0
MIN 0 OR BELOW: 1 1.00 INCH OR MORE: 0
[HDD (BASE 65) ]
TOTAL THIS MO. 1012 CLEAR (SCALE 0-3) 0
DPTR FM NORMAL 35 PTCLDY (SCALE 4-7) 0
TOTAL FM JUL 1 5795 CLOUDY (SCALE 8-10) 31
DPTR FM NORMAL -778
[CDD (BASE 65) ]
TOTAL THIS MO. 0
DPTR FM NORMAL 0 [PRESSURE DATA]
TOTAL FM JAN 1 0 HIGHEST SLP 30.46 ON 15
DPTR FM NORMAL 0 LOWEST SLP 29.34 ON 3
[REMARKS]
#FINAL-03-24#