000
CXUS51 KCLE 011413
CLMCLE
CLIMATE REPORT
NATIONAL WEATHER SERVICE CLEVELAND, OH
1013 AM EDT FRI SEP 01 2023
...................................
...THE CLEVELAND OH CLIMATE SUMMARY FOR THE MONTH OF AUGUST 2023...
CLIMATE NORMAL PERIOD 1991 TO 2020
CLIMATE RECORD PERIOD 1871 TO 2023
WEATHER OBSERVED NORMAL DEPART LAST YEAR`S
VALUE DATE(S) VALUE FROM VALUE
NORMAL
..............................................................
TEMPERATURE (F)
RECORD
HIGH 102 08/27/1948
LOW 38 08/29/1982
HIGHEST 86 08/12
08/20
08/24
LOWEST 52 08/28
08/29
AVG. MAXIMUM 79.0 82.0 -3.0 81.8
AVG. MINIMUM 62.5 63.9 -1.4 64.2
MEAN 70.7 73.0 -2.3 73.0
DAYS MAX >= 90 0 3.1 -3.1 2
DAYS MAX <= 32 0 0.0 0.0 0
DAYS MIN <= 32 0 0.0 0.0 0
DAYS MIN <= 0 0 0.0 0.0 0
PRECIPITATION (INCHES)
RECORD
MAXIMUM 9.03 2007
MINIMUM 0.17 1881
TOTALS 6.37 3.56 2.81 5.63
DAYS >= .01 14 10.3 3.7 11
DAYS >= .10 8 6.2 1.8 6
DAYS >= .50 3 1.8 1.2 4
DAYS >= 1.00 1 0.9 0.1 2
GREATEST
24 HR. TOTAL 2.84 08/23 TO 08/24 1.86
SNOWFALL (INCHES)
RECORDS
TOTAL T 2008
TOTALS 0.0 0.0 0.0 0.0
SINCE 7/1 0.0 0.0 0.0 0.0
DAYS >= 1.0 0 0.0 0.0 0
GREATEST
24 HR TOTAL 0.0
DEGREE DAYS
HEATING TOTAL 4 4 0 0
SINCE 7/1 4 2 2 0
COOLING TOTAL 191 251 -60 254
SINCE 1/1 611 818 -207 883
..............................................................
WIND (MPH)
AVERAGE WIND SPEED 7.6
HIGHEST WIND SPEED/DIRECTION 32/310 DATE 08/24
HIGHEST GUST SPEED/DIRECTION 52/310 DATE 08/24
SKY COVER
AVERAGE SKY COVER 0.54
AVERAGE RH (PERCENT) 73
WEATHER CONDITIONS. NUMBER OF DAYS WITH
THUNDERSTORM 6 MIXED PRECIP 0
HEAVY RAIN 6 RAIN 5
LIGHT RAIN 14 FREEZING RAIN 0
LT FREEZING RAIN 0 HAIL 0
HEAVY SNOW 0 SNOW 0
LIGHT SNOW 0 SLEET 0
FOG 14 FOG W/VIS <= 1/4 MILE 1
HAZE 1
- INDICATES NEGATIVE NUMBERS.
R INDICATES RECORD WAS SET OR TIED.
MM INDICATES DATA IS MISSING.
T INDICATES TRACE AMOUNT.
$$