000
CXUS54 KHGX 072354
CF6CXO
PRELIMINARY LOCAL CLIMATOLOGICAL DATA (WS FORM: F-6)
STATION: CONROE
MONTH: JULY
YEAR: 2021
LATITUDE: 30 21 N
LONGITUDE: 95 25 W
TEMPERATURE IN F: :PCPN: SNOW: WIND :SUNSHINE: SKY :PK WND
================================================================================
1 2 3 4 5 6A 6B 7 8 9 10 11 12 13 14 15 16 17 18
12Z AVG MX 2MIN
DY MAX MIN AVG DEP HDD CDD WTR SNW DPTH SPD SPD DIR MIN PSBL S-S WX SPD DR
================================================================================
1 93 71 82 0 0 17 0.00 0.0 0 1.5 9 170 M M 1 1 10 180
2 93 74 84 2 0 19 0.00 0.0 0 3.0 14 10 M M 1 13 21 10
3 82 74 78 -4 0 13 0.38 0.0 0 2.1 13 340 M M 6 13 19 330
4 88 73 81 -1 0 16 0.32 0.0 0 2.3 12 230 M M 7 13 16 230
5 85 74 80 -2 0 15 T 0.0 0 2.7 17 120 M M 4 13 24 150
6 89 73 81 -1 0 16 0.20 0.0 0 4.9 20 170 M M 3 1 23 170
7 87 72 80 -2 0 15 0.00 0.0 0 4.5 16 160 M M 5 21 180
8 86 73 80 -2 0 15 0.59 0.0 0 5.5 22 100 M M 6 18 32 110
9 83 70 77 -5 0 12 0.30 0.0 0 5.7 24 160 M M 6 1 29 160
10 92 73 83 1 0 18 0.02 0.0 0 5.9 17 190 M M 6 12 23 170
11 89 70 80 -2 0 15 0.50 0.0 0 4.8 21 20 M M 3 12 33 20
12 84 69 77 -6 0 12 0.60 0.0 0 3.7 23 300 M M 5 13 32 290
13 92 68 80 -3 0 15 0.11 0.0 0 2.1 22 130 M M 1 13 32 110
14 88 68 78 -5 0 13 0.12 0.0 0 2.3 16 160 M M 2 13 20 160
15 91 73 82 -1 0 17 0.55 0.0 0 3.1 23 210 M M 3 1238 33 200
16 91 72 82 -1 0 17 0.00 0.0 0 5.5 20 190 M M 2 13 26 190
17 94 71 83 0 0 18 0.00 0.0 0 3.8 13 160 M M 2 1 17 180
18 94 72 83 0 0 18 0.00 0.0 0 3.2 17 150 M M 2 1 23 160
19 92 74 83 0 0 18 0.02 0.0 0 3.8 16 350 M M 3 1 23 350
20 90 74 82 -1 0 17 0.01 0.0 0 3.0 12 340 M M 6 1 16 40
21 91 72 82 -1 0 17 0.00 0.0 0 3.6 14 80 M M 1 13 17 90
22 91 70 81 -2 0 16 T 0.0 0 3.0 13 210 M M 1 13 16 200
23 96 72 84 1 0 19 0.00 0.0 0 5.6 14 180 M M 2 1 17 180
24 96 71 84 0 0 19 0.00 0.0 0 3.8 12 200 M M 1 1 16 170
25 96 72 84 0 0 19 0.00 0.0 0 2.9 10 260 M M 1 1 15 270
26 95 72 84 0 0 19 0.00 0.0 0 3.4 9 280 M M 0 1 13 290
27 98 73 86 2 0 21 T 0.0 0 3.9 26 220 M M 2 13 33 220
28 94 69 82 -2 0 17 0.00 0.0 0 2.0 9 140 M M 0 13 80
29 96 75 86 2 0 21 0.00 0.0 0 2.7 10 130 M M 2 1 15 160
30 96 75 86 2 0 21 0.00 0.0 0 2.6 16 170 M M 0 1 19 180
31 98 73 86 2 0 21 0.00 0.0 0 3.1 16 170 M M 3 3 21 170
================================================================================
SM 2830 2232 0 526 3.72 0.0 110.0 M 87
================================================================================
AV 91.3 72.0 3.5 FASTST M M 3 MAX(MPH)
MISC ----> 26 220 # 33 20
================================================================================
NOTES:
# LAST OF SEVERAL OCCURRENCES
COLUMN 17 PEAK WIND IN M.P.H.
PRELIMINARY LOCAL CLIMATOLOGICAL DATA (WS FORM: F-6) , PAGE 2
STATION: CONROE
MONTH: JULY
YEAR: 2021
LATITUDE: 30 21 N
LONGITUDE: 95 25 W
[TEMPERATURE DATA] [PRECIPITATION DATA] SYMBOLS USED IN COLUMN 16
AVERAGE MONTHLY: 81.6 TOTAL FOR MONTH: 3.72 1 = FOG OR MIST
DPTR FM NORMAL: -1.3 DPTR FM NORMAL: 0.57 2 = FOG REDUCING VISIBILITY
HIGHEST: 98 ON 31,27 GRTST 24HR 0.86 ON 8- 9 TO 1/4 MILE OR LESS
LOWEST: 68 ON 14,13 3 = THUNDER
SNOW, ICE PELLETS, HAIL 4 = ICE PELLETS
TOTAL MONTH: 0.0 INCH 5 = HAIL
GRTST 24HR 0.0 6 = FREEZING RAIN OR DRIZZLE
GRTST DEPTH: 0 7 = DUSTSTORM OR SANDSTORM:
VSBY 1/2 MILE OR LESS
8 = SMOKE OR HAZE
[NO. OF DAYS WITH] [WEATHER - DAYS WITH] 9 = BLOWING SNOW
X = TORNADO
MAX 32 OR BELOW: 0 0.01 INCH OR MORE: 13
MAX 90 OR ABOVE: 21 0.10 INCH OR MORE: 10
MIN 32 OR BELOW: 0 0.50 INCH OR MORE: 4
MIN 0 OR BELOW: 0 1.00 INCH OR MORE: 0
[HDD (BASE 65) ]
TOTAL THIS MO. 0 CLEAR (SCALE 0-3) 20
DPTR FM NORMAL 0 PTCLDY (SCALE 4-7) 11
TOTAL FM JUL 1 0 CLOUDY (SCALE 8-10) 0
DPTR FM NORMAL 0
[CDD (BASE 65) ]
TOTAL THIS MO. 526
DPTR FM NORMAL -27 [PRESSURE DATA]
TOTAL FM JAN 1 1556 HIGHEST SLP 30.20 ON 14
DPTR FM NORMAL 17 LOWEST SLP 29.87 ON 7
[REMARKS]
#FINAL-07-21#