000
CXUS53 KDVN 010836
CLMDVN
CLIMATE REPORT
NATIONAL WEATHER SERVICE QUAD CITIES IA IL
336 AM CDT TUE AUG 01 2023
...................................
...THE DAVENPORT IA CLIMATE SUMMARY FOR THE MONTH OF JULY 2023...
CLIMATE NORMAL PERIOD 1991 TO 2020
CLIMATE RECORD PERIOD 9999 TO 9999
WEATHER OBSERVED NORMAL DEPART LAST YEAR`S
VALUE DATE(S) VALUE FROM VALUE
NORMAL
..............................................................
TEMPERATURE (F)
HIGHEST 95 07/28 84 11
LOWEST 52 07/07 63 -11
07/18
AVG. MAXIMUM 84.5 83.8 0.7
AVG. MINIMUM 62.3 63.6 -1.3
MEAN 73.4 73.7 -0.3
DAYS MAX >= 90 4
DAYS MAX <= 32 0
DAYS MIN <= 32 0
DAYS MIN <= 0 0
PRECIPITATION (INCHES)
TOTALS 3.38R 4.07 -0.69
DAILY AVG. 0.11 0.13 -0.02
DAYS >= .01 11
DAYS >= .10 6
DAYS >= .50 2
DAYS >= 1.00 1
GREATEST
24 HR. TOTAL 1.73 07/12 TO 07/12
SNOWFALL (INCHES)
TOTALS T
SINCE 7/1 0.0
SNOWDEPTH AVG. 0
DAYS >= TRACE 1
DAYS >= 1.0 0
GREATEST
SNOW DEPTH 0
24 HR TOTAL MM
DEGREE DAYS
HEATING TOTAL 0 4 -4
SINCE 7/1 0 0 0
COOLING TOTAL 268 274 -6
SINCE 1/1 594 554 40
..............................................................
WIND (MPH)
AVERAGE WIND SPEED 5.8
HIGHEST WIND SPEED/DIRECTION 38/320 DATE 07/28
HIGHEST GUST SPEED/DIRECTION 58/330 DATE 07/28
SKY COVER
POSSIBLE SUNSHINE (PERCENT) MM
AVERAGE SKY COVER 0.19
NUMBER OF DAYS FAIR 25
NUMBER OF DAYS PC 6
NUMBER OF DAYS CLOUDY 0
AVERAGE RH (PERCENT) 72
WEATHER CONDITIONS. NUMBER OF DAYS WITH
THUNDERSTORM 9 HAIL 0
SLEET 0 FOG 21
FOG W/VIS <= 1/4 MILE 2 HAZE 10
- INDICATES NEGATIVE NUMBERS.
R INDICATES RECORD WAS SET OR TIED.
MM INDICATES DATA IS MISSING.
T INDICATES TRACE AMOUNT.
$$