000
CXUS56 KPQR 011200
CF6HIO
PRELIMINARY LOCAL CLIMATOLOGICAL DATA (WS FORM: F-6)
STATION: HILLSBORO OR
MONTH: FEBRUARY
YEAR: 2020
LATITUDE: 45 32 N
LONGITUDE: 122 57 W
TEMPERATURE IN F: :PCPN: SNOW: WIND :SUNSHINE: SKY :PK WND
================================================================================
1 2 3 4 5 6A 6B 7 8 9 10 11 12 13 14 15 16 17 18
12Z AVG MX 2MIN
DY MAX MIN AVG DEP HDD CDD WTR SNW DPTH SPD SPD DIR MIN PSBL S-S WX SPD DR
================================================================================
1 56 37 47 5 18 0 0.09 M M 10.4 21 180 M M 7 18 28 190
2 46 29 38 -4 27 0 0.00 M M 2.1 8 270 M M 6 12 10 60
3 46 27 37 -5 28 0 0.05 M M 2.5 10 360 M M 7 12 13 360
4 41 24 33 -9 32 0 T M M 4.0 15 180 M M 7 20 180
5 50 38 44 2 21 0 0.16 M M 1.5 9 170 M M 9 12 11 230
6 58 49 54 12 11 0 T M M 9.5 17 220 M M 10 1 24 240
7 55 44 50 8 15 0 0.06 M M 12.3 21 240 M M 9 18 32 190
8 47 34 41 -1 24 0 0.10 M M 6.8 20 310 M M 7 25 310
9 47 28 38 -4 27 0 0.00 M M 2.3 9 60 M M 5 12 12 60
10 52 31 42 0 23 0 0.00 M M 1.5 7 300 M M 5 12 9 40
11 41 30 36 -6 29 0 0.00 M M 0.9 7 150 M M 6 1 8 150
12 51 31 41 -1 24 0 0.00 M M 1.8 7 290 M M 7 1 8 300
13 44 28 36 -6 29 0 0.07 M M 2.7 14 320 M M 8 128 19 320
14 49 32 41 -1 24 0 T M M 3.3 12 170 M M 8 12 14 170
15 45 42 44 2 21 0 0.57 M M 8.2 15 180 M M 10 1 19 190
16 50 34 42 0 23 0 0.04 M M 4.4 14 250 M M 7 12 19 270
17 49 32 41 -1 24 0 0.04 M M 2.5 12 360 M M 7 12 15 360
18 52 27 40 -2 25 0 0.00 M M 4.1 15 60 M M 2 12 20 30
19 55 28 42 -1 23 0 0.00 M M 10.6 21 80 M M 0 28 80
20 57 29 43 0 22 0 0.00 M M 5.5 14 80 M M 0 19 80
21 58 25 42 -1 23 0 0.00 M M 1.3 6 330 M M 0 7 180
22 56 28 42 -1 23 0 0.00 M M 1.2 10 50 M M 4 1 12 50
23 51 39 45 2 20 0 0.10 M M 11.3 29 270 M M 8 1 40 260
24 50 33 42 -1 23 0 T M M 2.9 12 170 M M 7 14 180
25 56 28 42 -1 23 0 0.00 M M 1.7 8 150 M M 5 1 9 150
26 56 35 46 3 19 0 0.00 M M 2.1 10 60 M M 6 14 70
27 64 30 47 3 18 0 0.00 M M 0.9 5 270 M M 1 1 6 330
28 57 31 44 0 21 0 0.02 M M 5.6 18 230 M M 5 128 25 240
29 48 31 40 -4 25 0 0.19 M M 5.1 16 310 M M 8 1 25 170
================================================================================
SM 1487 934 665 0 1.49 M 129.0 M 171
================================================================================
AV 51.3 32.2 4.4 FASTST M M 6 MAX(MPH)
MISC ----> # 29 270 # 40 260
================================================================================
NOTES:
# LAST OF SEVERAL OCCURRENCES
COLUMN 17 PEAK WIND IN M.P.H.
PRELIMINARY LOCAL CLIMATOLOGICAL DATA (WS FORM: F-6) , PAGE 2
STATION: HILLSBORO OR
MONTH: FEBRUARY
YEAR: 2020
LATITUDE: 45 32 N
LONGITUDE: 122 57 W
[TEMPERATURE DATA] [PRECIPITATION DATA] SYMBOLS USED IN COLUMN 16
AVERAGE MONTHLY: 41.7 TOTAL FOR MONTH: 1.49 1 = FOG OR MIST
DPTR FM NORMAL: -0.6 DPTR FM NORMAL: -2.92 2 = FOG REDUCING VISIBILITY
HIGHEST: 64 ON 27 GRTST 24HR 0.57 ON 15-15 TO 1/4 MILE OR LESS
LOWEST: 24 ON 4 3 = THUNDER
SNOW, ICE PELLETS, HAIL 4 = ICE PELLETS
TOTAL MONTH: M 5 = HAIL
GRTST 24HR M ON M 6 = FREEZING RAIN OR DRIZZLE
GRTST DEPTH: M ON M 7 = DUSTSTORM OR SANDSTORM:
VSBY 1/2 MILE OR LESS
8 = SMOKE OR HAZE
[NO. OF DAYS WITH] [WEATHER - DAYS WITH] 9 = BLOWING SNOW
X = TORNADO
MAX 32 OR BELOW: 0 0.01 INCH OR MORE: 12
MAX 90 OR ABOVE: 0 0.10 INCH OR MORE: 5
MIN 32 OR BELOW: 19 0.50 INCH OR MORE: 1
MIN 0 OR BELOW: 0 1.00 INCH OR MORE: 0
[HDD (BASE 65) ]
TOTAL THIS MO. 665 CLEAR (SCALE 0-3) 5
DPTR FM NORMAL 31 PTCLDY (SCALE 4-7) 18
TOTAL FM JUL 1 3306 CLOUDY (SCALE 8-10) 6
DPTR FM NORMAL -242
[CDD (BASE 65) ]
TOTAL THIS MO. 0
DPTR FM NORMAL 0 [PRESSURE DATA]
TOTAL FM JAN 1 0 HIGHEST SLP 30.63 ON 24
DPTR FM NORMAL 0 LOWEST SLP 29.95 ON 23
[REMARKS]
#FINAL-02-20#