000
CXUS56 KPQR 011200
CF6HIO
PRELIMINARY LOCAL CLIMATOLOGICAL DATA (WS FORM: F-6)
STATION: HILLSBORO OR
MONTH: MARCH
YEAR: 2020
LATITUDE: 45 32 N
LONGITUDE: 122 57 W
TEMPERATURE IN F: :PCPN: SNOW: WIND :SUNSHINE: SKY :PK WND
================================================================================
1 2 3 4 5 6A 6B 7 8 9 10 11 12 13 14 15 16 17 18
12Z AVG MX 2MIN
DY MAX MIN AVG DEP HDD CDD WTR SNW DPTH SPD SPD DIR MIN PSBL S-S WX SPD DR
================================================================================
1 49 31 40 -4 25 0 T M M 2.6 9 290 M M 9 128 11 310
2 49 39 44 0 21 0 T M M 6.4 15 180 M M 10 18 170
3 60 40 50 6 15 0 0.00 M M 6.8 15 210 M M 9 20 190
4 55 36 46 2 19 0 0.00 M M 2.6 9 260 M M 3 12 310
5 57 31 44 0 21 0 0.00 M M 3.1 14 260 M M 3 19 190
6 48 41 45 0 20 0 0.35 M M 4.6 12 170 M M 10 1 14 180
7 46 34 40 -5 25 0 0.13 M M 2.6 12 180 M M 8 18 15 180
8 50 30 40 -5 25 0 0.00 M M 2.7 8 310 M M 6 10 330
9 57 26 42 -3 23 0 0.00 M M 1.5 7 290 M M 0 1 11 130
10 61 27 44 -1 21 0 0.00 M M 1.9 9 320 M M 0 12 330
11 56 35 46 1 19 0 T M M 6.0 17 310 M M 5 23 320
12 56 28 42 -4 23 0 0.00 M M 5.0 14 310 M M 1 1 18 320
13 42 34 38 -8 27 0 0.09 M M 2.6 9 150 M M 8 1 11 150
14 40 32 36 -10 29 0 0.39 M M 9.6 22 90 M M 10 1 28 70
15 46 34 40 -6 25 0 0.00 M M 16.6 25 80 M M 2 36 70
16 61 28 45 -1 20 0 0.00 M M 5.9 16 50 M M 1 22 40
17 60 26 43 -3 22 0 0.00 M M 2.3 12 300 M M 0 8 14 290
18 58 31 45 -1 20 0 0.00 M M 1.9 8 290 M M 4 10 270
19 63 30 47 0 18 0 0.00 M M 2.5 10 290 M M 0 1 12 300
20 67 34 51 4 14 0 0.00 M M 2.9 14 340 M M 1 17 340
21 61 31 46 -1 19 0 0.00 M M 2.3 12 310 M M 1 14 310
22 62 30 46 -1 19 0 0.00 M M 3.6 18 290 M M 0 1 23 300
23 53 42 48 1 17 0 0.05 M M 9.2 20 270 M M 9 29 270
24 50 38 44 -3 21 0 0.10 M M 6.4 15 290 M M 9 19 300
25 52 33 43 -4 22 0 0.05 M M 2.9 14 330 M M 8 1 16 320
26 51 29 40 -8 25 0 T M M 2.3 15 260 M M 8 12 17 260
27 49 40 45 -3 20 0 0.14 M M 6.8 14 170 M M 10 18 180
28 53 46 50 2 15 0 0.03 M M 10.3 18 180 M M 7 25 160
29 57 46 52 4 13 0 0.41 M M 10.0 21 170 M M 9 1 27 180
30 50 42 46 -2 19 0 0.30 M M 10.1 24 240 M M 9 1 31 250
31 52 39 46 -2 19 0 0.08 M M 7.1 23 290 M M 5 1 29 280
================================================================================
SM 1671 1063 641 0 2.12 M 161.1 M 165
================================================================================
AV 53.9 34.3 5.2 FASTST M M 5 MAX(MPH)
MISC ----> # 25 80 # 36 70
================================================================================
NOTES:
# LAST OF SEVERAL OCCURRENCES
COLUMN 17 PEAK WIND IN M.P.H.
PRELIMINARY LOCAL CLIMATOLOGICAL DATA (WS FORM: F-6) , PAGE 2
STATION: HILLSBORO OR
MONTH: MARCH
YEAR: 2020
LATITUDE: 45 32 N
LONGITUDE: 122 57 W
[TEMPERATURE DATA] [PRECIPITATION DATA] SYMBOLS USED IN COLUMN 16
AVERAGE MONTHLY: 44.1 TOTAL FOR MONTH: 2.12 1 = FOG OR MIST
DPTR FM NORMAL: -2.0 DPTR FM NORMAL: -1.61 2 = FOG REDUCING VISIBILITY
HIGHEST: 67 ON 20 GRTST 24HR 0.41 ON 29-29 TO 1/4 MILE OR LESS
LOWEST: 26 ON 17, 9 3 = THUNDER
SNOW, ICE PELLETS, HAIL 4 = ICE PELLETS
TOTAL MONTH: M 5 = HAIL
GRTST 24HR M ON M 6 = FREEZING RAIN OR DRIZZLE
GRTST DEPTH: M ON M 7 = DUSTSTORM OR SANDSTORM:
VSBY 1/2 MILE OR LESS
8 = SMOKE OR HAZE
[NO. OF DAYS WITH] [WEATHER - DAYS WITH] 9 = BLOWING SNOW
X = TORNADO
MAX 32 OR BELOW: 0 0.01 INCH OR MORE: 12
MAX 90 OR ABOVE: 0 0.10 INCH OR MORE: 7
MIN 32 OR BELOW: 14 0.50 INCH OR MORE: 0
MIN 0 OR BELOW: 0 1.00 INCH OR MORE: 0
[HDD (BASE 65) ]
TOTAL THIS MO. 641 CLEAR (SCALE 0-3) 11
DPTR FM NORMAL 54 PTCLDY (SCALE 4-7) 8
TOTAL FM JUL 1 3947 CLOUDY (SCALE 8-10) 12
DPTR FM NORMAL -167
[CDD (BASE 65) ]
TOTAL THIS MO. 0
DPTR FM NORMAL 0 [PRESSURE DATA]
TOTAL FM JAN 1 0 HIGHEST SLP 30.45 ON 1
DPTR FM NORMAL 0 LOWEST SLP 29.58 ON 14
[REMARKS]
#FINAL-03-20#