000
CXUS52 KGSP 011125
CF6HKY
PRELIMINARY LOCAL CLIMATOLOGICAL DATA (WS FORM: F-6)
STATION: HICKORY NC
MONTH: JUNE
YEAR: 2022
LATITUDE: 35 45 N
LONGITUDE: 81 23 W
TEMPERATURE IN F: :PCPN: SNOW: WIND :SUNSHINE: SKY :PK WND
================================================================================
1 2 3 4 5 6A 6B 7 8 9 10 11 12 13 14 15 16 17 18
12Z AVG MX 2MIN
DY MAX MIN AVG DEP HDD CDD WTR SNW DPTH SPD SPD DIR MIN PSBL S-S WX SPD DR
================================================================================
1 91 65 78 7 0 13 0.00 M M 3.2 8 220 M M 1 11 340
2 90 67 79 8 0 14 0.64 M M 5.3 26 270 M M 2 123 34 270
3 77 63 70 -1 0 5 0.05 M M 3.2 12 10 M M 5 1 15 20
4 82 58 70 -2 0 5 0.00 M M 4.4 12 70 M M 1 17 20
5 81 57 69 -3 0 4 0.00 M M 3.3 13 60 M M 1 23 60
6 82 58 70 -2 0 5 0.00 M M 2.0 10 190 M M 4 15 200
7 81 66 74 2 0 9 T M M 5.9 14 200 M M 5 19 180
8 85 66 76 3 0 11 0.20 M M 2.3 14 200 M M 4 13 18 190
9 87 64 76 3 0 11 0.00 M M 6.7 18 260 M M 1 1 24 280
10 80 58 69 -4 0 4 0.00 M M 2.0 10 20 M M 3 15 20
11 84 62 73 -1 0 8 0.00 M M 2.5 10 230 M M 3 14 190
12 91 67 79 5 0 14 0.02 M M 2.7 10 280 M M 3 1 15 250
13 93 71 82 8 0 17 0.00 M M 1.8 7 190 M M 1 9 190
14 91 69 80 6 0 15 0.11 M M 4.7 16 20 M M 2 13 25 20
15 95 73 84 10 0 19 0.00 M M 2.2 9 60 M M 2 12 60
16 95 71 83 8 0 18 0.00 M M 2.8 13 190 M M 2 3 16 180
17 95 68 82 7 0 17 0.00 M M 5.5 21 330 M M 1 30 320
18 88 63 76 1 0 11 0.00 M M 8.2 18 10 M M 0 24 10
19 86 56 71 -4 0 6 0.00 M M 3.0 12 330 M M 0 20 360
20 83 54 69 -7 0 4 0.00 M M 1.8 9 90 M M 0 13 90
21 94 58 76 0 0 11 0.00 M M 1.8 8 20 M M 0 11 360
22 99 65 82 6 0 17 0.00 M M 6.3 13 290 M M 0 19 310
23 92 72 82 6 0 17 0.01 M M 3.2 14 70 M M 2 3 20 50
24 87 71 79 3 0 14 0.00 M M 4.4 12 220 M M 6 18 230
25 88 71 80 4 0 15 0.00 M M 4.1 16 230 M M 5 19 230
26 84 69 77 0 0 12 0.12 M M 2.6 10 190 M M 6 13 15 190
27 90 68 79 2 0 14 0.07 M M 3.2 12 300 M M 4 1 16 280
28 83 65 74 -3 0 9 0.00 M M 3.3 13 60 M M 4 17 50
29 86 68 77 0 0 12 0.00 M M 2.6 10 190 M M 6 8 14 190
30 89 68 79 2 0 14 0.00 M M 2.5 10 200 M M 1 1 15 190
================================================================================
SM 2629 1951 0 345 1.22 M 107.5 M 75
================================================================================
AV 87.6 65.0 3.6 FASTST M M 3 MAX(MPH)
MISC ----> 26 270 34 270
================================================================================
NOTES:
# LAST OF SEVERAL OCCURRENCES
COLUMN 17 PEAK WIND IN M.P.H.
PRELIMINARY LOCAL CLIMATOLOGICAL DATA (WS FORM: F-6) , PAGE 2
STATION: HICKORY NC
MONTH: JUNE
YEAR: 2022
LATITUDE: 35 45 N
LONGITUDE: 81 23 W
[TEMPERATURE DATA] [PRECIPITATION DATA] SYMBOLS USED IN COLUMN 16
AVERAGE MONTHLY: 76.3 TOTAL FOR MONTH: 1.22 1 = FOG OR MIST
DPTR FM NORMAL: 2.0 DPTR FM NORMAL: -3.13 2 = FOG REDUCING VISIBILITY
HIGHEST: 99 ON 22 GRTST 24HR 0.69 ON 2- 3 TO 1/4 MILE OR LESS
LOWEST: 54 ON 20 3 = THUNDER
SNOW, ICE PELLETS, HAIL 4 = ICE PELLETS
TOTAL MONTH: M 5 = HAIL
GRTST 24HR M ON M 6 = FREEZING RAIN OR DRIZZLE
GRTST DEPTH: M ON M 7 = DUSTSTORM OR SANDSTORM:
VSBY 1/2 MILE OR LESS
8 = SMOKE OR HAZE
[NO. OF DAYS WITH] [WEATHER - DAYS WITH] 9 = BLOWING SNOW
X = TORNADO
MAX 32 OR BELOW: 0 0.01 INCH OR MORE: 8
MAX 90 OR ABOVE: 12 0.10 INCH OR MORE: 4
MIN 32 OR BELOW: 0 0.50 INCH OR MORE: 1
MIN 0 OR BELOW: 0 1.00 INCH OR MORE: 0
[HDD (BASE 65) ]
TOTAL THIS MO. 0 CLEAR (SCALE 0-3) 19
DPTR FM NORMAL -5 PTCLDY (SCALE 4-7) 11
TOTAL FM JUL 1 2958 CLOUDY (SCALE 8-10) 0
DPTR FM NORMAL -586
[CDD (BASE 65) ]
TOTAL THIS MO. 345
DPTR FM NORMAL 60 [PRESSURE DATA]
TOTAL FM JAN 1 549 HIGHEST SLP 30.25 ON 20
DPTR FM NORMAL 116 LOWEST SLP 29.71 ON 2
[REMARKS]
#FINAL-06-22#