311
CXUS53 KILX 020219
CF6ILX
PRELIMINARY LOCAL CLIMATOLOGICAL DATA (WS FORM: F-6)
STATION: LINCOLN IL
MONTH: NOVEMBER
YEAR: 2020
LATITUDE: 40 9 N
LONGITUDE: 89 20 W
TEMPERATURE IN F: :PCPN: SNOW: WIND :SUNSHINE: SKY :PK WND
================================================================================
1 2 3 4 5 6A 6B 7 8 9 10 11 12 13 14 15 16 17 18
12Z AVG MX 2MIN
DY MAX MIN AVG DEP HDD CDD WTR SNW DPTH SPD SPD DIR MIN PSBL S-S WX SPD DR
================================================================================
1 55 27 41 -7 24 0 0.00 0.0 0 M M M M M M M M
2 55 18 37 -11 28 0 0.00 0.0 0 M M M M M M M M
3 71 28 50 2 15 0 0.00 0.0 0 M M M M M M M M
4 75 48 62 15 3 0 0.00 0.0 0 M M M M M M M M
5 71 48 60 13 5 0 0.00 0.0 0 M M M M M M M M
6 76 38 57 10 8 0 0.00 0.0 0 M M M M M M M M
7 73 37 55 9 10 0 0.00 0.0 0 M M M M M M M M
8 77 50 64 18 1 0 0.00 0.0 0 M M M M M M M M
9 77 57 67 22 0 2 0.00 0.0 0 M M M M M M M M
10 75 41 58 13 7 0 0.32 0.0 0 M M M M M M 3 M M
11 48 29 39 -5 26 0 0.00 0.0 0 M M M M M M M M
12 55 27 41 -3 24 0 0.00 0.0 0 M M M M M M M M
13 46 21 34 -10 31 0 0.00 0.0 0 M M M M M M M M
14 55 22 39 -4 26 0 0.29 0.0 0 M M M M M M M M
15 57 40 49 7 16 0 0.01 0.0 0 M M M M M M M M
16 59 32 46 4 19 0 0.00 0.0 0 M M M M M M M M
17 46 25 36 -6 29 0 0.00 0.0 0 M M M M M M M M
18 54 26 40 -1 25 0 0.00 0.0 0 M M M M M M M M
19 71 43 57 16 8 0 0.00 0.0 0 M M M M M M M M
20 65 49 57 17 8 0 T 0.0 0 M M M M M M M M
21 51 44 48 8 17 0 0.53 0.0 0 M M M M M M 1 M M
22 46 38 42 3 23 0 0.16 0.0 0 M M M M M M M M
23 44 31 38 0 27 0 0.15 T 0 M M M M M M M M
24 50 36 43 5 22 0 0.48 0.0 0 M M M M M M M M
25 50 44 47 9 18 0 0.31 0.0 0 M M M M M M 1 M M
26 47 33 40 3 25 0 0.00 0.0 0 M M M M M M M M
27 47 29 38 2 27 0 0.00 0.0 0 M M M M M M 1 M M
28 51 24 38 2 27 0 0.00 0.0 0 M M M M M M M M
29 51 29 40 4 25 0 T 0.0 0 M M M M M M M M
30 36 26 31 -4 34 0 T T 0 M M M M M M M M
================================================================================
SM 1734 1040 558 2 2.25 T M M M
================================================================================
AV 57.8 34.7 M FASTST M M M MAX(MPH)
MISC ----> M M M M
================================================================================
NOTES:
# LAST OF SEVERAL OCCURRENCES
COLUMN 17 PEAK WIND IN M.P.H.
PRELIMINARY LOCAL CLIMATOLOGICAL DATA (WS FORM: F-6) , PAGE 2
STATION: LINCOLN IL
MONTH: NOVEMBER
YEAR: 2020
LATITUDE: 40 9 N
LONGITUDE: 89 20 W
[TEMPERATURE DATA] [PRECIPITATION DATA] SYMBOLS USED IN COLUMN 16
AVERAGE MONTHLY: 46.2 TOTAL FOR MONTH: 2.25 1 = FOG OR MIST
DPTR FM NORMAL: 4.1 DPTR FM NORMAL: -1.00 2 = FOG REDUCING VISIBILITY
HIGHEST: 77 ON 9, 8 GRTST 24HR 0.53 ON 21-21 TO 1/4 MILE OR LESS
LOWEST: 18 ON 2 3 = THUNDER
SNOW, ICE PELLETS, HAIL 4 = ICE PELLETS
TOTAL MONTH: T 5 = HAIL
GRTST 24HR T ON 23-23 6 = FREEZING RAIN OR DRIZZLE
GRTST DEPTH: 0 7 = DUSTSTORM OR SANDSTORM:
VSBY 1/2 MILE OR LESS
8 = SMOKE OR HAZE
[NO. OF DAYS WITH] [WEATHER - DAYS WITH] 9 = BLOWING SNOW
X = TORNADO
MAX 32 OR BELOW: 0 0.01 INCH OR MORE: 8
MAX 90 OR ABOVE: 0 0.10 INCH OR MORE: 7
MIN 32 OR BELOW: 15 0.50 INCH OR MORE: 1
MIN 0 OR BELOW: 0 1.00 INCH OR MORE: 0
[HDD (BASE 65) ]
TOTAL THIS MO. 558 CLEAR (SCALE 0-3) 0
DPTR FM NORMAL -129 PTCLDY (SCALE 4-7) 0
TOTAL FM JUL 1 1050 CLOUDY (SCALE 8-10) 30
DPTR FM NORMAL -91
[CDD (BASE 65) ]
TOTAL THIS MO. 2
DPTR FM NORMAL 2 [PRESSURE DATA]
TOTAL FM JAN 1 1023 HIGHEST SLP M ON M
DPTR FM NORMAL 6 LOWEST SLP M ON M
[REMARKS]
#FINAL-11-20#