000
CXUS52 KJAX 140826
CF6JAX
PRELIMINARY LOCAL CLIMATOLOGICAL DATA (WS FORM: F-6)
STATION: JACKSONVILLE
MONTH: FEBRUARY
YEAR: 2021
LATITUDE: 30 30 N
LONGITUDE: 81 42 W
TEMPERATURE IN F: :PCPN: SNOW: WIND :SUNSHINE: SKY :PK WND
================================================================================
1 2 3 4 5 6A 6B 7 8 9 10 11 12 13 14 15 16 17 18
12Z AVG MX 2MIN
DY MAX MIN AVG DEP HDD CDD WTR SNW DPTH SPD SPD DIR MIN PSBL S-S WX SPD DR
================================================================================
1 60 43 52 -2 13 0 0.03 0.0 0 13.3 25 290 M M 10 13 33 290
2 52 35 44 -10 21 0 0.00 0.0 0 14.4 26 300 M M 5 37 300
3 55 29 42 -13 23 0 0.00 0.0 0 5.2 16 350 M M 1 20 340
4 64 28 46 -9 19 0 0.00 0.0 0 3.9 12 140 M M 5 1 14 160
5 62 48 55 0 10 0 0.12 0.0 0 8.5 21 200 M M 10 1 26 190
6 56 48 52 -3 13 0 1.01 0.0 0 7.3 20 60 M M 10 13 24 60
7 60 42 51 -4 14 0 0.49 0.0 0 6.3 16 280 M M 8 13 21 290
8 70 40 55 0 10 0 0.00 0.0 0 6.4 15 70 M M 7 19 80
9 64 55 60 4 5 0 0.75 0.0 0 2.6 17 130 M M 9 123 21 130
10 77 59 68 12 0 3 0.30 0.0 0 4.3 14 360 M M 8 12 16 10
11 81 58 70 14 0 5 T 0.0 0 3.6 10 120 M M 8 12 16 240
12 74 54 64 8 1 0 0.57 0.0 0 5.6 23 50 M M 9 13 24 50
13 67 52 60 4 5 0 0.13 0.0 0 7.7 15 50 M M 10 1 18 30
14 58 50 54 -2 11 0 1.44 0.0 0 8.8 16 50 M M 10 13 18 40
15 72 50 61 5 4 0 0.86 0.0 0 6.4 23 210 M M 10 13 30 210
16 67 47 57 0 8 0 T 0.0 0 10.3 21 280 M M 4 27 270
17 57 41 49 -8 16 0 0.00 0.0 0 7.7 14 70 M M 7 1 17 70
18 86 54 70 13 0 5 0.00 0.0 0 8.3 24 200 M M 9 12 33 210
19 73 45 59 2 6 0 0.89 0.0 0 8.1 16 330 M M 9 1 21 330
20 61 39 50 -7 15 0 0.00 0.0 0 5.5 14 70 M M 1 1 18 80
21 66 38 52 -6 13 0 0.00 0.0 0 8.0 23 60 M M 3 1 30 50
22 79 47 63 5 2 0 0.04 0.0 0 7.2 23 170 M M 8 1 28 240
23 71 46 59 1 6 0 0.00 0.0 0 6.0 16 330 M M 2 1 20 330
24 78 42 60 2 5 0 0.00 0.0 0 3.6 15 210 M M 1 21 210
25 80 44 62 4 3 0 0.00 0.0 0 3.4 13 310 M M 2 16 280
26 82 51 67 9 0 2 0.00 0.0 0 4.4 17 200 M M 4 12 22 200
27 85 54 70 11 0 5 0.00 0.0 0 6.4 15 130 M M 4 19 130
28 85 63 74 15 0 9 0.00 0.0 0 6.9 17 170 M M 6 1 23 200
================================================================================
SM 1942 1302 223 29 6.63 0.0 190.1 M 180
================================================================================
AV 69.4 46.5 6.8 FASTST M M 6 MAX(MPH)
MISC ----> 26 300 37 300
================================================================================
NOTES:
# LAST OF SEVERAL OCCURRENCES
COLUMN 17 PEAK WIND IN M.P.H.
PRELIMINARY LOCAL CLIMATOLOGICAL DATA (WS FORM: F-6) , PAGE 2
STATION: JACKSONVILLE
MONTH: FEBRUARY
YEAR: 2021
LATITUDE: 30 30 N
LONGITUDE: 81 42 W
[TEMPERATURE DATA] [PRECIPITATION DATA] SYMBOLS USED IN COLUMN 16
AVERAGE MONTHLY: 57.9 TOTAL FOR MONTH: 6.63 1 = FOG OR MIST
DPTR FM NORMAL: 1.5 DPTR FM NORMAL: 3.44 2 = FOG REDUCING VISIBILITY
HIGHEST: 86 ON 18 GRTST 24HR 1.44 ON 14-14 TO 1/4 MILE OR LESS
LOWEST: 28 ON 4 3 = THUNDER
SNOW, ICE PELLETS, HAIL 4 = ICE PELLETS
TOTAL MONTH: 0.0 INCH 5 = HAIL
GRTST 24HR 0.0 6 = FREEZING RAIN OR DRIZZLE
GRTST DEPTH: 0 7 = DUSTSTORM OR SANDSTORM:
VSBY 1/2 MILE OR LESS
8 = SMOKE OR HAZE
[NO. OF DAYS WITH] [WEATHER - DAYS WITH] 9 = BLOWING SNOW
X = TORNADO
MAX 32 OR BELOW: 0 0.01 INCH OR MORE: 12
MAX 90 OR ABOVE: 0 0.10 INCH OR MORE: 10
MIN 32 OR BELOW: 2 0.50 INCH OR MORE: 6
MIN 0 OR BELOW: 0 1.00 INCH OR MORE: 2
[HDD (BASE 65) ]
TOTAL THIS MO. 223 CLEAR (SCALE 0-3) 5
DPTR FM NORMAL -34 PTCLDY (SCALE 4-7) 12
TOTAL FM JUL 1 1001 CLOUDY (SCALE 8-10) 11
DPTR FM NORMAL -131
[CDD (BASE 65) ]
TOTAL THIS MO. 29
DPTR FM NORMAL 11 [PRESSURE DATA]
TOTAL FM JAN 1 48 HIGHEST SLP 30.44 ON 21
DPTR FM NORMAL 14 LOWEST SLP 29.75 ON 1
[REMARKS]
#FINAL-02-21#