000
CXUS55 KBYZ 011100
CF6LVM
PRELIMINARY LOCAL CLIMATOLOGICAL DATA (WS FORM: F-6)
STATION: LIVINGSTON MT
MONTH: FEBRUARY
YEAR: 2021
LATITUDE: 45 41 N
LONGITUDE: 110 26 W
TEMPERATURE IN F: :PCPN: SNOW: WIND :SUNSHINE: SKY :PK WND
================================================================================
1 2 3 4 5 6A 6B 7 8 9 10 11 12 13 14 15 16 17 18
12Z AVG MX 2MIN
DY MAX MIN AVG DEP HDD CDD WTR SNW DPTH SPD SPD DIR MIN PSBL S-S WX SPD DR
================================================================================
1 53 26 40 12 25 0 0.00 M M 15.4 33 200 M M 0 44 250
2 57 44 51 23 14 0 0.00 M M 28.9 43 200 M M 2 52 210
3 48 26 37 9 28 0 0.06 M M 11.6 32 280 M M 9 18 41 220
4 32 26 29 1 36 0 T M M 24.2 36 250 M M 8 44 250
5 37 13 25 -3 40 0 0.03 M M 19.6 32 320 M M 10 18 41 270
6 13 2 8 -20 57 0 0.09 M M 10.1 28 80 M M 10 18 35 80
7 2 -7 -2 -30 67 0 0.01 M M 9.6 22 90 M M 10 128 25 90
8 -1 -7 -4 -32 69 0 T M M 10.4 21 70 M M 10 18 24 80
9 -3 -8 -5 -33 70 0 T M M 7.2 14 80 M M 8 8 17 70
10 -1 -15 -8 -36 73 0 T M M 8.7 18 80 M M 6 22 80
11 -10 -14 -12 -40 77 0 T M M 8.1 21 80 M M 10 8 23 80
12 -5 -13 -9 -37 74 0 T M M 8.3 14 230 M M 9 8 15 300
13 -6 -28 -17 -45 82 0 0.00 M M 10.1 22 70 M M 6 18 27 70
14 -5 -24 -14 -43 79 0 T M M 2.0 15 90 M M 8 18 18 80
15 33 -9 12 -17 53 0 T M M 6.8 29 220 M M 9 1 34 220
16 33 27 30 1 35 0 T M M 16.7 28 250 M M 9 33 240
17 29 13 21 -8 44 0 0.02 M M 6.8 17 70 M M 10 12 21 240
18 27 12 20 -9 45 0 0.02 M M 16.4 48 210 M M 5 89 57 210
19 40 25 33 3 32 0 0.05 M M 29.9 49 210 M M 8 128 75 210
20 33 20 27 -3 38 0 T M M 15.5 37 240 M M 7 1 43 250
21 40 25 33 3 32 0 0.00 M M 34.6 51 220 M M 6 68 210
22 47 37 42 12 23 0 T M M 39.2 66 220 M M 7 82 230
23 44 23 34 4 31 0 0.03 M M 22.5 51 210 M M 7 1 69 210
24 31 20 26 -5 39 0 T M M 11.0 31 210 M M 5 18 38 210
25 35 20 28 -3 37 0 T M M 40.9 56 200 M M 3 70 210
26 37 22 30 -1 35 0 0.02 M M 26.1 46 220 M M 8 1 57 220
27 33 18 26 -5 39 0 0.04 M M 9.2 21 240 M M 8 18 25 240
28 38 18 28 -4 37 0 0.00 M M 27.6 41 230 M M 5 51 200
================================================================================
SM 711 292 1311 0 0.37 M 477.4 M 203
================================================================================
AV 25.4 10.4 17.1 FASTST M M 7 MAX(MPH)
MISC ----> 66 220 82 230
================================================================================
NOTES:
# LAST OF SEVERAL OCCURRENCES
COLUMN 17 PEAK WIND IN M.P.H.
PRELIMINARY LOCAL CLIMATOLOGICAL DATA (WS FORM: F-6) , PAGE 2
STATION: LIVINGSTON MT
MONTH: FEBRUARY
YEAR: 2021
LATITUDE: 45 41 N
LONGITUDE: 110 26 W
[TEMPERATURE DATA] [PRECIPITATION DATA] SYMBOLS USED IN COLUMN 16
AVERAGE MONTHLY: 17.9 TOTAL FOR MONTH: 0.37 1 = FOG OR MIST
DPTR FM NORMAL: -11.2 DPTR FM NORMAL: -0.13 2 = FOG REDUCING VISIBILITY
HIGHEST: 57 ON 2 GRTST 24HR 0.12 ON 5- 6 TO 1/4 MILE OR LESS
LOWEST: -28 ON 13 3 = THUNDER
SNOW, ICE PELLETS, HAIL 4 = ICE PELLETS
TOTAL MONTH: M 5 = HAIL
GRTST 24HR M ON M 6 = FREEZING RAIN OR DRIZZLE
GRTST DEPTH: M ON M 7 = DUSTSTORM OR SANDSTORM:
VSBY 1/2 MILE OR LESS
8 = SMOKE OR HAZE
[NO. OF DAYS WITH] [WEATHER - DAYS WITH] 9 = BLOWING SNOW
X = TORNADO
MAX 32 OR BELOW: 13 0.01 INCH OR MORE: 10
MAX 90 OR ABOVE: 0 0.10 INCH OR MORE: 0
MIN 32 OR BELOW: 26 0.50 INCH OR MORE: 0
MIN 0 OR BELOW: 9 1.00 INCH OR MORE: 0
[HDD (BASE 65) ]
TOTAL THIS MO. 1311 CLEAR (SCALE 0-3) 2
DPTR FM NORMAL 304 PTCLDY (SCALE 4-7) 11
TOTAL FM JUL 1 5003 CLOUDY (SCALE 8-10) 15
DPTR FM NORMAL -348
[CDD (BASE 65) ]
TOTAL THIS MO. 0
DPTR FM NORMAL 0 [PRESSURE DATA]
TOTAL FM JAN 1 0 HIGHEST SLP 30.65 ON 11
DPTR FM NORMAL 0 LOWEST SLP 29.56 ON 15
[REMARKS]
#FINAL-02-21#