000
CXUS52 KMLB 010635
CF6MCO
PRELIMINARY LOCAL CLIMATOLOGICAL DATA (WS FORM: F-6)
STATION: ORLANDO INTL
MONTH: MARCH
YEAR: 2023
LATITUDE: 28 25 N
LONGITUDE: 81 19 W
TEMPERATURE IN F: :PCPN: SNOW: WIND :SUNSHINE: SKY :PK WND
================================================================================
1 2 3 4 5 6A 6B 7 8 9 10 11 12 13 14 15 16 17 18
12Z AVG MX 2MIN
DY MAX MIN AVG DEP HDD CDD WTR SNW DPTH SPD SPD DIR MIN PSBL S-S WX SPD DR
================================================================================
1 86 63 75 9 0 10 0.00 0.0 0 4.8 13 250 M M 4 1 23 280
2 87 58 73 7 0 8 0.00 0.0 0 6.1 17 230 M M 3 1 21 230
3 90 63 77 11 0 12 0.00 0.0 0 12.9 28 180 M M 5 1 36 170
4 90 70 80 14 0 15 0.00 0.0 0 11.5 23 230 M M 4 29 230
5 91 69 80 14 0 15 0.18 0.0 0 7.0 16 80 M M 6 1 20 10
6 90 69 80 14 0 15 T 0.0 0 5.4 13 70 M M 6 M M
7 87 65 76 10 0 11 0.00 0.0 0 8.5 17 280 M M 2 23 300
8 84 64 74 8 0 9 0.00 0.0 0 12.6 22 30 M M 3 1 28 40
9 82 58 70 4 0 5 0.00 0.0 0 7.5 15 90 M M 2 19 100
10 85 59 72 5 0 7 T 0.0 0 9.8 21 220 M M 6 25 220
11 82 59 71 4 0 6 0.00 0.0 0 7.9 16 280 M M 4 1 21 320
12 86 53 70 3 0 5 0.00 0.0 0 7.9 21 220 M M 1 28 230
13 84 65 75 8 0 10 0.15 0.0 0 10.6 26 350 M M 7 13 32 360
14 74 53 64 -3 1 0 0.00 0.0 0 9.9 17 340 M M 5 21 340
15 71 51 61 -6 4 0 0.00 0.0 0 10.8 18 50 M M 4 22 40
16 77 48 63 -4 2 0 0.00 0.0 0 8.6 15 110 M M 1 20 100
17 83 54 69 2 0 4 0.00 0.0 0 9.2 21 180 M M 3 27 210
18 86 58 72 4 0 7 T 0.0 0 13.1 21 350 M M 8 27 240
19 66 51 59 -9 6 0 T 0.0 0 10.8 20 340 M M 9 24 330
20 69 47 58 -10 7 0 T 0.0 0 11.5 20 50 M M 3 23 40
21 81 47 64 -4 1 0 0.00 0.0 0 8.1 20 70 M M 2 24 70
22 84 55 70 2 0 5 0.00 0.0 0 7.4 17 120 M M 2 24 70
23 86 58 72 4 0 7 0.00 0.0 0 7.3 16 100 M M 1 29 100
24 88 59 74 6 0 9 0.00 0.0 0 6.1 16 160 M M 1 1 23 180
25 92 66 79 11 0 14 T 0.0 0 8.2 17 260 M M 6 24 230
26 92 67 80 11 0 15 0.00 0.0 0 8.3 16 220 M M 5 1 23 200
27 91 70 81 12 0 16 0.00 0.0 0 8.2 16 190 M M 5 22 210
28 91 67 79 10 0 14 0.00 0.0 0 7.6 18 290 M M 5 1 27 260
29 82 64 73 4 0 8 0.00 0.0 0 10.2 21 20 M M 7 29 10
30 83 61 72 3 0 7 0.00 0.0 0 9.7 21 60 M M 3 26 50
31 86 60 73 4 0 8 0.00 0.0 0 10.5 20 110 M M 6 29 120
================================================================================
SM 2606 1851 21 242 0.33 0.0 278.0 M 129
================================================================================
AV 84.1 59.7 9.0 FASTST M M 4 MAX(MPH)
MISC ----> 28 180 36 170
================================================================================
NOTES:
# LAST OF SEVERAL OCCURRENCES
COLUMN 17 PEAK WIND IN M.P.H.
PRELIMINARY LOCAL CLIMATOLOGICAL DATA (WS FORM: F-6) , PAGE 2
STATION: ORLANDO INTL
MONTH: MARCH
YEAR: 2023
LATITUDE: 28 25 N
LONGITUDE: 81 19 W
[TEMPERATURE DATA] [PRECIPITATION DATA] SYMBOLS USED IN COLUMN 16
AVERAGE MONTHLY: 71.9 TOTAL FOR MONTH: 0.33 1 = FOG OR MIST
DPTR FM NORMAL: 4.6 DPTR FM NORMAL: -2.70 2 = FOG REDUCING VISIBILITY
HIGHEST: 92 ON 26,25 GRTST 24HR 0.18 ON 5- 5 TO 1/4 MILE OR LESS
LOWEST: 47 ON 21,20 3 = THUNDER
SNOW, ICE PELLETS, HAIL 4 = ICE PELLETS
TOTAL MONTH: 0.0 INCH 5 = HAIL
GRTST 24HR 0.0 6 = FREEZING RAIN OR DRIZZLE
GRTST DEPTH: 0 7 = DUSTSTORM OR SANDSTORM:
VSBY 1/2 MILE OR LESS
8 = SMOKE OR HAZE
[NO. OF DAYS WITH] [WEATHER - DAYS WITH] 9 = BLOWING SNOW
X = TORNADO
MAX 32 OR BELOW: 0 0.01 INCH OR MORE: 2
MAX 90 OR ABOVE: 8 0.10 INCH OR MORE: 2
MIN 32 OR BELOW: 0 0.50 INCH OR MORE: 0
MIN 0 OR BELOW: 0 1.00 INCH OR MORE: 0
[HDD (BASE 65) ]
TOTAL THIS MO. 21 CLEAR (SCALE 0-3) 11
DPTR FM NORMAL -33 PTCLDY (SCALE 4-7) 18
TOTAL FM JUL 1 282 CLOUDY (SCALE 8-10) 2
DPTR FM NORMAL -235
[CDD (BASE 65) ]
TOTAL THIS MO. 242
DPTR FM NORMAL 115 [PRESSURE DATA]
TOTAL FM JAN 1 496 HIGHEST SLP M ON M
DPTR FM NORMAL 256 LOWEST SLP 29.79 ON 3
[REMARKS]
#FINAL-03-23#