000
CXUS53 KDDC 021408
CF6P28
PRELIMINARY LOCAL CLIMATOLOGICAL DATA (WS FORM: F-6)
STATION: MEDICINE LODGE KS
MONTH: SEPTEMBER
YEAR: 2023
LATITUDE: 37 17 N
LONGITUDE: 98 35 W
TEMPERATURE IN F: :PCPN: SNOW: WIND :SUNSHINE: SKY :PK WND
================================================================================
1 2 3 4 5 6A 6B 7 8 9 10 11 12 13 14 15 16 17 18
12Z AVG MX 2MIN
DY MAX MIN AVG DEP HDD CDD WTR SNW DPTH SPD SPD DIR MIN PSBL S-S WX SPD DR
================================================================================
1 98 64 81 4 0 16 0.00 0.0 0 8.1 16 170 M M 0 24 130
2 99 62 81 4 0 16 0.00 0.0 0 7.3 17 160 M M 0 25 150
3 99 57 78 2 0 13 0.00 0.0 0 7.5 17 170 M M 0 25 180
4 103 67 85 9 0 20 0.00 0.0 0 11.7 23 180 M M 0 37 170
5 96 71 84 8 0 19 0.00 0.0 0 11.1 22 360 M M 0 34 10
6 89 58 74 -1 0 9 0.00 0.0 0 5.3 16 10 M M 0 23 20
7 99 64 82 7 0 17 0.00 0.0 0 9.1 17 170 M M 0 29 140
8 94 68 81 6 0 16 0.00 0.0 0 9.5 16 50 M M 0 23 60
9 91 58 75 1 0 10 0.00 0.0 0 4.6 13 130 M M 0 19 130
10 88 61 75 1 0 10 0.00 0.0 0 9.2 22 180 M M 0 33 230
11 68 62 65 -9 0 0 0.89 0.0 0 7.4 20 360 M M 0 26 360
12 77 54 66 -7 0 1 0.00 0.0 0 4.4 14 40 M M 0 18 30
13 75 54 65 -8 0 0 0.00 0.0 0 3.6 12 170 M M 0 17 170
14 71 63 67 -6 0 2 0.09 0.0 0 4.5 14 130 M M 0 22 140
15 66 61 64 -8 1 0 1.05 0.0 0 4.0 10 90 M M 0 17 120
16 79 59 69 -3 0 4 0.02 0.0 0 2.3 8 350 M M 0 12 10
17 88 51 70 -1 0 5 0.00 0.0 0 3.1 8 80 M M 0 12 120
18 90 57 74 3 0 9 0.00 0.0 0 7.6 18 180 M M 0 28 190
19 86 64 75 4 0 10 0.00 0.0 0 9.6 21 180 M M 0 29 170
20 85 63 74 4 0 9 0.00 0.0 0 7.1 16 130 M M 0 24 120
21 85 68 77 7 0 12 0.01 0.0 0 8.2 18 190 M M 0 24 180
22 89 65 77 8 0 12 0.00 0.0 0 10.2 18 130 M M 0 30 130
23 89 64 77 8 0 12 0.00 0.0 0 9.2 15 10 M M 0 22 100
24 89 55 72 4 0 7 0.00 0.0 0 5.5 14 50 M M 0 21 20
25 91 52 72 4 0 7 0.00 0.0 0 4.9 14 240 M M 0 18 290
26 92 51 72 4 0 7 0.00 0.0 0 6.6 16 190 M M 0 26 190
27 94 55 75 8 0 10 0.00 0.0 0 5.2 14 180 M M 0 21 180
28 96 66 81 14 0 16 0.00 0.0 0 8.7 20 180 M M 0 28 180
29 96 70 83 17 0 18 0.00 0.0 0 11.7 26 190 M M 0 40 190
30 96 73 85 19 0 20 0.00 0.0 0 11.4 24 180 M M 0 35 200
================================================================================
SM 2658 1837 1 307 2.06 0.0 218.6 M 0
================================================================================
AV 88.6 61.2 7.3 FASTST M M 0 MAX(MPH)
MISC ----> 26 190 40 190
================================================================================
NOTES:
# LAST OF SEVERAL OCCURRENCES
COLUMN 17 PEAK WIND IN M.P.H.
PRELIMINARY LOCAL CLIMATOLOGICAL DATA (WS FORM: F-6) , PAGE 2
STATION: MEDICINE LODGE KS
MONTH: SEPTEMBER
YEAR: 2023
LATITUDE: 37 17 N
LONGITUDE: 98 35 W
[TEMPERATURE DATA] [PRECIPITATION DATA] SYMBOLS USED IN COLUMN 16
AVERAGE MONTHLY: 74.9 TOTAL FOR MONTH: 2.06 1 = FOG OR MIST
DPTR FM NORMAL: 3.2 DPTR FM NORMAL: -0.55 2 = FOG REDUCING VISIBILITY
HIGHEST: 103 ON 4 GRTST 24HR 1.05 ON 15-15 TO 1/4 MILE OR LESS
LOWEST: 51 ON 26,17 3 = THUNDER
SNOW, ICE PELLETS, HAIL 4 = ICE PELLETS
TOTAL MONTH: 0.0 INCH 5 = HAIL
GRTST 24HR 0.0 6 = FREEZING RAIN OR DRIZZLE
GRTST DEPTH: 0 7 = DUSTSTORM OR SANDSTORM:
VSBY 1/2 MILE OR LESS
8 = SMOKE OR HAZE
[NO. OF DAYS WITH] [WEATHER - DAYS WITH] 9 = BLOWING SNOW
X = TORNADO
MAX 32 OR BELOW: 0 0.01 INCH OR MORE: 5
MAX 90 OR ABOVE: 15 0.10 INCH OR MORE: 2
MIN 32 OR BELOW: 0 0.50 INCH OR MORE: 2
MIN 0 OR BELOW: 0 1.00 INCH OR MORE: 1
[HDD (BASE 65) ]
TOTAL THIS MO. 1
DPTR FM NORMAL -30
TOTAL FM JUL 1 1
DPTR FM NORMAL -30
[CDD (BASE 65) ]
TOTAL THIS MO. 307
DPTR FM NORMAL 73 [PRESSURE DATA]
TOTAL FM JAN 1 1762 HIGHEST SLP 30.20 ON 12
DPTR FM NORMAL -16 LOWEST SLP 29.52 ON 4
[REMARKS]
#FINAL-09-23#