000
CXUS55 KPIH 020556
CF6PIH
PRELIMINARY LOCAL CLIMATOLOGICAL DATA (WS FORM: F-6)
STATION: POCATELLO ID
MONTH: SEPTEMBER
YEAR: 2020
LATITUDE: 42 55 N
LONGITUDE: 112 36 W
TEMPERATURE IN F: :PCPN: SNOW: WIND :SUNSHINE: SKY :PK WND
================================================================================
1 2 3 4 5 6A 6B 7 8 9 10 11 12 13 14 15 16 17 18
12Z AVG MX 2MIN
DY MAX MIN AVG DEP HDD CDD WTR SNW DPTH SPD SPD DIR MIN PSBL S-S WX SPD DR
================================================================================
1 75 33 54 -11 11 0 0.00 0.0 0 5.9 14 260 M M 0 21 260
2 88 42 65 1 0 0 0.00 0.0 0 10.5 25 240 M M 0 36 250
3 90 48 69 5 0 4 0.00 0.0 0 8.3 17 270 M M 0 24 250
4 94 48 71 7 0 6 0.00 0.0 0 5.0 12 330 M M 0 15 310
5 100 45 73 10 0 8 0.00 0.0 0 6.6 20 240 M M 0 25 240
6 93 54 74 11 0 9 0.00 0.0 0 14.7 25 250 M M 0 8 32 190
7 86 40 63 1 2 0 0.25 0.0 0 23.7 47 30 M M 3 1378 64 30
8 61 38 50 -12 15 0 0.00 0.0 0 16.8 48 30 M M 3 62 40
9 72 27 50 -12 15 0 0.00 0.0 0 5.9 15 30 M M 0 25 40
10 74 32 53 -8 12 0 0.00 0.0 0 4.7 12 330 M M 0 17 210
11 82 39 61 0 4 0 0.00 0.0 0 7.0 18 270 M M 0 24 270
12 85 37 61 1 4 0 0.00 0.0 0 5.1 16 260 M M 2 8 21 250
13 88 38 63 3 2 0 0.00 0.0 0 5.0 10 90 M M 1 8 15 90
14 90 37 64 4 1 0 0.00 0.0 0 6.2 16 260 M M 0 8 21 270
15 88 38 63 4 2 0 0.00 0.0 0 4.3 10 310 M M 0 8 14 280
16 87 41 64 5 1 0 0.00 0.0 0 4.6 9 20 M M 0 8 12 10
17 92 41 67 9 0 2 0.00 0.0 0 6.1 12 170 M M 0 8 16 180
18 86 45 66 8 0 1 0.00 0.0 0 6.4 25 230 M M 0 8 32 230
19 72 48 60 2 5 0 0.30 0.0 0 12.3 22 240 M M 5 18 29 230
20 71 38 55 -2 10 0 0.00 0.0 0 5.2 16 280 M M 0 1 22 300
21 82 37 60 3 5 0 0.00 0.0 0 4.9 12 330 M M 0 8 16 320
22 82 42 62 6 3 0 0.00 0.0 0 5.6 20 260 M M 0 26 260
23 83 42 63 7 2 0 0.00 0.0 0 5.9 17 270 M M 0 22 290
24 80 45 63 8 2 0 0.00 0.0 0 12.2 26 250 M M 0 34 250
25 74 54 64 9 1 0 0.00 0.0 0 11.9 23 260 M M 1 30 250
26 67 47 57 2 8 0 0.00 0.0 0 21.3 33 240 M M 5 48 250
27 64 39 52 -2 13 0 0.00 0.0 0 7.2 18 240 M M 1 22 240
28 67 29 48 -6 17 0 0.00 0.0 0 3.8 10 320 M M 0 14 310
29 77 29 53 0 12 0 0.00 0.0 0 4.1 12 270 M M 0 8 16 270
30 78 35 57 4 8 0 0.00 0.0 0 3.3 9 180 M M 0 14 260
================================================================================
SM 2428 1208 155 30 0.55 0.0 244.5 M 21
================================================================================
AV 80.9 40.3 8.1 FASTST M M 1 MAX(MPH)
MISC ----> # 48 30 # 64 30
================================================================================
NOTES:
# LAST OF SEVERAL OCCURRENCES
SNOWFALL/DEPTH ALWAYS AUGMENTED BY WFO POCATELLO
COLUMN 17 PEAK WIND IN M.P.H.
PRELIMINARY LOCAL CLIMATOLOGICAL DATA (WS FORM: F-6) , PAGE 2
STATION: POCATELLO ID
MONTH: SEPTEMBER
YEAR: 2020
LATITUDE: 42 55 N
LONGITUDE: 112 36 W
[TEMPERATURE DATA] [PRECIPITATION DATA] SYMBOLS USED IN COLUMN 16
AVERAGE MONTHLY: 60.6 TOTAL FOR MONTH: 0.55 1 = FOG OR MIST
DPTR FM NORMAL: 1.6 DPTR FM NORMAL: -0.29 2 = FOG REDUCING VISIBILITY
HIGHEST: 100 ON 5 GRTST 24HR 0.30 ON 19-19 TO 1/4 MILE OR LESS
LOWEST: 27 ON 9 3 = THUNDER
SNOW, ICE PELLETS, HAIL 4 = ICE PELLETS
TOTAL MONTH: 0.0 INCH 5 = HAIL
GRTST 24HR 0.0 6 = FREEZING RAIN OR DRIZZLE
GRTST DEPTH: 0 7 = DUSTSTORM OR SANDSTORM:
VSBY 1/2 MILE OR LESS
8 = SMOKE OR HAZE
[NO. OF DAYS WITH] [WEATHER - DAYS WITH] 9 = BLOWING SNOW
X = TORNADO
MAX 32 OR BELOW: 0 0.01 INCH OR MORE: 2
MAX 90 OR ABOVE: 6 0.10 INCH OR MORE: 2
MIN 32 OR BELOW: 4 0.50 INCH OR MORE: 0
MIN 0 OR BELOW: 0 1.00 INCH OR MORE: 0
[HDD (BASE 65) ]
TOTAL THIS MO. 155 CLEAR (SCALE 0-3) 27
DPTR FM NORMAL -48 PTCLDY (SCALE 4-7) 3
TOTAL FM JUL 1 172 CLOUDY (SCALE 8-10) 0
DPTR FM NORMAL -77
[CDD (BASE 65) ]
TOTAL THIS MO. 30
DPTR FM NORMAL 8 [PRESSURE DATA]
TOTAL FM JAN 1 494 HIGHEST SLP 30.52 ON 28
DPTR FM NORMAL 102 LOWEST SLP 29.54 ON 7
[REMARKS]
5TH: HIGH OF 100 BREAKS OLD RECORD OF 98 SET IN 1976. THIS
ALSO BREAKS THE PREVIOUS MONTHLY RECORD OF 98 SET IN 2017.
ADDITIONALLY, THIS IS THE FIRST 100 DEGREE DAY ON RECORD IN
SEPTEMBER AND THE LATEST 100 DEGREE DAY ON RECORD.
9TH: LOW OF 27 BREAKS OLD RECORD OF 28 SET IN 1976.
#FINAL-09-20#