000
CXUS54 KFWD 220504
CF6PSN
PRELIMINARY LOCAL CLIMATOLOGICAL DATA (WS FORM: F-6)
STATION: PALESTINE
MONTH: JULY
YEAR: 2022
LATITUDE: 31 46 N
LONGITUDE: 95 42 W
TEMPERATURE IN F: :PCPN: SNOW: WIND :SUNSHINE: SKY :PK WND
================================================================================
1 2 3 4 5 6A 6B 7 8 9 10 11 12 13 14 15 16 17 18
12Z AVG MX 2MIN
DY MAX MIN AVG DEP HDD CDD WTR SNW DPTH SPD SPD DIR MIN PSBL S-S WX SPD DR
================================================================================
1 93 72 83 2 0 18 0.00 M M 6.2 12 110 M M 2 20 150
2 90 73 82 1 0 17 0.45 M M 5.4 8 120 M M 4 1 21 270
3 99 77 88 7 0 23 0.00 M M 6.9 13 200 M M 3 18 16 M
4 99 75 87 6 0 22 0.00 M M 7.6 13 220 M M 3 20 220
5 99 75 87 6 0 22 0.00 M M 6.9 13 200 M M 3 18 99
6 100 77 89 8 0 24 0.00 M M 7.8 13 180 M M 3 17 M
7 100 77 89 7 0 24 0.00 M M 6.3 12 200 M M 2 16 190
8 100 77 89 7 0 24 0.00 M M 5.6 14 M M M 1 16 230
9 106 77 92 10 0 27 0.00 M M 5.2 10 250 M M 1 16 99
10 106 77 92 10 0 27 0.00 M M 5.8 13 80 M M 1 21 320
11 102 77 90 8 0 25 0.00 M M 6.1 9 60 M M 1 15 100
12 104 77 91 9 0 26 0.00 M M 5.0 10 10 M M 1 16 10
13 106 77 92 10 0 27 0.00 M M 5.7 12 180 M M 2 3 20 180
14 91 70 81 -1 0 16 0.43 M M 5.9 31 50 M M 2 13 49 50
15 95 70 83 1 0 18 0.00 M M 3.8 10 120 M M 1 17 120
16 99 73 86 4 0 21 0.00 M M 5.3 10 210 M M 1 15 240
17 100 75 88 6 0 23 0.00 M M 5.8 10 250 M M 1 22 220
18 102 77 90 8 0 25 0.00 M M 8.5 13 210 M M 0 21 200
19 102 77 90 8 0 25 0.00 M M 10.8 15 190 M M 2 24 190
20 104 77 91 8 0 26 0.00 M M 9.4 15 190 M M 1 23 190
21 100 77 89 6 0 24 0.00 M M 6.4 10 230 M M 2 17 230
22 95 75 85 2 0 20 0.00 M M 7.3 16 150 M M 1 28 150
23 100 73 87 4 0 22 0.00 M M 6.4 10 150 M M 4 1 21 150
24 102 77 90 7 0 25 0.00 M M 7.0 13 220 M M 2 17 150
25 102 77 90 7 0 25 0.00 M M 8.0 12 180 M M 1 18 180
26 102 75 89 6 0 24 0.00 M M 7.2 13 210 M M 1 17 99
27 102 77 90 7 0 25 0.00 M M 8.7 14 180 M M 1 23 180
28 102 77 90 7 0 25 0.01 M M 7.6 13 200 M M 1 2 18 180
29 100 77 89 6 0 24 0.00 M M 7.0 15 140 M M 3 8 25 140
30 100 79 90 7 0 25 0.00 M M 7.8 13 160 M M 2 8 23 160
31 100 79 90 7 0 25 0.00 M M 7.3 14 200 M M 3 21 200
================================================================================
SM 3102 2350 0 724 0.89 M 210.8 M 56
================================================================================
AV100.1 75.8 6.8 FASTST M M 2 MAX(MPH)
MISC ----> 31 50 49 50
================================================================================
NOTES:
# LAST OF SEVERAL OCCURRENCES
COLUMN 17 PEAK WIND IN M.P.H.
PRELIMINARY LOCAL CLIMATOLOGICAL DATA (WS FORM: F-6) , PAGE 2
STATION: PALESTINE
MONTH: JULY
YEAR: 2022
LATITUDE: 31 46 N
LONGITUDE: 95 42 W
[TEMPERATURE DATA] [PRECIPITATION DATA] SYMBOLS USED IN COLUMN 16
AVERAGE MONTHLY: 87.9 TOTAL FOR MONTH: 0.89 1 = FOG OR MIST
DPTR FM NORMAL: 5.7 DPTR FM NORMAL: -1.76 2 = FOG REDUCING VISIBILITY
HIGHEST: 106 ON 13,10 GRTST 24HR 0.45 ON 2- 2 TO 1/4 MILE OR LESS
LOWEST: 70 ON 15,14 3 = THUNDER
SNOW, ICE PELLETS, HAIL 4 = ICE PELLETS
TOTAL MONTH: M 5 = HAIL
GRTST 24HR M ON M 6 = FREEZING RAIN OR DRIZZLE
GRTST DEPTH: M ON M 7 = DUSTSTORM OR SANDSTORM:
VSBY 1/2 MILE OR LESS
8 = SMOKE OR HAZE
[NO. OF DAYS WITH] [WEATHER - DAYS WITH] 9 = BLOWING SNOW
X = TORNADO
MAX 32 OR BELOW: 0 0.01 INCH OR MORE: 3
MAX 90 OR ABOVE: 31 0.10 INCH OR MORE: 2
MIN 32 OR BELOW: 0 0.50 INCH OR MORE: 0
MIN 0 OR BELOW: 0 1.00 INCH OR MORE: 0
[HDD (BASE 65) ]
TOTAL THIS MO. 0 CLEAR (SCALE 0-3) 29
DPTR FM NORMAL 0 PTCLDY (SCALE 4-7) 2
TOTAL FM JUL 1 0 CLOUDY (SCALE 8-10) 0
DPTR FM NORMAL 0
[CDD (BASE 65) ]
TOTAL THIS MO. 724
DPTR FM NORMAL 191 [PRESSURE DATA]
TOTAL FM JAN 1 1874 HIGHEST SLP M ON M
DPTR FM NORMAL 581 LOWEST SLP M ON M
[REMARKS]
#FINAL-07-22#