000
CXUS55 KPIH 021827
CF6RXE
PRELIMINARY LOCAL CLIMATOLOGICAL DATA (WS FORM: F-6)
STATION: REXBURG
MONTH: DECEMBER
YEAR: 2023
LATITUDE: 43 49 N
LONGITUDE: 111 48 W
TEMPERATURE IN F: :PCPN: SNOW: WIND :SUNSHINE: SKY :PK WND
================================================================================
1 2 3 4 5 6A 6B 7 8 9 10 11 12 13 14 15 16 17 18
12Z AVG MX 2MIN
DY MAX MIN AVG DEP HDD CDD WTR SNW DPTH SPD SPD DIR MIN PSBL S-S WX SPD DR
================================================================================
1 30 26 28 2 37 0 0.12 M M 8.1 21 210 M M 10 18 33 220
2 36 26 31 6 34 0 0.01 M M 13.0 25 200 M M 9 18 39 200
3 36 24 30 5 35 0 0.09 M M 6.8 16 200 M M 8 18 22 190
4 38 34 36 11 29 0 T M M 6.0 16 210 M M 10 12 25 200
5 48 33 41 17 24 0 0.00 M M 3.5 7 60 M M 4 9 60
6 49 29 39 15 26 0 0.00 M M 3.9 8 70 M M 1 10 70
7 43 34 39 15 26 0 0.04 M M 14.9 28 210 M M 7 43 220
8 35 21 28 5 37 0 0.14 M M 6.9 16 210 M M 9 1 24 210
9 26 16 21 -2 44 0 0.00 M M 6.0 12 200 M M 7 18 17 190
10 31 26 29 6 36 0 0.08 M M 4.3 12 190 M M 10 18 17 170
11 38 27 33 11 32 0 T M M 5.1 9 50 M M 9 13 50
12 41 19 30 8 35 0 0.00 M M 5.5 12 60 M M 4 1 18 40
13 38 13 26 4 39 0 0.00 M M 2.0 7 60 M M 1 18 9 20
14 24 12 18 -4 47 0 0.00 M M 2.1 7 240 M M 6 12 8 350
15 33 11 22 1 43 0 0.00 M M 2.7 7 70 M M 2 128 9 70
16 34 12 23 2 42 0 0.00 M M 2.6 7 30 M M 0 9 50
17 37 11 24 3 41 0 0.00 M M 2.9 8 50 M M 0 11 50
18 36 12 24 3 41 0 T M M 3.0 7 30 M M 2 9 40
19 47 24 36 15 29 0 0.00 M M 4.1 9 60 M M 7 8 11 60
20 45 30 38 17 27 0 T M M 3.1 8 70 M M 9 10 60
21 45 26 36 16 29 0 0.00 M M 2.4 7 50 M M 5 1 8 40
22 44 25 35 15 30 0 T M M 2.5 10 310 M M 6 14 320
23 37 20 29 9 36 0 0.16 M M 9.5 25 210 M M 10 1 37 240
24 24 6 15 -5 50 0 0.00 M M 4.2 10 40 M M 5 1 16 50
25 21 0 11 -9 54 0 0.00 M M 2.7 7 40 M M 3 10 70
26 20 -1 10 -10 55 0 0.00 M M 2.4 8 60 M M 2 11 50
27 26 12 19 -1 46 0 0.00 M M 4.5 9 70 M M 8 12 60
28 35 14 25 5 40 0 0.00 M M 2.0 7 40 M M 3 9 60
29 40 12 26 6 39 0 0.00 M M 2.3 7 50 M M 0 9 40
30 37 14 26 6 39 0 0.00 M M 1.5 6 60 M M 0 9 80
31 38 16 27 7 38 0 0.00 M M 0.7 6 70 M M 0 18 7 50
================================================================================
SM 1112 584 1160 0 0.64 M 141.2 M 157
================================================================================
AV 35.9 18.8 4.6 FASTST M M 5 MAX(MPH)
MISC ----> 28 210 43 220
================================================================================
NOTES:
# LAST OF SEVERAL OCCURRENCES
COLUMN 17 PEAK WIND IN M.P.H.
PRELIMINARY LOCAL CLIMATOLOGICAL DATA (WS FORM: F-6) , PAGE 2
STATION: REXBURG
MONTH: DECEMBER
YEAR: 2023
LATITUDE: 43 49 N
LONGITUDE: 111 48 W
[TEMPERATURE DATA] [PRECIPITATION DATA] SYMBOLS USED IN COLUMN 16
AVERAGE MONTHLY: 27.4 TOTAL FOR MONTH: 0.64 1 = FOG OR MIST
DPTR FM NORMAL: 5.6 DPTR FM NORMAL: -0.35 2 = FOG REDUCING VISIBILITY
HIGHEST: 49 ON 6 GRTST 24HR 0.16 ON 22-23 TO 1/4 MILE OR LESS
LOWEST: -1 ON 26 3 = THUNDER
SNOW, ICE PELLETS, HAIL 4 = ICE PELLETS
TOTAL MONTH: M 5 = HAIL
GRTST 24HR M ON M 6 = FREEZING RAIN OR DRIZZLE
GRTST DEPTH: M ON M 7 = DUSTSTORM OR SANDSTORM:
VSBY 1/2 MILE OR LESS
8 = SMOKE OR HAZE
[NO. OF DAYS WITH] [WEATHER - DAYS WITH] 9 = BLOWING SNOW
X = TORNADO
MAX 32 OR BELOW: 8 0.01 INCH OR MORE: 7
MAX 90 OR ABOVE: 0 0.10 INCH OR MORE: 3
MIN 32 OR BELOW: 28 0.50 INCH OR MORE: 0
MIN 0 OR BELOW: 2 1.00 INCH OR MORE: 0
[HDD (BASE 65) ]
TOTAL THIS MO. 1160 CLEAR (SCALE 0-3) 11
DPTR FM NORMAL -179 PTCLDY (SCALE 4-7) 12
TOTAL FM JUL 1 2611 CLOUDY (SCALE 8-10) 8
DPTR FM NORMAL -644
[CDD (BASE 65) ]
TOTAL THIS MO. 0
DPTR FM NORMAL 0 [PRESSURE DATA]
TOTAL FM JAN 1 404 HIGHEST SLP 30.71 ON 15
DPTR FM NORMAL 147 LOWEST SLP 29.72 ON 7
[REMARKS]
#FINAL-12-23#