000
CXUS56 KOTX 011300
CLMSFF
CLIMATE REPORT
NATIONAL WEATHER SERVICE SPOKANE WA
600 AM PDT SAT JUL 01 2023
...................................
...THE SPOKANE WA FELTS AIRPORT CLIMATE SUMMARY FOR THE MONTH OF JUNE 2023...
CLIMATE NORMAL PERIOD 1991 TO 2020
CLIMATE RECORD PERIOD 9999 TO 9999
WEATHER OBSERVED NORMAL DEPART LAST YEAR`S
VALUE DATE(S) VALUE FROM VALUE DATE(S)
NORMAL
................................................................
TEMPERATURE (F)
RECORD
HIGH 113 06/29/2021
LOW 37 06/07/2012
HIGHEST 93 06/07 MM MM 95 06/27
06/30
LOWEST 44 06/22 MM MM 44 06/14
AVG. MAXIMUM 80.7 75.8 4.9 74.2
AVG. MINIMUM 54.0 50.4 3.6 52.1
MEAN 67.4 63.1 4.3 63.2
DAYS MAX >= 90 4 2.1 1.9 1
DAYS MAX <= 32 0 0.0 0.0 0
DAYS MIN <= 32 0 0.0 0.0 0
DAYS MIN <= 0 0 0.0 0.0 0
PRECIPITATION (INCHES)
RECORD
MAXIMUM 3.70 2022
MINIMUM 0.33 2015
TOTALS 0.89 1.48 -0.59 3.70
DAILY AVG. 0.03 0.05 -0.02 0.12
DAYS >= .01 7 8.9 -1.9 14
DAYS >= .10 4 4.5 -0.5 10
DAYS >= .50 0 0.6 -0.6 3
DAYS >= 1.00 0 0.1 -0.1 0
GREATEST
24 HR. TOTAL 0.46 06/08 TO 06/09 1.53
DEGREE DAYS
HEATING TOTAL 46 110 -64 88
SINCE 7/1 5863 6019 -156 MM
COOLING TOTAL 126 53 73 40
SINCE 1/1 200 67 133 MM
................................................................
WIND (MPH)
AVERAGE WIND SPEED 4.5
HIGHEST WIND SPEED/DIRECTION 31/080 DATE 06/08
HIGHEST GUST SPEED/DIRECTION 40/080 DATE 06/08
SKY COVER
POSSIBLE SUNSHINE (PERCENT) MM
AVERAGE SKY COVER 0.31
NUMBER OF DAYS FAIR 19
NUMBER OF DAYS PC 8
NUMBER OF DAYS CLOUDY 2
AVERAGE RH (PERCENT) 56
WEATHER CONDITIONS. NUMBER OF DAYS WITH
THUNDERSTORM 4 MIXED PRECIP 0
HEAVY RAIN 0 RAIN 5
LIGHT RAIN 8 FREEZING RAIN 0
LT FREEZING RAIN 0 HAIL 0
HEAVY SNOW 0 SNOW 0
LIGHT SNOW 0 SLEET 0
FOG 5 FOG W/VIS <= 1/4 MILE 0
HAZE 0
- INDICATES NEGATIVE NUMBERS.
R INDICATES RECORD WAS SET OR TIED.
MM INDICATES DATA IS MISSING.
T INDICATES TRACE AMOUNT.
$$