000
CXUS56 KLOX 011155
CF6SMX
PRELIMINARY LOCAL CLIMATOLOGICAL DATA (WS FORM: F-6)
STATION: SANTA MARIA AIRPORT CA
MONTH: JULY
YEAR: 2021
LATITUDE: 34 54 N
LONGITUDE: 120 27 W
TEMPERATURE IN F: :PCPN: SNOW: WIND :SUNSHINE: SKY :PK WND
================================================================================
1 2 3 4 5 6A 6B 7 8 9 10 11 12 13 14 15 16 17 18
12Z AVG MX 2MIN
DY MAX MIN AVG DEP HDD CDD WTR SNW DPTH SPD SPD DIR MIN PSBL S-S WX SPD DR
================================================================================
1 72 57 65 2 0 0 0.00 M M 7.0 17 320 M M 7 1 21 330
2 71 55 63 0 2 0 0.00 M M 6.3 16 290 M M 7 1 20 300
3 69 55 62 -1 3 0 0.00 M M 6.4 16 310 M M 7 1 21 270
4 71 54 63 0 2 0 0.00 M M 7.7 17 310 M M 7 1 22 310
5 71 55 63 -1 2 0 0.00 M M 7.9 16 310 M M 7 1 M M
6 70 55 63 -1 2 0 0.00 M M 8.3 20 300 M M 5 1 23 300
7 69 54 62 -2 3 0 0.00 M M 10.4 18 310 M M 5 18 23 300
8 81 55 68 4 0 3 0.00 M M 4.3 13 320 M M 3 18 19 320
9 87 58 73 9 0 8 0.00 M M 4.8 14 310 M M 0 18 18 300
10 76 56 66 2 0 1 0.00 M M 5.4 13 300 M M 1 128 18 310
11 78 57 68 4 0 3 0.00 M M 5.6 14 320 M M 3 18 25 220
12 71 56 64 0 1 0 0.00 M M 5.7 15 310 M M 6 18 23 320
13 71 56 64 0 1 0 0.00 M M 5.9 16 300 M M 5 1 22 260
14 71 56 64 0 1 0 0.00 M M 6.5 15 320 M M 7 1 19 290
15 75 56 66 2 0 1 0.00 M M 5.7 16 300 M M 6 1 23 290
16 70 55 63 -1 2 0 0.00 M M 5.2 14 330 M M 7 1 21 320
17 72 55 64 0 1 0 0.00 M M 5.4 14 300 M M 6 18 17 320
18 74 56 65 1 0 0 0.00 M M 4.7 12 300 M M 4 18 14 300
19 79 56 68 4 0 3 0.00 M M 5.1 13 300 M M 2 128 17 290
20 71 55 63 -1 2 0 0.00 M M 5.1 13 310 M M 4 18 17 310
21 74 54 64 0 1 0 0.00 M M 6.8 18 300 M M 3 18 22 320
22 72 53 63 -1 2 0 0.00 M M 6.0 15 330 M M 6 18 20 320
23 72 54 63 -1 2 0 0.00 M M 6.0 14 320 M M 6 18 26 210
24 71 54 63 -1 2 0 0.00 M M 5.0 13 300 M M 6 18 24 90
25 72 55 64 0 1 0 0.00 M M 5.0 14 320 M M 6 1 19 320
26 70 56 63 -1 2 0 T M M 4.0 M M M M 6 128 M M
27 76 56 66 2 0 1 0.00 M M 5.5 16 330 M M 6 18 21 320
28 72 58 65 1 0 0 0.00 M M 5.8 15 300 M M 8 1 17 290
29 72 55 64 0 1 0 0.00 M M 5.3 15 310 M M 7 1 19 300
30 75 56 66 2 0 1 0.00 M M 6.0 15 330 M M 7 1 21 320
31 72 55 64 0 1 0 0.00 M M 5.3 15 320 M M 5 1 19 300
================================================================================
SM 2267 1718 34 21 T M 184.1 M 165
================================================================================
AV 73.1 55.4 5.9 FASTST M M 5 MAX(MPH)
MISC ----> 20 300 26 210
================================================================================
NOTES:
# LAST OF SEVERAL OCCURRENCES
COLUMN 17 PEAK WIND IN M.P.H.
PRELIMINARY LOCAL CLIMATOLOGICAL DATA (WS FORM: F-6) , PAGE 2
STATION: SANTA MARIA AIRPORT CA
MONTH: JULY
YEAR: 2021
LATITUDE: 34 54 N
LONGITUDE: 120 27 W
[TEMPERATURE DATA] [PRECIPITATION DATA] SYMBOLS USED IN COLUMN 16
AVERAGE MONTHLY: 64.3 TOTAL FOR MONTH: T 1 = FOG OR MIST
DPTR FM NORMAL: 0.2 DPTR FM NORMAL: -0.03 2 = FOG REDUCING VISIBILITY
HIGHEST: 87 ON 9 GRTST 24HR T ON 18-18 TO 1/4 MILE OR LESS
LOWEST: 53 ON 22 3 = THUNDER
SNOW, ICE PELLETS, HAIL 4 = ICE PELLETS
TOTAL MONTH: M 5 = HAIL
GRTST 24HR M ON M 6 = FREEZING RAIN OR DRIZZLE
GRTST DEPTH: M ON M 7 = DUSTSTORM OR SANDSTORM:
VSBY 1/2 MILE OR LESS
8 = SMOKE OR HAZE
[NO. OF DAYS WITH] [WEATHER - DAYS WITH] 9 = BLOWING SNOW
X = TORNADO
MAX 32 OR BELOW: 0 0.01 INCH OR MORE: 0
MAX 90 OR ABOVE: 0 0.10 INCH OR MORE: 0
MIN 32 OR BELOW: 0 0.50 INCH OR MORE: 0
MIN 0 OR BELOW: 0 1.00 INCH OR MORE: 0
[HDD (BASE 65) ]
TOTAL THIS MO. 34 CLEAR (SCALE 0-3) 5
DPTR FM NORMAL -21 PTCLDY (SCALE 4-7) 26
TOTAL FM JUL 1 34 CLOUDY (SCALE 8-10) 0
DPTR FM NORMAL -28
[CDD (BASE 65) ]
TOTAL THIS MO. 21
DPTR FM NORMAL -6 [PRESSURE DATA]
TOTAL FM JAN 1 53 HIGHEST SLP 30.08 ON 23
DPTR FM NORMAL -1 LOWEST SLP 29.83 ON 8
[REMARKS]
#FINAL-07-21#