000
CXUS56 KEKA 011230
CF6UKI
PRELIMINARY LOCAL CLIMATOLOGICAL DATA (WS FORM: F-6)
STATION: UKIAH CA
MONTH: JUNE
YEAR: 2020
LATITUDE: 39 7 N
LONGITUDE: 123 12 W
TEMPERATURE IN F: :PCPN: SNOW: WIND :SUNSHINE: SKY :PK WND
================================================================================
1 2 3 4 5 6A 6B 7 8 9 10 11 12 13 14 15 16 17 18
12Z AVG MX 2MIN
DY MAX MIN AVG DEP HDD CDD WTR SNW DPTH SPD SPD DIR MIN PSBL S-S WX SPD DR
================================================================================
1 87 57 72 8 0 7 0.00 0.0 0 2.8 14 310 M M 0 17 320
2 96 56 76 12 0 11 0.00 0.0 0 2.2 13 340 M M 0 18 310
3 98 59 79 14 0 14 0.00 0.0 0 3.1 15 280 M M 0 20 280
4 95 58 77 12 0 12 0.00 0.0 0 4.0 14 320 M M 0 8 20 20
5 77 54 66 1 0 1 0.00 0.0 0 8.2 18 350 M M 0 26 290
6 70 49 60 -5 5 0 0.00 0.0 0 9.1 23 320 M M 1 29 310
7 68 46 57 -8 8 0 T M 0 8.9 22 310 M M 1 29 290
8 81 44 63 -3 2 0 0.00 0.0 0 3.9 16 330 M M 0 24 310
9 88 47 68 2 0 3 0.00 0.0 0 4.1 14 310 M M 0 18 330
10 91 52 72 6 0 7 0.00 0.0 0 5.2 16 340 M M 0 8 22 350
11 88 57 73 7 0 8 0.00 0.0 0 4.9 16 340 M M 0 21 360
12 69 56 63 -4 2 0 0.00 0.0 0 6.0 20 320 M M 6 27 310
13 74 55 65 -2 0 0 T 0.0 0 6.0 16 320 M M 6 21 340
14 84 53 69 2 0 4 0.00 0.0 0 4.7 17 330 M M 1 21 340
15 76 56 66 -1 0 1 0.00 0.0 0 6.9 18 320 M M 1 28 300
16 74 52 63 -5 2 0 0.00 0.0 0 9.8 22 310 M M 0 31 310
17 91 46 69 1 0 4 0.00 0.0 0 2.6 15 320 M M 0 20 320
18 97 51 74 6 0 9 0.00 0.0 0 2.1 15 290 M M 0 21 280
19 98 55 77 9 0 12 0.00 0.0 0 3.5 15 260 M M 0 20 300
20 95 55 75 6 0 10 0.00 0.0 0 5.3 18 310 M M 0 26 310
21 92 60 76 7 0 11 0.00 0.0 0 4.0 13 330 M M 0 8 19 340
22 103 61 82 13 0 17 0.00 0.0 0 3.1 14 320 M M 0 8 19 300
23 103 59 81 11 0 16 0.00 0.0 0 5.0 15 280 M M 0 21 280
24 97 60 79 9 0 14 0.00 0.0 0 4.8 15 320 M M 0 22 340
25 104 64 84 14 0 19 0.00 0.0 0 4.1 15 290 M M 0 20 320
26 108 61 85 15 0 20 0.00 0.0 0 3.6 17 340 M M 0 20 340
27 97 57 77 6 0 12 0.00 0.0 0 7.1 21 320 M M 0 8 28 320
28 80 56 68 -3 0 3 0.00 0.0 0 8.7 21 310 M M 0 32 300
29 90 51 71 0 0 6 0.00 0.0 0 2.8 15 320 M M 0 22 320
30 91 57 74 2 0 9 0.00 0.0 0 3.7 15 310 M M 0 21 320
================================================================================
SM 2662 1644 19 230 T 0.0 150.2 M 16
================================================================================
AV 88.7 54.8 5.0 FASTST M M 1 MAX(MPH)
MISC ----> # 23 320 # 32 300
================================================================================
NOTES:
# LAST OF SEVERAL OCCURRENCES
COLUMN 17 PEAK WIND IN M.P.H.
PRELIMINARY LOCAL CLIMATOLOGICAL DATA (WS FORM: F-6) , PAGE 2
STATION: UKIAH CA
MONTH: JUNE
YEAR: 2020
LATITUDE: 39 7 N
LONGITUDE: 123 12 W
[TEMPERATURE DATA] [PRECIPITATION DATA] SYMBOLS USED IN COLUMN 16
AVERAGE MONTHLY: 71.8 TOTAL FOR MONTH: T 1 = FOG OR MIST
DPTR FM NORMAL: 4.2 DPTR FM NORMAL: -0.34 2 = FOG REDUCING VISIBILITY
HIGHEST: 108 ON 26 GRTST 24HR T ON 13-13 TO 1/4 MILE OR LESS
LOWEST: 44 ON 8 3 = THUNDER
SNOW, ICE PELLETS, HAIL 4 = ICE PELLETS
TOTAL MONTH: 0.0 INCH 5 = HAIL
GRTST 24HR 0.0 6 = FREEZING RAIN OR DRIZZLE
GRTST DEPTH: 0 7 = DUSTSTORM OR SANDSTORM:
VSBY 1/2 MILE OR LESS
8 = SMOKE OR HAZE
[NO. OF DAYS WITH] [WEATHER - DAYS WITH] 9 = BLOWING SNOW
X = TORNADO
MAX 32 OR BELOW: 0 0.01 INCH OR MORE: 0
MAX 90 OR ABOVE: 17 0.10 INCH OR MORE: 0
MIN 32 OR BELOW: 0 0.50 INCH OR MORE: 0
MIN 0 OR BELOW: 0 1.00 INCH OR MORE: 0
[HDD (BASE 65) ]
TOTAL THIS MO. 19 CLEAR (SCALE 0-3) 28
DPTR FM NORMAL -13 PTCLDY (SCALE 4-7) 2
TOTAL FM JUL 1 2527 CLOUDY (SCALE 8-10) 0
DPTR FM NORMAL -591
[CDD (BASE 65) ]
TOTAL THIS MO. 230
DPTR FM NORMAL 118 [PRESSURE DATA]
TOTAL FM JAN 1 320 HIGHEST SLP 30.33 ON 8
DPTR FM NORMAL 156 LOWEST SLP 29.83 ON 5
[REMARKS]
#FINAL-06-20#