000
CXUS51 KRLX 011139
CF6EKN
PRELIMINARY LOCAL CLIMATOLOGICAL DATA (WS FORM: F-6)

                                          STATION:   ELKINS WV
                                          MONTH:     JUNE
                                          YEAR:      2015
                                          LATITUDE:   38 52 N
                                          LONGITUDE:  79 51 W

  TEMPERATURE IN F:       :PCPN:    SNOW:  WIND      :SUNSHINE: SKY     :PK WND
================================================================================
1   2   3   4   5  6A  6B    7    8   9   10  11  12  13   14  15   16   17  18
                                     12Z  AVG MX 2MIN
DY MAX MIN AVG DEP HDD CDD  WTR  SNW DPTH SPD SPD DIR MIN PSBL S-S WX    SPD DR
================================================================================

 1  77  58  68   6   0   3 0.47  0.0    0  3.8 15 190   M    M   9 1      23 200
 2  62  54  58  -5   7   0 0.12  0.0    0  3.0  8 330   M    M   9 1      11 330
 3  69  55  62  -1   3   0    T  0.0    0  2.2 12 140   M    M   8        15 140
 4  75  55  65   2   0   0 0.35  0.0    0  1.6 14 320   M    M   8 1      15 320
 5  77  59  68   4   0   3 0.24  0.0    0  2.6 14 300   M    M   7 1      21 350
 6  75  55  65   1   0   0    T  0.0    0  2.9 14 330   M    M   6 12     18 330
 7  81  50  66   2   0   1 0.00  0.0    0  6.1 16 220   M    M   3 12     21 220
 8  83  64  74  10   0   9 0.30  0.0    0  9.8 25 290   M    M   4 8      34 250
 9  74  54  64  -1   1   0 0.23  0.0    0  6.6 18 250   M    M   4 1      24 260
10  82  51  67   2   0   2 0.00  0.0    0  1.9  9 290   M    M   2 128    12 280
11  87  55  71   6   0   6 0.00  0.0    0  1.0  9 310   M    M   0 18     11 290
12  84  59  72   6   0   7 0.04  0.0    0  3.9 13 210   M    M   4 18     19 230
13  84  63  74   8   0   9 0.49  0.0    0  3.0 15 290   M    M   5 128    20 300
14  83  60  72   6   0   7 0.03  0.0    0  1.2  9 170   M    M   6 12     12 160
15  83  65  74   8   0   9 0.23  0.0    0  5.3 16 300   M    M   3 1      23 280
16  80  67  74   7   0   9 0.30  0.0    0  4.0 13 260   M    M   8 1      25 260
17  78  66  72   5   0   7 1.16  0.0    0  2.3 10 170   M    M   9 1      13 170
18  83  66  75   8   0  10 0.57  0.0    0  5.1 18 310   M    M   6 1      24 290
19  82  63  73   6   0   8 0.21  0.0    0  3.0 22 310   M    M   7 1      30 320
20  85  64  75   7   0  10 0.61  0.0    0  2.0 28 270   M    M   7 1      38 270
21  83  68  76   8   0  11 0.15  0.0    0  6.8 24 300   M    M   6 1      33 290
22  83  65  74   6   0   9 0.00  0.0    0  3.1 14 290   M    M   3 18     18 300
23  86  64  75   7   0  10 0.53  0.0    0  5.9 18 240   M    M   6 1      30 210
24  78  59  69   1   0   4 0.00  0.0    0  2.3 12 300   M    M   3 12     16 280
25  76  57  67  -1   0   2 0.03  0.0    0  1.9 15 260   M    M   7 1      21 270
26  79  65  72   3   0   7 1.22  0.0    0  2.3 12 330   M    M   7 1      17  70
27  79  62  71   2   0   6 0.95  0.0    0  6.6 15 260   M    M   9 1      23 230
28  64  50  57 -12   8   0 0.02  0.0    0  7.1 18 250   M    M   9 18     27 260
29  77  48  63  -6   2   0 0.14  0.0    0  3.5 13 160   M    M   7 12     18 140
30  78  59  69   0   0   4 0.13  0.0    0  4.9 23 290   M    M   4 1      35 310
================================================================================
SM 2367 1780        21 153  8.52     0.0 115.7          M      176
================================================================================
AV 78.9 59.3                               3.9 FASTST   M    M   6    MAX(MPH)
                                 MISC ---->  # 28 270               # 38  270
================================================================================
NOTES:
# LAST OF SEVERAL OCCURRENCES

COLUMN 17 PEAK WIND IN M.P.H.

PRELIMINARY LOCAL CLIMATOLOGICAL DATA (WS FORM: F-6) , PAGE 2

                                          STATION:  ELKINS WV
                                          MONTH:    JUNE
                                          YEAR:     2015
                                          LATITUDE:   38 52 N
                                          LONGITUDE:  79 51 W

[TEMPERATURE DATA]      [PRECIPITATION DATA]       SYMBOLS USED IN COLUMN 16

AVERAGE MONTHLY: 69.1   TOTAL FOR MONTH:   8.52    1 = FOG OR MIST
DPTR FM NORMAL:   2.8   DPTR FM NORMAL:    4.12    2 = FOG REDUCING VISIBILITY
HIGHEST:    87 ON 11    GRTST 24HR  2.17 ON 26-27      TO 1/4 MILE OR LESS
LOWEST:     48 ON 29                               3 = THUNDER
                        SNOW, ICE PELLETS, HAIL    4 = ICE PELLETS
                        TOTAL MONTH:   0.0 INCH    5 = HAIL
                        GRTST 24HR     0.0         6 = FREEZING RAIN OR DRIZZLE
                        GRTST DEPTH:   0           7 = DUSTSTORM OR SANDSTORM:
                                                       VSBY 1/2 MILE OR LESS
                                                   8 = SMOKE OR HAZE
[NO. OF DAYS WITH]      [WEATHER - DAYS WITH]      9 = BLOWING SNOW
                                                   X = TORNADO
MAX 32 OR BELOW:   0    0.01 INCH OR MORE:  23
MAX 90 OR ABOVE:   0    0.10 INCH OR MORE:  19
MIN 32 OR BELOW:   0    0.50 INCH OR MORE:   6
MIN  0 OR BELOW:   0    1.00 INCH OR MORE:   2

[HDD (BASE 65) ]
TOTAL THIS MO.    21    CLEAR  (SCALE 0-3)   5
DPTR FM NORMAL   -34    PTCLDY (SCALE 4-7)  19
TOTAL FM JUL 1  5956    CLOUDY (SCALE 8-10)  6
DPTR FM NORMAL   104

[CDD (BASE 65) ]
TOTAL THIS MO.   153
DPTR FM NORMAL    61    [PRESSURE DATA]
TOTAL FM JAN 1   218    HIGHEST SLP 30.19 ON 24
DPTR FM NORMAL   103    LOWEST  SLP 29.70 ON 27

[REMARKS]
#FINAL-06-15#
