000
CXUS52 KMLB 280647
CF6FPR
PRELIMINARY LOCAL CLIMATOLOGICAL DATA (WS FORM: F-6)

                                          STATION:   FORT PIERCE
                                          MONTH:     MAY
                                          YEAR:      2017
                                          LATITUDE:   27 30 N
                                          LONGITUDE:  80 22 W

  TEMPERATURE IN F:       :PCPN:    SNOW:  WIND      :SUNSHINE: SKY     :PK WND
================================================================================
1   2   3   4   5  6A  6B    7    8   9   10  11  12  13   14  15   16   17  18
                                     12Z  AVG MX 2MIN
DY MAX MIN AVG DEP HDD CDD  WTR  SNW DPTH SPD SPD DIR MIN PSBL S-S WX    SPD DR
================================================================================

 1  88  76  82   8   0  17 0.17  0.0    0 14.7 28 130   M    M   5 18     35 140
 2  93  72  83   9   0  18 0.52  0.0    0  6.3 20 120   M    M   5 13     24 120
 3  85  69  77   3   0  12 0.00  0.0    0  6.7 20  90   M    M   3 12     26 100
 4  87  70  79   5   0  14 0.32  0.0    0 11.0 26 280   M    M   2 13     42 290
 5  84  64  74   0   0   9 0.34  0.0    0 10.8 21 260   M    M   3 13     27 270
 6  84  62  73  -1   0   8    T  0.0    0 11.5 22 290   M    M   1        29 300
 7  83  50  67  -7   0   2 0.00  0.0    0  5.2 15  90   M    M   0        18  80
 8  86  58  72  -3   0   7 0.00  0.0    0  5.0 14 130   M    M   0        16 110
 9  85  60  73  -2   0   8 0.00  0.0    0  3.9 14  70   M    M   0 1      19  70
10  90  61  76   1   0  11 0.00  0.0    0  5.0 13 100   M    M   0 1      18  70
11  91  65  78   3   0  13 0.00  0.0    0  5.9 13 110   M    M   0 1      18 100
12  94  65  80   5   0  15 0.00  0.0    0  6.8 16 110   M    M   0        21 210
13  95  68  82   6   0  17 0.00  0.0    0  8.0 23 210   M    M   1 1      29 230
14  86  70  78   2   0  13 1.02  0.0    0  5.9 16 240   M    M   4 1      26 240
15  86  69  78   2   0  13 0.00  0.0    0  6.2 16  90   M    M   1 1      21  70
16  87  75  81   5   0  16 0.00  0.0    0 11.9 21  90   M    M   2        26 100
17  89  76  83   7   0  18    T  0.0    0 13.8 25 110   M    M   5        30 110
18  87  77  82   6   0  17 0.06  0.0    0 14.2 22 100   M    M   4 18     28 100
19  89  78  84   7   0  19    T  0.0    0 13.6 22 110   M    M   6        26 120
20  88  77  83   6   0  18 0.00  0.0    0 11.7 20 120   M    M   1        24 120
21  88  70  79   2   0  14 0.00  0.0    0  8.9 20 130   M    M   2 1      25 100
22  90  70  80   3   0  15 0.00  0.0    0  8.3 23 130   M    M   1 3      28 120
23  96  74  85   8   0  20 0.00  0.0    0  7.2 17 200   M    M   2        24 230
24  97  72  85   7   0  20 0.55  0.0    0 13.3 32 270   M    M   3 138    46 270
25  85  71  78   0   0  13 0.98  0.0    0  7.6 31 260   M    M   5 123    38 270
26  83  65  74  -4   0   9 0.00  0.0    0  4.7 13 100   M    M   0        17  80
27  94  69  82   4   0  17 0.00  0.0    0  6.0 17 120   M    M   0 12     22 130
================================================================================
SM 2390 1853         0 373  3.96     0.0 234.1          M       56
================================================================================
AV 88.5 68.6                               8.7 FASTST   M    M   2    MAX(MPH)
                                 MISC ---->  # 32 270               # 46  270
================================================================================
NOTES:
# LAST OF SEVERAL OCCURRENCES

COLUMN 17 PEAK WIND IN M.P.H.

PRELIMINARY LOCAL CLIMATOLOGICAL DATA (WS FORM: F-6) , PAGE 2

                                          STATION:  FORT PIERCE
                                          MONTH:    MAY
                                          YEAR:     2017
                                          LATITUDE:   27 30 N
                                          LONGITUDE:  80 22 W

[TEMPERATURE DATA]      [PRECIPITATION DATA]       SYMBOLS USED IN COLUMN 16

AVERAGE MONTHLY: 78.6   TOTAL FOR MONTH:   3.96    1 = FOG OR MIST
DPTR FM NORMAL:   2.8   DPTR FM NORMAL:    0.91    2 = FOG REDUCING VISIBILITY
HIGHEST:    97 ON 24    GRTST 24HR  1.02 ON 14-14      TO 1/4 MILE OR LESS
LOWEST:     50 ON  7                               3 = THUNDER
                        SNOW, ICE PELLETS, HAIL    4 = ICE PELLETS
                        TOTAL MONTH:   0.0 INCH    5 = HAIL
                        GRTST 24HR     0.0         6 = FREEZING RAIN OR DRIZZLE
                        GRTST DEPTH:   0           7 = DUSTSTORM OR SANDSTORM:
                                                       VSBY 1/2 MILE OR LESS
                                                   8 = SMOKE OR HAZE
[NO. OF DAYS WITH]      [WEATHER - DAYS WITH]      9 = BLOWING SNOW
                                                   X = TORNADO
MAX 32 OR BELOW:   0    0.01 INCH OR MORE:   8
MAX 90 OR ABOVE:   9    0.10 INCH OR MORE:   7
MIN 32 OR BELOW:   0    0.50 INCH OR MORE:   4
MIN  0 OR BELOW:   0    1.00 INCH OR MORE:   1

[HDD (BASE 65) ]
TOTAL THIS MO.     0    CLEAR  (SCALE 0-3)  20
DPTR FM NORMAL     0    PTCLDY (SCALE 4-7)   7
TOTAL FM JUL 1   202    CLOUDY (SCALE 8-10)  0
DPTR FM NORMAL  -239

[CDD (BASE 65) ]
TOTAL THIS MO.   373
DPTR FM NORMAL    84    [PRESSURE DATA]
TOTAL FM JAN 1   963    HIGHEST SLP M ON M
DPTR FM NORMAL   231    LOWEST  SLP 29.64 ON 24

[REMARKS]
