000
CXUS54 KFWD 270730
CF6MKN
PRELIMINARY LOCAL CLIMATOLOGICAL DATA (WS FORM: F-6)

                                          STATION:   COMANCHE
                                          MONTH:     FEBRUARY
                                          YEAR:      2015
                                          LATITUDE:   31 55 N
                                          LONGITUDE:  98 36 W

  TEMPERATURE IN F:       :PCPN:    SNOW:  WIND      :SUNSHINE: SKY     :PK WND
================================================================================
1   2   3   4   5  6A  6B    7    8   9   10  11  12  13   14  15   16   17  18
                                     12Z  AVG MX 2MIN
DY MAX MIN AVG DEP HDD CDD  WTR  SNW DPTH SPD SPD DIR MIN PSBL S-S WX    SPD DR
================================================================================

 1  59  37  48   M  17   0 0.00  0.0    0 14.4 24 350   M    M   5 1      31 350
 2  45  24  35   M  30   0 0.00  0.0    0  7.0 18 360   M    M   0        22 360
 3  55  31  43   M  22   0 0.00  0.0    0  8.6 20 180   M    M   2        23 180
 4  62  35  49   M  16   0 0.00  0.0    0  9.2 23 350   M    M   6 1      30  20
 5  38  30  34   M  31   0 0.00  0.0    0  9.1 21 350   M    M  10        28 350
 6  64  31  48   M  17   0 0.00  0.0    0  6.2 12 210   M    M   1        16 210
 7  76  43  60   M   5   0 0.00  0.0    0 14.1 22 210   M    M   1        31 210
 8  76  54  65   M   0   0 0.00  0.0    0 12.9 29 210   M    M   0        33 210
 9  78  51  65   M   0   0 0.00  0.0    0  4.6  9 150   M    M   0         M  M
10  82  48  65   M   0   0 0.00  0.0    0 11.2 18 190   M    M   0        27 200
11  73  46  60   M   5   0 0.00  0.0    0  9.6 24  10   M    M   2        30  10
12  56  40  48   M  17   0 0.00  0.0    0 10.1 20 360   M    M   3        25  10
13  70  37  54   M  11   0 0.00  0.0    0  6.6 13 220   M    M   3         M  M
14  77  47  62   M   3   0 0.00  0.0    0  6.2 10 250   M    M   0        16 250
15  68  44  56   M   9   0 0.00  0.0    0 10.2 21 200   M    M   5        30 200
16  44  28  36   M  29   0 0.15    M    0 16.4 24 350   M    M   5 1      31 350
17  53  28  41   M  24   0 0.00  0.0    0  4.9  9 290   M    M   6         M  M
18  62  31  47   M  18   0 0.00  0.0    0  5.1 10 220   M    M   0         M  M
19  68  32  50   M  15   0 0.00  0.0    0  9.3 16 190   M    M   0        27 190
20  75  48  62   M   3   0 0.00  0.0    0 15.9 24 190   M    M   4        33 190
21  64  43  54   M  11   0 0.00  0.0    0 11.0 20 200   M    M   3        28 200
22  46  28  37   M  28   0 0.10    M    0 11.4 23 360   M    M   9 1      30 360
23  28  24  26   M  39   0 0.02    M    M 13.0 18 360   M    M  10 1      23 360
24  34  24  29   M  36   0 0.00  0.0    0  4.3 12 350   M    M  10 1       M  M
25  59  32  46   M  19   0 0.35    M    0  5.1 13 310   M    M   4 1      21 310
26  40  29  35   M  30   0 0.00  0.0    0 12.3 21  10   M    M   8        25  10
================================================================================
SM 1552  945       435   0  0.62     0.0 248.7          M       97
================================================================================
AV 59.7 36.3                               9.6 FASTST   M    M   4    MAX(MPH)
                                 MISC ---->    29   M                 33    M
================================================================================
NOTES:
# LAST OF SEVERAL OCCURRENCES

COLUMN 17 PEAK WIND IN M.P.H.

PRELIMINARY LOCAL CLIMATOLOGICAL DATA (WS FORM: F-6) , PAGE 2

                                          STATION:  COMANCHE
                                          MONTH:    FEBRUARY
                                          YEAR:     2015
                                          LATITUDE:   31 55 N
                                          LONGITUDE:  98 36 W

[TEMPERATURE DATA]      [PRECIPITATION DATA]       SYMBOLS USED IN COLUMN 16

AVERAGE MONTHLY: 48.0   TOTAL FOR MONTH:   0.62    1 = FOG OR MIST
DPTR FM NORMAL:     M   DPTR FM NORMAL:   -1.36    2 = FOG REDUCING VISIBILITY
HIGHEST:    82 ON 10    GRTST 24HR  0.35 ON 25-25      TO 1/4 MILE OR LESS
LOWEST:     24 ON 24,23                            3 = THUNDER
                        SNOW, ICE PELLETS, HAIL    4 = ICE PELLETS
                        TOTAL MONTH:   0.0 INCH    5 = HAIL
                        GRTST 24HR     0.0         6 = FREEZING RAIN OR DRIZZLE
                        GRTST DEPTH:   0           7 = DUSTSTORM OR SANDSTORM:
                                                       VSBY 1/2 MILE OR LESS
                                                   8 = SMOKE OR HAZE
[NO. OF DAYS WITH]      [WEATHER - DAYS WITH]      9 = BLOWING SNOW
                                                   X = TORNADO
MAX 32 OR BELOW:   1    0.01 INCH OR MORE:   4
MAX 90 OR ABOVE:   0    0.10 INCH OR MORE:   3
MIN 32 OR BELOW:  13    0.50 INCH OR MORE:   0
MIN  0 OR BELOW:   0    1.00 INCH OR MORE:   0

[HDD (BASE 65) ]
TOTAL THIS MO.   435    CLEAR  (SCALE 0-3)  11
DPTR FM NORMAL     M    PTCLDY (SCALE 4-7)  10
TOTAL FM JUL 1  1867    CLOUDY (SCALE 8-10)  5
DPTR FM NORMAL     M

[CDD (BASE 65) ]
TOTAL THIS MO.     0
DPTR FM NORMAL     M    [PRESSURE DATA]
TOTAL FM JAN 1     2    HIGHEST SLP M ON M
DPTR FM NORMAL     M    LOWEST  SLP M ON M

[REMARKS]
