000
CXUS54 KFWD 280730
CF6MKN
PRELIMINARY LOCAL CLIMATOLOGICAL DATA (WS FORM: F-6)

                                          STATION:   COMANCHE
                                          MONTH:     AUGUST
                                          YEAR:      2016
                                          LATITUDE:   31 55 N
                                          LONGITUDE:  98 36 W

  TEMPERATURE IN F:       :PCPN:    SNOW:  WIND      :SUNSHINE: SKY     :PK WND
================================================================================
1   2   3   4   5  6A  6B    7    8   9   10  11  12  13   14  15   16   17  18
                                     12Z  AVG MX 2MIN
DY MAX MIN AVG DEP HDD CDD  WTR  SNW DPTH SPD SPD DIR MIN PSBL S-S WX    SPD DR
================================================================================

 1 102  75  89   M   0  24 0.00  0.0    0 11.2 16 210   M    M   0        24 210
 2 101  73  87   M   0  22 0.00  0.0    0  8.7 14 210   M    M   0        21 210
 3 101  74  88   M   0  23 0.00  0.0    0  8.0 12 160   M    M   0        18 160
 4 101  75  88   M   0  23 0.00  0.0    0  8.7 14 190   M    M   0        20 160
 5 101  76  89   M   0  24 0.00  0.0    0  8.8 13 190   M    M   0        21 100
 6 101  77  89   M   0  24 0.00  0.0    0  6.8 10 160   M    M   1         M  M
 7 101  77  89   M   0  24 0.00  0.0    0  8.1 13 230   M    M   1        18 220
 8 101  78  90   M   0  25 0.00  0.0    0  6.5 10 110   M    M   1        17 210
 9 100  78  89   M   0  24 0.00  0.0    0  8.0 13  30   M    M   1        20  30
10 102  77  90   M   0  25 0.00  0.0    0  7.8 13 140   M    M   0        20 210
11 103  78  91   M   0  26 0.00  0.0    0  7.0 12 150   M    M   0        16 130
12 105  75  90   M   0  25 0.07  0.0    0  7.2 28  10   M    M   3 3      41  10
13  90  72  81   M   0  16 0.00  0.0    0  6.8 14  10   M    M   2        20  30
14  93  70  82   M   0  17 0.01  0.0    0  7.3 13  40   M    M   3        23  10
15  80  65  73   M   0   8 0.01  0.0    0  5.0 10 130   M    M   5         M  M
16  81  67  74   M   0   9 0.01  0.0    0  4.7  9 100   M    M  10 1      16 100
17  87  72  80   M   0  15 0.82  0.0    0  4.2  9 130   M    M   9 13      M  M
18  83  71  77   M   0  12 0.06  0.0    0  6.2 13  10   M    M   7        22  10
19  91  73  82   M   0  17 0.00  0.0    0  9.4 14 190   M    M   5        21 180
20  80  69  75   M   0  10 0.23  0.0    0  5.8 16 210   M    M   4        23 210
21  84  69  77   M   0  12 0.00  0.0    0  5.1 10  70   M    M   9        18  70
22  89  71  80   M   0  15 0.11  0.0    0  4.7 10 180   M    M   6 13     31 240
23  94  74  84   M   0  19 0.03  0.0    0 11.7 17 190   M    M   3        27 180
24  94  69  82   M   0  17 0.00  0.0    0  9.3 14 140   M    M   2        21 180
25  94  71  83   M   0  18 0.00  0.0    0  6.9 12 200   M    M   0         M  M
26  91  70  81   M   0  16 0.00  0.0    0  5.4 10 130   M    M   3 1      16 140
27  92  70  81   M   0  16 0.00  0.0    0  5.3 16  20   M    M   1 3      21  20
================================================================================
SM 2542 1966         0 506  1.35     0.0 194.6          M       76
================================================================================
AV 94.1 72.8                               7.2 FASTST   M    M   3    MAX(MPH)
                                 MISC ---->    28   M                 41    M
================================================================================
NOTES:
# LAST OF SEVERAL OCCURRENCES

COLUMN 17 PEAK WIND IN M.P.H.

PRELIMINARY LOCAL CLIMATOLOGICAL DATA (WS FORM: F-6) , PAGE 2

                                          STATION:  COMANCHE
                                          MONTH:    AUGUST
                                          YEAR:     2016
                                          LATITUDE:   31 55 N
                                          LONGITUDE:  98 36 W

[TEMPERATURE DATA]      [PRECIPITATION DATA]       SYMBOLS USED IN COLUMN 16

AVERAGE MONTHLY: 83.5   TOTAL FOR MONTH:   1.35    1 = FOG OR MIST
DPTR FM NORMAL:     M   DPTR FM NORMAL:   -0.85    2 = FOG REDUCING VISIBILITY
HIGHEST:   105 ON 12    GRTST 24HR  0.82 ON 17-17      TO 1/4 MILE OR LESS
LOWEST:     65 ON 15                               3 = THUNDER
                        SNOW, ICE PELLETS, HAIL    4 = ICE PELLETS
                        TOTAL MONTH:   0.0 INCH    5 = HAIL
                        GRTST 24HR     0.0         6 = FREEZING RAIN OR DRIZZLE
                        GRTST DEPTH:   0           7 = DUSTSTORM OR SANDSTORM:
                                                       VSBY 1/2 MILE OR LESS
                                                   8 = SMOKE OR HAZE
[NO. OF DAYS WITH]      [WEATHER - DAYS WITH]      9 = BLOWING SNOW
                                                   X = TORNADO
MAX 32 OR BELOW:   0    0.01 INCH OR MORE:   9
MAX 90 OR ABOVE:  20    0.10 INCH OR MORE:   3
MIN 32 OR BELOW:   0    0.50 INCH OR MORE:   1
MIN  0 OR BELOW:   0    1.00 INCH OR MORE:   0

[HDD (BASE 65) ]
TOTAL THIS MO.     0    CLEAR  (SCALE 0-3)  18
DPTR FM NORMAL     M    PTCLDY (SCALE 4-7)   6
TOTAL FM JUL 1     0    CLOUDY (SCALE 8-10)  3
DPTR FM NORMAL     M

[CDD (BASE 65) ]
TOTAL THIS MO.   506
DPTR FM NORMAL     M    [PRESSURE DATA]
TOTAL FM JAN 1  1942    HIGHEST SLP M ON M
DPTR FM NORMAL     M    LOWEST  SLP M ON M

[REMARKS]
