000
CXUS55 KGJT 221000
CF6VEL
PRELIMINARY LOCAL CLIMATOLOGICAL DATA (WS FORM: F-6)

                                          STATION:   VERNAL UT
                                          MONTH:     MAY
                                          YEAR:      2017
                                          LATITUDE:   40 27 N
                                          LONGITUDE: 109 31 W

  TEMPERATURE IN F:       :PCPN:    SNOW:  WIND      :SUNSHINE: SKY     :PK WND
================================================================================
1   2   3   4   5  6A  6B    7    8   9   10  11  12  13   14  15   16   17  18
                                     12Z  AVG MX 2MIN
DY MAX MIN AVG DEP HDD CDD  WTR  SNW DPTH SPD SPD DIR MIN PSBL S-S WX    SPD DR
================================================================================

 1  66  33  50  -2  15   0 0.00    M    M  4.3 14 170   M    M   2        18 180
 2  66  39  53   1  12   0    T    M    M  5.4 18 330   M    M   4        24 320
 3  69  33  51  -1  14   0 0.00    M    M  5.0 13 240   M    M   0        19 160
 4  77  36  57   4   8   0 0.00    M    M  3.6 10 160   M    M   0        14  80
 5  83  41  62   9   3   0 0.00    M    M  4.5 13 220   M    M   0        18 220
 6  73  46  60   6   5   0 0.04    M    M  6.2 38 200   M    M   2 38     51 200
 7  76  48  62   8   3   0    T    M    M  5.4 16 140   M    M   2        23 130
 8  76  45  61   7   4   0    T    M    M  6.7 23 270   M    M   2        29 280
 9  74  42  58   4   7   0 0.06    M    M  5.8 15 150   M    M   2        21 150
10  67  45  56   1   9   0 0.09    M    M  6.4 18  50   M    M   5 1      25 160
11  77  41  59   4   6   0 0.00    M    M  4.4  9 210   M    M   0 8      13 190
12  82  44  63   7   2   0 0.00    M    M  9.3 26 190   M    M   0        33 190
13  79  46  63   7   2   0    T    M    M 13.8 31 200   M    M   1        40 180
14  75  37  56   0   9   0 0.00    M    M  8.0 20 200   M    M   0        25 210
15  76  42  59   3   6   0    T    M    M  9.5 33 250   M    M   1        39 260
16  69  42  56  -1   9   0 0.00    M    M  6.5 28 240   M    M   3        32 240
17  52  34  43 -14  22   0 0.01    M    M  8.6 21  10   M    M   7        27  20
18  49  37  43 -14  22   0    T    M    M  7.6 21  20   M    M  10 8      27  30
19  55  35  45 -13  20   0 0.00    M    M  9.2 20  60   M    M   9        27  60
20  63  32  48 -10  17   0 0.00    M    M  3.4 10  20   M    M   5        15 350
21  64  40  52  -6  13   0    T    M    M  6.3 17  20   M    M   3        21  10
================================================================================
SM 1468  838       208   0  0.20    M    139.9          M       58
================================================================================
AV 69.9 39.9                               6.7 FASTST   M    M   3    MAX(MPH)
                                 MISC ---->  # 38 200               # 51  200
================================================================================
NOTES:
# LAST OF SEVERAL OCCURRENCES

COLUMN 17 PEAK WIND IN M.P.H.

PRELIMINARY LOCAL CLIMATOLOGICAL DATA (WS FORM: F-6) , PAGE 2

                                          STATION:  VERNAL UT
                                          MONTH:    MAY
                                          YEAR:     2017
                                          LATITUDE:   40 27 N
                                          LONGITUDE: 109 31 W

[TEMPERATURE DATA]      [PRECIPITATION DATA]       SYMBOLS USED IN COLUMN 16

AVERAGE MONTHLY: 54.9   TOTAL FOR MONTH:   0.20    1 = FOG OR MIST
DPTR FM NORMAL:  -0.2   DPTR FM NORMAL:   -0.43    2 = FOG REDUCING VISIBILITY
HIGHEST:    83 ON  5    GRTST 24HR  0.09 ON 10-10      TO 1/4 MILE OR LESS
LOWEST:     32 ON 20                               3 = THUNDER
                        SNOW, ICE PELLETS, HAIL    4 = ICE PELLETS
                        TOTAL MONTH:    M          5 = HAIL
                        GRTST 24HR    M  ON   M    6 = FREEZING RAIN OR DRIZZLE
                        GRTST DEPTH:  M  ON   M    7 = DUSTSTORM OR SANDSTORM:
                                                       VSBY 1/2 MILE OR LESS
                                                   8 = SMOKE OR HAZE
[NO. OF DAYS WITH]      [WEATHER - DAYS WITH]      9 = BLOWING SNOW
                                                   X = TORNADO
MAX 32 OR BELOW:   0    0.01 INCH OR MORE:   4
MAX 90 OR ABOVE:   0    0.10 INCH OR MORE:   0
MIN 32 OR BELOW:   1    0.50 INCH OR MORE:   0
MIN  0 OR BELOW:   0    1.00 INCH OR MORE:   0

[HDD (BASE 65) ]
TOTAL THIS MO.   208    CLEAR  (SCALE 0-3)  15
DPTR FM NORMAL    -3    PTCLDY (SCALE 4-7)   4
TOTAL FM JUL 1  6420    CLOUDY (SCALE 8-10)  2
DPTR FM NORMAL  -670

[CDD (BASE 65) ]
TOTAL THIS MO.     0
DPTR FM NORMAL     0    [PRESSURE DATA]
TOTAL FM JAN 1     0    HIGHEST SLP M ON M
DPTR FM NORMAL     0    LOWEST  SLP 29.42 ON M

[REMARKS]
