000
CXUS54 KEWX 011110
CF63T5
PRELIMINARY LOCAL CLIMATOLOGICAL DATA (WS FORM: F-6)
STATION: LA GRANGE
MONTH: JANUARY
YEAR: 2024
LATITUDE: 29 54 N
LONGITUDE: 96 57 W
TEMPERATURE IN F: :PCPN: SNOW: WIND :SUNSHINE: SKY :PK WND
================================================================================
1 2 3 4 5 6A 6B 7 8 9 10 11 12 13 14 15 16 17 18
12Z AVG MX 2MIN
DY MAX MIN AVG DEP HDD CDD WTR SNW DPTH SPD SPD DIR MIN PSBL S-S WX SPD DR
================================================================================
1 56 41 49 M 16 0 T M M 6.4 15 330 M M 7 12 21 350
2 56 40 48 M 17 0 0.23 M M 6.2 10 100 M M 9 13 17 50
3 50 44 47 M 18 0 0.00 M M 7.7 13 340 M M 9 1 16 350
4 61 35 48 M 17 0 0.01 M M 5.3 13 120 M M 6 12 21 120
5 65 44 55 M 10 0 0.12 M M 5.8 14 310 M M 5 1 21 310
6 62 38 50 M 15 0 0.00 M M 3.0 8 320 M M 0 1 M M
7 63 35 49 M 16 0 T M M 5.6 13 120 M M 3 1 20 130
8 76 52 64 M 1 0 0.13 M M 9.6 14 290 M M 9 1 37 200
9 57 35 46 M 19 0 0.00 M M 12.6 23 310 M M 0 32 310
10 68 32 50 M 15 0 0.00 M M 7.5 20 200 M M 0 31 M
11 75 51 63 M 2 0 0.00 M M 10.1 17 170 M M 8 1 28 170
12 67 34 51 M 14 0 0.00 M M 14.3 28 310 M M 1 44 310
13 64 30 47 M 18 0 0.00 M M 5.6 15 180 M M 0 24 170
14 44 20 32 M 33 0 T M M 12.2 16 350 M M 10 22 350
15 23 19 21 M 44 0 T M M 12.0 20 10 M M 9 1 28 10
16 31 18 25 M 40 0 0.00 M M 10.6 18 350 M M 0 24 350
17 46 16 31 M 34 0 0.00 M M 5.7 17 180 M M 3 27 160
18 72 44 58 M 7 0 0.00 M M 6.6 15 220 M M 4 24 220
19 50 32 41 M 24 0 0.00 M M 12.3 21 340 M M 0 30 M
20 43 26 35 M 30 0 0.00 M M 7.0 10 30 M M 5 M M
21 44 36 40 M 25 0 T M M 6.7 10 100 M M 10 1 16 90
22 60 43 52 M 13 0 0.27 M M 5.2 12 120 M M 10 1 21 130
23 69 59 64 M 1 0 0.49 M M 6.5 17 160 M M 10 13 21 160
24 62 55 59 M 6 0 0.22 M M 5.2 13 320 M M 10 13 17 110
25 59 51 55 M 10 0 0.01 M M 5.4 14 330 M M 8 1 17 70
26 58 51 55 M 10 0 T M M 5.1 12 330 M M 10 12 M M
27 60 44 52 M 13 0 0.00 M M 10.7 18 330 M M 5 30 M
28 64 40 52 M 13 0 0.00 M M 4.9 10 330 M M 0 M M
29 69 37 53 M 12 0 0.00 M M 3.4 9 200 M M 0 M M
30 72 42 57 M 8 0 0.00 M M 3.4 7 200 M M 0 M M
31 72 42 57 M 8 0 0.00 M M 2.4 7 230 M M 0 M M
================================================================================
SM 1818 1186 509 0 1.48 M 225.1 M 151
================================================================================
AV 58.6 38.3 7.3 FASTST M M 5 MAX(MPH)
MISC ----> 28 310 44 310
================================================================================
NOTES:
# LAST OF SEVERAL OCCURRENCES
COLUMN 17 PEAK WIND IN M.P.H.
PRELIMINARY LOCAL CLIMATOLOGICAL DATA (WS FORM: F-6) , PAGE 2
STATION: LA GRANGE
MONTH: JANUARY
YEAR: 2024
LATITUDE: 29 54 N
LONGITUDE: 96 57 W
[TEMPERATURE DATA] [PRECIPITATION DATA] SYMBOLS USED IN COLUMN 16
AVERAGE MONTHLY: 48.5 TOTAL FOR MONTH: 1.48 1 = FOG OR MIST
DPTR FM NORMAL: 0.0 DPTR FM NORMAL: M 2 = FOG REDUCING VISIBILITY
HIGHEST: 76 ON 8 GRTST 24HR 3.57 ON 21-22 TO 1/4 MILE OR LESS
LOWEST: 16 ON 17 3 = THUNDER
SNOW, ICE PELLETS, HAIL 4 = ICE PELLETS
TOTAL MONTH: M 5 = HAIL
GRTST 24HR M ON M 6 = FREEZING RAIN OR DRIZZLE
GRTST DEPTH: M ON M 7 = DUSTSTORM OR SANDSTORM:
VSBY 1/2 MILE OR LESS
8 = SMOKE OR HAZE
[NO. OF DAYS WITH] [WEATHER - DAYS WITH] 9 = BLOWING SNOW
X = TORNADO
MAX 32 OR BELOW: 2 0.01 INCH OR MORE: 8
MAX 90 OR ABOVE: 0 0.10 INCH OR MORE: 6
MIN 32 OR BELOW: 8 0.50 INCH OR MORE: 0
MIN 0 OR BELOW: 0 1.00 INCH OR MORE: 0
[HDD (BASE 65) ]
TOTAL THIS MO. 509 CLEAR (SCALE 0-3) 13
DPTR FM NORMAL M PTCLDY (SCALE 4-7) 8
TOTAL FM JUL 1 1038 CLOUDY (SCALE 8-10) 10
DPTR FM NORMAL M
[CDD (BASE 65) ]
TOTAL THIS MO. 0
DPTR FM NORMAL M [PRESSURE DATA]
TOTAL FM JAN 1 0 HIGHEST SLP M ON M
DPTR FM NORMAL M LOWEST SLP M ON M
[REMARKS]
#FINAL-01-24#