000
CXUS51 KBUF 010805
CF6ART
PRELIMINARY LOCAL CLIMATOLOGICAL DATA (WS FORM: F-6)
STATION: WATERTOWN NY
MONTH: MARCH
YEAR: 2023
LATITUDE: 43 59 N
LONGITUDE: 76 2 W
TEMPERATURE IN F: :PCPN: SNOW: WIND :SUNSHINE: SKY :PK WND
================================================================================
1 2 3 4 5 6A 6B 7 8 9 10 11 12 13 14 15 16 17 18
12Z AVG MX 2MIN
DY MAX MIN AVG DEP HDD CDD WTR SNW DPTH SPD SPD DIR MIN PSBL S-S WX SPD DR
================================================================================
1 39 13 26 1 39 0 T M M 4.9 23 60 M M 6 28 60
2 36 22 29 4 36 0 0.00 M M 4.0 13 280 M M 9 1 17 290
3 38 9 24 -2 41 0 0.15 M M 7.4 17 100 M M 2 12 30 100
4 35 28 32 6 33 0 0.24 M M 9.1 24 50 M M 10 1 35 100
5 39 30 35 9 30 0 T M M 4.9 13 230 M M 8 1 17 230
6 37 14 26 -1 39 0 0.00 M M 2.4 13 30 M M 0 1 16 30
7 31 14 23 -4 42 0 T M M 9.6 22 340 M M 5 28 330
8 34 25 30 3 35 0 0.00 M M 6.2 17 10 M M 9 22 350
9 34 18 26 -2 39 0 0.00 M M 5.3 13 360 M M 8 18 340
10 33 12 23 -5 42 0 0.01 M M 10.1 20 40 M M 5 1 27 50
11 36 14 25 -3 40 0 T M M 10.4 21 30 M M 5 18 29 20
12 41 8 25 -4 40 0 0.00 M M 2.3 14 270 M M 1 15 270
13 38 31 35 6 30 0 0.14 M M 4.6 13 160 M M 10 1 22 170
14 33 30 32 2 33 0 0.15 M M 11.8 23 340 M M 10 1 32 350
15 40 20 30 0 35 0 0.00 M M 9.2 18 340 M M 4 24 340
16 43 31 37 7 28 0 0.00 M M 6.9 15 230 M M 8 24 230
17 46 33 40 9 25 0 0.42 M M 11.4 25 240 M M 9 1 40 220
18 37 26 32 1 33 0 0.03 M M 14.0 28 270 M M 9 1 44 250
19 32 19 26 -5 39 0 0.11 M M 20.3 36 260 M M 9 128 53 250
20 40 27 34 2 31 0 0.00 M M 11.5 26 220 M M 7 37 230
21 46 31 39 7 26 0 0.00 M M 9.5 22 220 M M 7 31 210
22 53 25 39 6 26 0 T M M 7.6 16 40 M M 5 20 60
23 49 33 41 8 24 0 0.33 M M 6.9 14 230 M M 8 1 23 220
24 42 26 34 1 31 0 0.00 M M 4.4 13 280 M M 3 19 270
25 44 24 34 0 31 0 0.46 M M 8.5 24 220 M M 6 1 37 220
26 43 28 36 2 29 0 0.04 M M 18.1 32 250 M M 6 1 51 230
27 43 21 32 -3 33 0 0.02 M M 3.6 15 40 M M 6 1 18 60
28 41 23 32 -3 33 0 0.00 M M 5.0 14 260 M M 1 20 260
29 53 28 41 6 24 0 T M M 13.9 36 280 M M 4 1 50 280
30 35 15 25 -11 40 0 0.00 M M 9.7 25 290 M M 2 34 280
31 47 20 34 -2 31 0 0.27 M M 4.7 15 50 M M 7 1 20 160
================================================================================
SM 1238 698 1038 0 2.37 M 258.2 M 189
================================================================================
AV 39.9 22.5 8.3 FASTST M M 6 MAX(MPH)
MISC ----> # 36 260 53 250
================================================================================
NOTES:
# LAST OF SEVERAL OCCURRENCES
COLUMN 17 PEAK WIND IN M.P.H.
PRELIMINARY LOCAL CLIMATOLOGICAL DATA (WS FORM: F-6) , PAGE 2
STATION: WATERTOWN NY
MONTH: MARCH
YEAR: 2023
LATITUDE: 43 59 N
LONGITUDE: 76 2 W
[TEMPERATURE DATA] [PRECIPITATION DATA] SYMBOLS USED IN COLUMN 16
AVERAGE MONTHLY: 31.2 TOTAL FOR MONTH: 2.37 1 = FOG OR MIST
DPTR FM NORMAL: 0.8 DPTR FM NORMAL: 0.00 2 = FOG REDUCING VISIBILITY
HIGHEST: 53 ON 29,22 GRTST 24HR 0.50 ON 25-26 TO 1/4 MILE OR LESS
LOWEST: 8 ON 12 3 = THUNDER
SNOW, ICE PELLETS, HAIL 4 = ICE PELLETS
TOTAL MONTH: M 5 = HAIL
GRTST 24HR M ON M 6 = FREEZING RAIN OR DRIZZLE
GRTST DEPTH: M ON M 7 = DUSTSTORM OR SANDSTORM:
VSBY 1/2 MILE OR LESS
8 = SMOKE OR HAZE
[NO. OF DAYS WITH] [WEATHER - DAYS WITH] 9 = BLOWING SNOW
X = TORNADO
MAX 32 OR BELOW: 2 0.01 INCH OR MORE: 13
MAX 90 OR ABOVE: 0 0.10 INCH OR MORE: 9
MIN 32 OR BELOW: 29 0.50 INCH OR MORE: 0
MIN 0 OR BELOW: 0 1.00 INCH OR MORE: 0
[HDD (BASE 65) ]
TOTAL THIS MO. 1038 CLEAR (SCALE 0-3) 6
DPTR FM NORMAL -36 PTCLDY (SCALE 4-7) 16
TOTAL FM JUL 1 5702 CLOUDY (SCALE 8-10) 9
DPTR FM NORMAL -738
[CDD (BASE 65) ]
TOTAL THIS MO. 0
DPTR FM NORMAL 0 [PRESSURE DATA]
TOTAL FM JAN 1 0 HIGHEST SLP 30.41 ON 8
DPTR FM NORMAL 0 LOWEST SLP 29.38 ON 17
[REMARKS]
#FINAL-03-23#