000
CXUS51 KCAR 010700
CF6BGR
PRELIMINARY LOCAL CLIMATOLOGICAL DATA (WS FORM: F-6)
STATION: BANGOR ME
MONTH: JUNE
YEAR: 2023
LATITUDE: 44 47 N
LONGITUDE: 68 49 W
TEMPERATURE IN F: :PCPN: SNOW: WIND :SUNSHINE: SKY :PK WND
================================================================================
1 2 3 4 5 6A 6B 7 8 9 10 11 12 13 14 15 16 17 18
12Z AVG MX 2MIN
DY MAX MIN AVG DEP HDD CDD WTR SNW DPTH SPD SPD DIR MIN PSBL S-S WX SPD DR
================================================================================
1 93 50 72 13 0 7 0.00 0.0 0 4.7 15 180 M M 2 3 20 190
2 87 48 68 8 0 3 0.58 0.0 0 8.8 21 30 M M 6 13 31 30
3 50 42 46 -14 19 0 0.05 0.0 0 15.3 24 30 M M 10 1 34 30
4 52 42 47 -13 18 0 0.63 0.0 0 11.9 18 10 M M 10 1 24 30
5 56 48 52 -9 13 0 0.41 0.0 0 11.4 22 10 M M 10 1 29 10
6 60 50 55 -6 10 0 0.15 0.0 0 11.5 23 340 M M 9 1 32 330
7 58 47 53 -8 12 0 0.27 0.0 0 4.3 14 320 M M 10 18 20 340
8 61 46 54 -8 11 0 0.59 0.0 0 3.2 15 150 M M 9 1 22 140
9 65 50 58 -4 7 0 T 0.0 0 3.9 15 40 M M 10 1 19 30
10 69 51 60 -2 5 0 T 0.0 0 3.4 13 10 M M 8 1 17 320
11 78 46 62 0 3 0 T 0.0 0 5.1 16 310 M M 4 1 22 310
12 81 52 67 4 0 2 0.00 0.0 0 3.4 13 180 M M 6 19 190
13 72 57 65 2 0 0 T 0.0 0 6.2 13 130 M M 9 12 17 130
14 67 56 62 -1 3 0 T 0.0 0 4.5 14 180 M M 10 1 18 180
15 74 55 65 1 0 0 0.04 0.0 0 3.9 14 180 M M 7 1 18 180
16 79 55 67 3 0 2 0.16 0.0 0 2.8 15 190 M M 8 123 20 180
17 62 51 57 -7 8 0 1.25 0.0 0 9.5 24 350 M M 10 1 31 20
18 60 51 56 -8 9 0 0.15 0.0 0 14.4 23 360 M M 10 1 31 360
19 69 54 62 -3 3 0 T 0.0 0 7.6 15 360 M M 9 20 320
20 73 53 63 -2 2 0 0.02 0.0 0 4.1 15 100 M M 7 1 24 80
21 78 51 65 0 0 0 0.00 0.0 0 3.4 16 190 M M 5 12 21 180
22 78 48 63 -3 2 0 0.00 0.0 0 6.5 17 180 M M 1 25 180
23 81 49 65 -1 0 0 0.00 0.0 0 7.2 15 190 M M 2 1 21 180
24 78 62 70 4 0 5 0.04 0.0 0 7.0 14 180 M M 10 12 18 150
25 83 63 73 7 0 8 0.55 0.0 0 2.9 14 160 M M 9 13 16 170
26 69 60 65 -2 0 0 0.06 0.0 0 8.2 14 130 M M 10 1 20 80
27 74 60 67 0 0 2 0.42 0.0 0 8.8 18 180 M M 10 1 26 160
28 69 63 66 -1 0 1 0.46 0.0 0 7.9 15 170 M M 10 1 23 170
29 74 63 69 2 0 4 T 0.0 0 8.5 15 160 M M 10 1 21 160
30 79 61 70 2 0 5 0.01 0.0 0 7.2 14 170 M M 8 1 20 190
================================================================================
SM 2129 1584 125 39 5.84 0.0 207.5 M 239
================================================================================
AV 71.0 52.8 6.9 FASTST M M 8 MAX(MPH)
MISC ----> # 24 30 34 30
================================================================================
NOTES:
# LAST OF SEVERAL OCCURRENCES
COLUMN 17 PEAK WIND IN M.P.H.
PRELIMINARY LOCAL CLIMATOLOGICAL DATA (WS FORM: F-6) , PAGE 2
STATION: BANGOR ME
MONTH: JUNE
YEAR: 2023
LATITUDE: 44 47 N
LONGITUDE: 68 49 W
[TEMPERATURE DATA] [PRECIPITATION DATA] SYMBOLS USED IN COLUMN 16
AVERAGE MONTHLY: 61.9 TOTAL FOR MONTH: 5.84 1 = FOG OR MIST
DPTR FM NORMAL: -1.7 DPTR FM NORMAL: 1.97 2 = FOG REDUCING VISIBILITY
HIGHEST: 93 ON 1 GRTST 24HR 1.37 ON 17-18 TO 1/4 MILE OR LESS
LOWEST: 42 ON 4, 3 3 = THUNDER
SNOW, ICE PELLETS, HAIL 4 = ICE PELLETS
TOTAL MONTH: 0.0 INCH 5 = HAIL
GRTST 24HR 0.0 6 = FREEZING RAIN OR DRIZZLE
GRTST DEPTH: 0 7 = DUSTSTORM OR SANDSTORM:
VSBY 1/2 MILE OR LESS
8 = SMOKE OR HAZE
[NO. OF DAYS WITH] [WEATHER - DAYS WITH] 9 = BLOWING SNOW
X = TORNADO
MAX 32 OR BELOW: 0 0.01 INCH OR MORE: 18
MAX 90 OR ABOVE: 1 0.10 INCH OR MORE: 12
MIN 32 OR BELOW: 0 0.50 INCH OR MORE: 5
MIN 0 OR BELOW: 0 1.00 INCH OR MORE: 1
[HDD (BASE 65) ]
TOTAL THIS MO. 125 CLEAR (SCALE 0-3) 3
DPTR FM NORMAL 27 PTCLDY (SCALE 4-7) 9
TOTAL FM JUL 1 6726 CLOUDY (SCALE 8-10) 18
DPTR FM NORMAL -898
[CDD (BASE 65) ]
TOTAL THIS MO. 39
DPTR FM NORMAL -19 [PRESSURE DATA]
TOTAL FM JAN 1 46 HIGHEST SLP 30.36 ON 21
DPTR FM NORMAL -19 LOWEST SLP 29.38 ON 7
[REMARKS]
#FINAL-06-23#