000
CXUS53 KBIS 012122
CF6JMS
PRELIMINARY LOCAL CLIMATOLOGICAL DATA (WS FORM: F-6)
STATION: JAMESTOWN ND
MONTH: JANUARY
YEAR: 2024
LATITUDE: 46 55 N
LONGITUDE: 98 40 W
TEMPERATURE IN F: :PCPN: SNOW: WIND :SUNSHINE: SKY :PK WND
================================================================================
1 2 3 4 5 6A 6B 7 8 9 10 11 12 13 14 15 16 17 18
12Z AVG MX 2MIN
DY MAX MIN AVG DEP HDD CDD WTR SNW DPTH SPD SPD DIR MIN PSBL S-S WX SPD DR
================================================================================
1 37 14 26 15 39 0 0.00 M M 9.7 18 310 M M 0 28 300
2 36 22 29 18 36 0 0.00 M M 11.4 20 360 M M 3 27 320
3 26 19 23 12 42 0 T M M 8.5 17 360 M M 10 8 22 340
4 27 17 22 11 43 0 0.00 M M 11.6 21 170 M M 10 26 180
5 33 27 30 19 35 0 0.04 M M 5.0 13 350 M M 10 12 15 340
6 28 14 21 11 44 0 T M M 11.7 20 320 M M 8 1 25 330
7 15 3 9 -1 56 0 T M M 7.7 13 70 M M 9 18 16 70
8 15 3 9 -1 56 0 0.00 M M 5.4 12 60 M M 10 18 14 40
9 21 0 11 1 54 0 0.02 M M 6.5 17 170 M M 4 18 23 170
10 22 3 13 3 52 0 0.00 M M 15.0 28 300 M M 7 18 35 310
11 3 -7 -2 -12 67 0 0.00 M M 17.4 26 310 M M 4 8 36 290
12 -2 -10 -6 -16 71 0 T M M 18.1 30 320 M M 6 8 39 330
13 -8 -18 -13 -23 78 0 0.02 M M 24.0 32 320 M M 10 8 44 320
14 -5 -19 -12 -22 77 0 0.00 M M 17.3 25 290 M M 5 8 31 320
15 -3 -14 -8 -18 73 0 0.00 M M 24.5 35 300 M M 3 8 46 300
16 9 -6 2 -8 63 0 0.00 M M 20.1 31 300 M M 0 43 300
17 7 -4 2 -8 63 0 0.00 M M 11.2 23 310 M M 3 30 320
18 4 -3 1 -9 64 0 T M M 16.1 26 310 M M 7 8 37 320
19 6 -8 -1 -11 66 0 T M M 11.3 24 310 M M 5 8 33 300
20 8 -12 -2 -12 67 0 0.00 M M 15.7 32 180 M M 2 42 180
21 22 6 14 4 51 0 T M M 13.2 26 170 M M 7 38 180
22 22 12 17 7 48 0 T M M 9.5 15 30 M M 9 8 19 30
23 28 13 21 11 44 0 0.00 M M 11.6 26 190 M M 10 12 36 190
24 30 25 28 18 37 0 0.00 M M 8.2 21 200 M M 10 12 27 210
25 28 23 26 16 39 0 0.00 M M 2.6 10 180 M M 10 12 13 170
26 38 16 27 17 38 0 0.00 M M 5.5 13 260 M M 2 12 16 280
27 44 23 34 24 31 0 0.00 M M 6.1 10 270 M M 0 13 280
28 46 25 36 26 29 0 0.00 M M 6.1 12 260 M M 0 16 260
29 47 32 40 30 25 0 0.00 M M 13.3 22 310 M M 0 31 320
30 51 24 38 28 27 0 0.00 M M 8.1 16 240 M M 0 23 210
31 55 30 43 33 22 0 0.00 M M 4.9 16 280 M M 0 1 20 280
================================================================================
SM 690 250 1537 0 0.08 M 357.3 M 164
================================================================================
AV 22.3 8.1 11.5 FASTST M M 5 MAX(MPH)
MISC ----> 35 300 46 300
================================================================================
NOTES:
# LAST OF SEVERAL OCCURRENCES
COLUMN 17 PEAK WIND IN M.P.H.
PRELIMINARY LOCAL CLIMATOLOGICAL DATA (WS FORM: F-6) , PAGE 2
STATION: JAMESTOWN ND
MONTH: JANUARY
YEAR: 2024
LATITUDE: 46 55 N
LONGITUDE: 98 40 W
[TEMPERATURE DATA] [PRECIPITATION DATA] SYMBOLS USED IN COLUMN 16
AVERAGE MONTHLY: 15.2 TOTAL FOR MONTH: 0.08 1 = FOG OR MIST
DPTR FM NORMAL: 5.1 DPTR FM NORMAL: -0.23 2 = FOG REDUCING VISIBILITY
HIGHEST: 55 ON 31 GRTST 24HR 0.05 ON 22-22 TO 1/4 MILE OR LESS
LOWEST: -19 ON 14 3 = THUNDER
SNOW, ICE PELLETS, HAIL 4 = ICE PELLETS
TOTAL MONTH: M 5 = HAIL
GRTST 24HR M ON M 6 = FREEZING RAIN OR DRIZZLE
GRTST DEPTH: M ON M 7 = DUSTSTORM OR SANDSTORM:
VSBY 1/2 MILE OR LESS
8 = SMOKE OR HAZE
[NO. OF DAYS WITH] [WEATHER - DAYS WITH] 9 = BLOWING SNOW
X = TORNADO
MAX 32 OR BELOW: 22 0.01 INCH OR MORE: 3
MAX 90 OR ABOVE: 0 0.10 INCH OR MORE: 0
MIN 32 OR BELOW: 31 0.50 INCH OR MORE: 0
MIN 0 OR BELOW: 11 1.00 INCH OR MORE: 0
[HDD (BASE 65) ]
TOTAL THIS MO. 1537 CLEAR (SCALE 0-3) 10
DPTR FM NORMAL -165 PTCLDY (SCALE 4-7) 10
TOTAL FM JUL 1 4374 CLOUDY (SCALE 8-10) 11
DPTR FM NORMAL -905
[CDD (BASE 65) ]
TOTAL THIS MO. 0
DPTR FM NORMAL 0 [PRESSURE DATA]
TOTAL FM JAN 1 0 HIGHEST SLP 30.68 ON 19
DPTR FM NORMAL 0 LOWEST SLP 29.34 ON 10
[REMARKS]
#FINAL-01-24#
PRECIPITATION DATA WAS TAKEN FROM THE COOP SITE AT JAMESTOWN STATE HOSPITAL ON 1/5, 1/9, 1/11, 1/14, 1/15