000
CXUS55 KEAX 010736
CF6LXT
PRELIMINARY LOCAL CLIMATOLOGICAL DATA (WS FORM: F-6)
STATION: LEE`S SUMMIT MO
MONTH: JUNE
YEAR: 2020
LATITUDE: 38 57 N
LONGITUDE: 94 22 W
TEMPERATURE IN F: :PCPN: SNOW: WIND :SUNSHINE: SKY :PK WND
================================================================================
1 2 3 4 5 6A 6B 7 8 9 10 11 12 13 14 15 16 17 18
12Z AVG MX 2MIN
DY MAX MIN AVG DEP HDD CDD WTR SNW DPTH SPD SPD DIR MIN PSBL S-S WX SPD DR
================================================================================
1 86 68 77 8 0 12 0.00 M M 14.2 24 210 M M 0 32 190
2 89 67 78 8 0 13 0.00 M M 13.3 21 210 M M 0 32 200
3 93 73 83 13 0 18 0.00 M M 12.7 20 230 M M 0 26 250
4 90 66 78 8 0 13 0.65 M M 7.7 32 310 M M 1 13 46 320
5 92 67 80 10 0 15 0.51 M M 6.2 35 320 M M 0 13 50 310
6 93 75 84 13 0 19 0.00 M M 7.5 14 150 M M 1 19 140
7 91 73 82 11 0 17 0.00 M M 10.5 16 150 M M 0 24 150
8 91 76 84 13 0 19 0.00 M M 9.6 16 130 M M 0 23 120
9 91 66 79 7 0 14 T M M 9.6 26 210 M M 4 37 210
10 78 59 69 -3 0 4 T M M 14.2 30 320 M M 5 42 310
11 88 57 73 1 0 8 0.00 M M 8.0 15 260 M M 0 22 220
12 91 68 80 7 0 15 0.00 M M 4.9 15 220 M M 1 20 220
13 92 67 80 7 0 15 0.00 M M 7.5 14 170 M M 0 22 160
14 92 71 82 9 0 17 0.00 M M 9.0 15 180 M M 0 21 110
15 92 72 82 9 0 17 0.00 M M 8.9 15 170 M M 0 24 190
16 90 72 81 7 0 16 0.00 M M 8.9 15 120 M M 1 22 130
17 89 69 79 5 0 14 0.00 M M 11.2 18 130 M M 0 26 120
18 92 71 82 8 0 17 0.00 M M 11.2 21 180 M M 1 31 140
19 80 71 76 2 0 11 0.31 M M 6.4 15 250 M M 5 1 20 240
20 84 68 76 1 0 11 0.00 M M 5.9 12 200 M M 1 1 15 220
21 89 68 79 4 0 14 0.00 M M 9.1 18 210 M M 0 24 220
22 89 71 80 5 0 15 0.00 M M 9.2 17 340 M M 1 23 340
23 83 64 74 -2 0 9 0.00 M M 8.5 21 10 M M 2 29 350
24 88 60 74 -2 0 9 0.00 M M 4.4 10 70 M M 1 17 350
25 92 66 79 3 0 14 0.11 M M 9.1 21 190 M M 3 3 28 210
26 93 71 82 6 0 17 0.00 M M 11.9 22 210 M M 0 8 29 220
27 82 68 75 -1 0 10 1.64 M M 7.0 32 310 M M 6 13 46 300
28 90 76 83 7 0 18 0.00 M M 12.4 25 200 M M 2 36 190
29 87 78 83 6 0 18 0.00 M M 13.1 23 200 M M 6 32 200
30 91 77 84 7 0 19 T M M 11.1 21 190 M M 4 29 190
================================================================================
SM 2668 2075 0 428 3.22 M 283.2 M 45
================================================================================
AV 88.9 69.2 9.4 FASTST M M 2 MAX(MPH)
MISC ----> 35 320 50 310
================================================================================
NOTES:
# LAST OF SEVERAL OCCURRENCES
COLUMN 17 PEAK WIND IN M.P.H.
PRELIMINARY LOCAL CLIMATOLOGICAL DATA (WS FORM: F-6) , PAGE 2
STATION: LEE`S SUMMIT MO
MONTH: JUNE
YEAR: 2020
LATITUDE: 38 57 N
LONGITUDE: 94 22 W
[TEMPERATURE DATA] [PRECIPITATION DATA] SYMBOLS USED IN COLUMN 16
AVERAGE MONTHLY: 79.1 TOTAL FOR MONTH: 3.22 1 = FOG OR MIST
DPTR FM NORMAL: 5.7 DPTR FM NORMAL: -3.01 2 = FOG REDUCING VISIBILITY
HIGHEST: 93 ON 26, 6 GRTST 24HR 1.64 ON 27-27 TO 1/4 MILE OR LESS
LOWEST: 57 ON 11 3 = THUNDER
SNOW, ICE PELLETS, HAIL 4 = ICE PELLETS
TOTAL MONTH: M 5 = HAIL
GRTST 24HR M ON M 6 = FREEZING RAIN OR DRIZZLE
GRTST DEPTH: M ON M 7 = DUSTSTORM OR SANDSTORM:
VSBY 1/2 MILE OR LESS
8 = SMOKE OR HAZE
[NO. OF DAYS WITH] [WEATHER - DAYS WITH] 9 = BLOWING SNOW
X = TORNADO
MAX 32 OR BELOW: 0 0.01 INCH OR MORE: 5
MAX 90 OR ABOVE: 17 0.10 INCH OR MORE: 5
MIN 32 OR BELOW: 0 0.50 INCH OR MORE: 3
MIN 0 OR BELOW: 0 1.00 INCH OR MORE: 1
[HDD (BASE 65) ]
TOTAL THIS MO. 0 CLEAR (SCALE 0-3) 24
DPTR FM NORMAL -6 PTCLDY (SCALE 4-7) 6
TOTAL FM JUL 1 4517 CLOUDY (SCALE 8-10) 0
DPTR FM NORMAL -527
[CDD (BASE 65) ]
TOTAL THIS MO. 428
DPTR FM NORMAL 170 [PRESSURE DATA]
TOTAL FM JAN 1 508 HIGHEST SLP M ON M
DPTR FM NORMAL 158 LOWEST SLP 29.39 ON 9
[REMARKS]
#FINAL-06-20#