000
CXUS52 KTAE 010800
CF6MAI
PRELIMINARY LOCAL CLIMATOLOGICAL DATA (WS FORM: F-6)
STATION: MARIANNA
MONTH: SEPTEMBER
YEAR: 2020
LATITUDE: 30 50 N
LONGITUDE: 85 11 W
TEMPERATURE IN F: :PCPN: SNOW: WIND :SUNSHINE: SKY :PK WND
================================================================================
1 2 3 4 5 6A 6B 7 8 9 10 11 12 13 14 15 16 17 18
12Z AVG MX 2MIN
DY MAX MIN AVG DEP HDD CDD WTR SNW DPTH SPD SPD DIR MIN PSBL S-S WX SPD DR
================================================================================
1 91 76 84 3 0 19 T 0.0 M 5.7 20 220 M M 2 13 23 210
2 92 76 84 4 0 19 0.00 0.0 0 4.0 12 290 M M 0 12 16 270
3 94 71 83 3 0 18 0.00 M M 2.2 9 330 M M 0 12 12 280
4 96 73 85 5 0 20 0.00 0.0 M 3.2 10 30 M M 0 1 16 300
5 97 73 85 5 0 20 0.00 0.0 M 4.1 13 340 M M 0 15 360
6 91 71 81 1 0 16 0.00 0.0 M 7.5 17 50 M M 0 20 50
7 91 69 80 0 0 15 0.00 0.0 M 6.0 14 60 M M 2 16 60
8 91 72 82 2 0 17 0.00 0.0 M 6.9 16 50 M M 1 20 50
9 92 70 81 1 0 16 0.00 0.0 M 7.0 16 50 M M 1 19 60
10 90 73 82 3 0 17 1.20 0.0 M 6.0 18 70 M M 5 138 23 70
11 92 74 83 4 0 18 0.25 0.0 M 7.2 18 70 M M 6 13 26 110
12 92 73 83 4 0 18 0.06 0.0 M 7.9 24 80 M M 4 13 33 70
13 91 74 83 4 0 18 0.20 0.0 M 11.3 21 60 M M 5 13 26 40
14 82 74 78 -1 0 13 0.85 0.0 M 9.7 18 90 M M 5 1 24 80
15 78 73 76 -2 0 11 1.70 0.0 M 12.2 21 80 M M 8 1 29 90
16 79 73 76 -2 0 11 8.07 0.0 M 15.0 26 80 M M 10 12 34 90
17 80 72 76 -2 0 11 0.02 0.0 M 10.4 23 200 M M 8 1 30 200
18 87 69 78 0 0 13 0.00 0.0 M 3.7 10 40 M M 4 12 15 330
19 78 66 72 -5 0 7 T 0.0 M 11.4 20 50 M M 4 24 60
20 68 61 65 -12 0 0 0.09 0.0 M 11.5 20 50 M M 9 26 50
21 74 63 69 -8 0 4 T 0.0 M 12.6 23 60 M M 0 31 60
22 80 59 70 -6 0 5 0.00 0.0 M 7.3 16 70 M M 0 21 60
23 85 65 75 -1 0 10 T 0.0 M 5.5 12 110 M M 1 15 100
24 82 69 76 0 0 11 0.66 0.0 M 8.1 18 190 M M 9 1 25 200
25 88 71 80 4 0 15 0.20 0.0 M 3.5 14 270 M M 5 1 17 270
26 87 66 77 2 0 12 0.00 0.0 M 2.6 8 20 M M 1 1 11 30
27 75 69 72 -3 0 7 1.60 0.0 M 3.7 16 250 M M 6 12 19 250
28 89 71 80 5 0 15 0.01 0.0 M 2.9 15 250 M M 5 1 19 250
29 74 55 65 -9 0 0 T 0.0 M 6.8 21 340 M M 6 1 26 340
30 78 51 65 -9 0 0 0.00 0.0 M 2.9 13 350 M M 0 1 19 360
================================================================================
SM 2564 2072 0 376 14.91 0.0 208.8 M 107
================================================================================
AV 85.5 69.1 7.0 FASTST M M 4 MAX(MPH)
MISC ----> 26 80 34 90
================================================================================
NOTES:
# LAST OF SEVERAL OCCURRENCES
COLUMN 17 PEAK WIND IN M.P.H.
PRELIMINARY LOCAL CLIMATOLOGICAL DATA (WS FORM: F-6) , PAGE 2
STATION: MARIANNA
MONTH: SEPTEMBER
YEAR: 2020
LATITUDE: 30 50 N
LONGITUDE: 85 11 W
[TEMPERATURE DATA] [PRECIPITATION DATA] SYMBOLS USED IN COLUMN 16
AVERAGE MONTHLY: 77.3 TOTAL FOR MONTH: 14.91 1 = FOG OR MIST
DPTR FM NORMAL: -0.6 DPTR FM NORMAL: 11.11 2 = FOG REDUCING VISIBILITY
HIGHEST: 97 ON 5 GRTST 24HR 8.77 ON 15-16 TO 1/4 MILE OR LESS
LOWEST: 51 ON 30 3 = THUNDER
SNOW, ICE PELLETS, HAIL 4 = ICE PELLETS
TOTAL MONTH: 0.0 INCH 5 = HAIL
GRTST 24HR 0.0 6 = FREEZING RAIN OR DRIZZLE
GRTST DEPTH: 0 7 = DUSTSTORM OR SANDSTORM:
VSBY 1/2 MILE OR LESS
8 = SMOKE OR HAZE
[NO. OF DAYS WITH] [WEATHER - DAYS WITH] 9 = BLOWING SNOW
X = TORNADO
MAX 32 OR BELOW: 0 0.01 INCH OR MORE: 13
MAX 90 OR ABOVE: 13 0.10 INCH OR MORE: 9
MIN 32 OR BELOW: 0 0.50 INCH OR MORE: 6
MIN 0 OR BELOW: 0 1.00 INCH OR MORE: 4
[HDD (BASE 65) ]
TOTAL THIS MO. 0 CLEAR (SCALE 0-3) 14
DPTR FM NORMAL -1 PTCLDY (SCALE 4-7) 12
TOTAL FM JUL 1 0 CLOUDY (SCALE 8-10) 4
DPTR FM NORMAL 0
[CDD (BASE 65) ]
TOTAL THIS MO. 376
DPTR FM NORMAL -11 [PRESSURE DATA]
TOTAL FM JAN 1 2636 HIGHEST SLP M ON M
DPTR FM NORMAL 284 LOWEST SLP 29.62 ON 16
[REMARKS]
#FINAL-09-20#