374
CXUS52 KTAE 011254
CF6MAI
PRELIMINARY LOCAL CLIMATOLOGICAL DATA (WS FORM: F-6)
STATION: MARIANNA
MONTH: AUGUST
YEAR: 2020
LATITUDE: 30 50 N
LONGITUDE: 85 11 W
TEMPERATURE IN F: :PCPN: SNOW: WIND :SUNSHINE: SKY :PK WND
================================================================================
1 2 3 4 5 6A 6B 7 8 9 10 11 12 13 14 15 16 17 18
12Z AVG MX 2MIN
DY MAX MIN AVG DEP HDD CDD WTR SNW DPTH SPD SPD DIR MIN PSBL S-S WX SPD DR
================================================================================
1 96 74 85 3 0 20 0.00 0.0 0 4.5 13 190 M M 3 12 15 210
2 97 72 85 3 0 20 0.00 0.0 0 2.1 10 30 M M 1 13 50
3 97 74 86 4 0 21 0.00 0.0 0 4.1 15 270 M M 0 19 270
4 96 74 85 3 0 20 0.00 0.0 0 3.5 13 280 M M 0 16 290
5 94 73 84 2 0 19 0.31 0.0 0 4.2 23 60 M M 2 3 30 60
6 95 73 84 2 0 19 0.00 0.0 0 4.5 15 200 M M 0 18 230
7 93 73 83 1 0 18 0.21 0.0 0 4.8 26 210 M M 1 3 34 210
8 95 74 85 3 0 20 1.10 0.0 0 3.1 31 330 M M 0 13 39 320
9 93 75 84 2 0 19 0.00 0.0 0 4.6 17 220 M M 1 20 230
10 93 75 84 2 0 19 0.03 0.0 0 5.3 23 200 M M 1 3 28 200
11 92 71 82 0 0 17 2.03 0.0 0 4.5 36 30 M M 2 13 42 50
12 92 71 82 0 0 17 0.00 0.0 0 3.6 13 210 M M 2 12 15 220
13 92 75 84 2 0 19 0.03 0.0 0 3.7 15 190 M M 3 3 21 210
14 88 75 82 0 0 17 0.68 0.0 0 5.5 16 170 M M 2 13 19 180
15 90 74 82 0 0 17 0.00 0.0 0 6.4 14 260 M M 1 17 240
16 94 75 85 3 0 20 0.00 0.0 0 4.4 13 310 M M 2 17 300
17 95 73 84 2 0 19 0.00 0.0 0 2.5 9 140 M M 1 13 320
18 96 70 83 1 0 18 0.54 0.0 0 4.6 22 30 M M 1 13 29 30
19 89 71 80 -2 0 15 0.58 0.0 0 5.8 23 180 M M 1 138 29 180
20 81 70 76 -5 0 11 0.07 0.0 0 3.3 17 110 M M 4 3 23 120
21 84 69 77 -4 0 12 0.05 0.0 0 3.3 13 180 M M 4 12 15 160
22 86 71 79 -2 0 14 0.10 0.0 0 4.6 13 150 M M 2 1 17 120
23 82 71 77 -4 0 12 0.11 0.0 0 6.3 13 100 M M 2 20 110
24 79 75 77 -4 0 12 1.02 0.0 0 9.2 32 210 M M 7 13 47 200
25 93 74 84 3 0 19 0.00 0.0 0 5.3 13 110 M M 4 19 130
26 93 76 85 4 0 20 0.00 0.0 0 4.9 12 170 M M 1 16 100
27 92 77 85 4 0 20 0.64 0.0 0 5.9 20 250 M M 2 13 28 140
28 93 75 84 3 0 19 0.00 0.0 M 1.2 4 160 M M 2 M M
29 83 75 79 -2 0 14 0.81 0.0 0 M M M M M M M M
30 89 74 82 1 0 17 0.17 0.0 0 M M M M M M M M
31 93 73 83 2 0 18 T 0.0 0 M M M M M M M M
================================================================================
SM 2825 2272 0 542 8.48 0.0 125.7 M 52
================================================================================
AV 91.1 73.3 4.5 FASTST M M 2 MAX(MPH)
MISC ----> # 36 30 # 47 200
================================================================================
NOTES:
# LAST OF SEVERAL OCCURRENCES
COLUMN 17 PEAK WIND IN M.P.H.
PRELIMINARY LOCAL CLIMATOLOGICAL DATA (WS FORM: F-6) , PAGE 2
STATION: MARIANNA
MONTH: AUGUST
YEAR: 2020
LATITUDE: 30 50 N
LONGITUDE: 85 11 W
[TEMPERATURE DATA] [PRECIPITATION DATA] SYMBOLS USED IN COLUMN 16
AVERAGE MONTHLY: 82.2 TOTAL FOR MONTH: 8.48 1 = FOG OR MIST
DPTR FM NORMAL: 0.7 DPTR FM NORMAL: 3.05 2 = FOG REDUCING VISIBILITY
HIGHEST: 97 ON 3, 2 GRTST 24HR 2.03 ON 11-11 TO 1/4 MILE OR LESS
LOWEST: 69 ON 21 3 = THUNDER
SNOW, ICE PELLETS, HAIL 4 = ICE PELLETS
TOTAL MONTH: 0.0 INCH 5 = HAIL
GRTST 24HR 0.0 6 = FREEZING RAIN OR DRIZZLE
GRTST DEPTH: 0 7 = DUSTSTORM OR SANDSTORM:
VSBY 1/2 MILE OR LESS
8 = SMOKE OR HAZE
[NO. OF DAYS WITH] [WEATHER - DAYS WITH] 9 = BLOWING SNOW
X = TORNADO
MAX 32 OR BELOW: 0 0.01 INCH OR MORE: 17
MAX 90 OR ABOVE: 22 0.10 INCH OR MORE: 13
MIN 32 OR BELOW: 0 0.50 INCH OR MORE: 8
MIN 0 OR BELOW: 0 1.00 INCH OR MORE: 3
[HDD (BASE 65) ]
TOTAL THIS MO. 0 CLEAR (SCALE 0-3) 24
DPTR FM NORMAL 0 PTCLDY (SCALE 4-7) 4
TOTAL FM JUL 1 0 CLOUDY (SCALE 8-10) 0
DPTR FM NORMAL 0
[CDD (BASE 65) ]
TOTAL THIS MO. 542
DPTR FM NORMAL 31 [PRESSURE DATA]
TOTAL FM JAN 1 2260 HIGHEST SLP 30.18 ON 9
DPTR FM NORMAL 295 LOWEST SLP 29.82 ON 18
[REMARKS]
#FINAL-08-20#