000
CXUS56 KSTO 011300
CF6RDD
PRELIMINARY LOCAL CLIMATOLOGICAL DATA (WS FORM: F-6)
STATION: REDDING CA AIRPORT AND CITY
MONTH: SEPTEMBER
YEAR: 2022
LATITUDE: 40 30 N
LONGITUDE: 122 18 W
TEMPERATURE IN F: :PCPN: SNOW: WIND :SUNSHINE: SKY :PK WND
================================================================================
1 2 3 4 5 6A 6B 7 8 9 10 11 12 13 14 15 16 17 18
12Z AVG MX 2MIN
DY MAX MIN AVG DEP HDD CDD WTR SNW DPTH SPD SPD DIR MIN PSBL S-S WX SPD DR
================================================================================
1 109 62 86 8 0 21 0.00 M M 3.4 16 150 M M 0 8 19 200
2 107 67 87 9 0 22 0.00 M M 6.4 21 150 M M 0 8 28 150
3 102 65 84 6 0 19 0.00 M M 3.6 13 170 M M 0 8 15 160
4 109 63 86 8 0 21 0.00 M M 3.8 12 170 M M 0 8 13 160
5 113 68 91 13 0 26 0.00 M M 3.8 12 150 M M 0 8 16 150
6 115 74 95 17 0 30 0.00 M M 2.3 15 130 M M 0 8 18 120
7 109 73 91 14 0 26 0.00 0.0 M 2.9 10 150 M M 0 8 13 160
8 112 74 93 16 0 28 0.00 0.0 M 6.3 16 360 M M 0 8 20 330
9 112 80 96 19 0 31 0.00 M M 8.0 17 360 M M 0 8 23 10
10 100 71 86 9 0 21 0.00 M M 5.5 16 180 M M 1 8 20 180
11 91 68 80 4 0 15 0.00 M M 2.1 9 20 M M 0 8 10 130
12 95 69 82 6 0 17 0.02 M M 4.8 20 160 M M 2 8 22 160
13 86 62 74 -2 0 9 0.00 M M 6.3 20 190 M M 0 8 24 190
14 81 58 70 -6 0 5 0.00 M M 6.0 20 170 M M 1 8 24 170
15 84 56 70 -6 0 5 0.00 M M 3.5 16 160 M M 0 8 20 160
16 88 56 72 -3 0 7 0.00 M M 3.7 17 160 M M 0 8 21 160
17 81 57 69 -6 0 4 T M M 5.3 18 180 M M 4 8 24 160
18 71 57 64 -11 1 0 0.68 M M 6.1 23 160 M M 10 18 28 180
19 74 59 67 -8 0 2 0.21 M M 4.4 14 40 M M 8 18 15 40
20 78 60 69 -5 0 4 0.00 M M 3.8 10 140 M M 4 14 170
21 77 59 68 -6 0 3 0.00 M M 5.2 14 160 M M 5 3 18 180
22 86 55 71 -3 0 6 0.00 M M 4.7 10 10 M M 0 15 40
23 93 64 79 5 0 14 0.00 0.0 M 4.2 9 20 M M 0 13 330
24 99 56 78 5 0 13 0.00 0.0 M 3.4 12 20 M M 0 14 140
25 99 58 79 6 0 14 0.00 0.0 M 2.4 10 150 M M 0 14 150
26 97 61 79 7 0 14 0.00 0.0 M 2.3 12 180 M M 0 14 170
27 92 61 77 5 0 12 0.00 0.0 M 3.8 15 200 M M 0 20 170
28 88 55 72 0 0 7 0.00 0.0 M 4.3 14 160 M M 1 19 160
29 91 56 74 2 0 9 0.00 0.0 M 5.8 14 10 M M 0 18 340
30 94 72 83 12 0 18 0.00 0.0 M 9.9 23 20 M M 0 27 20
================================================================================
SM 2833 1896 1 423 0.91 0.0 138.0 M 36
================================================================================
AV 94.4 63.2 4.6 FASTST M M 1 MAX(MPH)
MISC ----> # 23 160 # 28 150
================================================================================
NOTES:
# LAST OF SEVERAL OCCURRENCES
COLUMN 17 PEAK WIND IN M.P.H.
PRELIMINARY LOCAL CLIMATOLOGICAL DATA (WS FORM: F-6) , PAGE 2
STATION: REDDING CA AIRPORT AND CITY
MONTH: SEPTEMBER
YEAR: 2022
LATITUDE: 40 30 N
LONGITUDE: 122 18 W
[TEMPERATURE DATA] [PRECIPITATION DATA] SYMBOLS USED IN COLUMN 16
AVERAGE MONTHLY: 78.8 TOTAL FOR MONTH: 0.91 1 = FOG OR MIST
DPTR FM NORMAL: 3.5 DPTR FM NORMAL: 0.46 2 = FOG REDUCING VISIBILITY
HIGHEST: 115 ON 6 GRTST 24HR 0.75 ON 18-19 TO 1/4 MILE OR LESS
LOWEST: 55 ON 28,22 3 = THUNDER
SNOW, ICE PELLETS, HAIL 4 = ICE PELLETS
TOTAL MONTH: 0.0 INCH 5 = HAIL
GRTST 24HR 0.0 6 = FREEZING RAIN OR DRIZZLE
GRTST DEPTH: M ON M 7 = DUSTSTORM OR SANDSTORM:
VSBY 1/2 MILE OR LESS
8 = SMOKE OR HAZE
[NO. OF DAYS WITH] [WEATHER - DAYS WITH] 9 = BLOWING SNOW
X = TORNADO
MAX 32 OR BELOW: 0 0.01 INCH OR MORE: 3
MAX 90 OR ABOVE: 19 0.10 INCH OR MORE: 2
MIN 32 OR BELOW: 0 0.50 INCH OR MORE: 1
MIN 0 OR BELOW: 0 1.00 INCH OR MORE: 0
[HDD (BASE 65) ]
TOTAL THIS MO. 1 CLEAR (SCALE 0-3) 25
DPTR FM NORMAL -4 PTCLDY (SCALE 4-7) 4
TOTAL FM JUL 1 1 CLOUDY (SCALE 8-10) 1
DPTR FM NORMAL 0
[CDD (BASE 65) ]
TOTAL THIS MO. 423
DPTR FM NORMAL 111 [PRESSURE DATA]
TOTAL FM JAN 1 2314 HIGHEST SLP 30.11 ON 22
DPTR FM NORMAL 373 LOWEST SLP 29.40 ON 9
[REMARKS]
#FINAL-09-22#