000
CXUS56 KPDT 011950
CLMRDM
CLIMATE REPORT
NATIONAL WEATHER SERVICE PENDLETON, OR
1250 PM PDT THU JUN 01 2023
...................................
...THE REDMOND OR CLIMATE SUMMARY FOR THE MONTH OF MAY 2023...
CLIMATE NORMAL PERIOD 1991 TO 2020
CLIMATE RECORD PERIOD 1949 TO 2023
WEATHER OBSERVED NORMAL DEPART LAST YEAR`S
VALUE DATE(S) VALUE FROM VALUE DATE(S)
NORMAL
................................................................
TEMPERATURE (F)
RECORD
HIGH 99 05/30/1986
LOW 12 05/02/1964
HIGHEST 90 05/19 86 05/04
LOWEST 30 05/23 23 05/10
AVG. MAXIMUM 73.2 69.1 4.1 66.3
AVG. MINIMUM 42.1 37.8 4.3 35.3
MEAN 57.7 53.4 4.3 50.8
DAYS MAX >= 90 1 0.6 0.4 0
DAYS MAX <= 32 0 0.0 0.0 0
DAYS MIN <= 32 1 10.1 -9.1 14
DAYS MIN <= 0 0 0.0 0.0 0
PRECIPITATION (INCHES)
RECORD
MAXIMUM 4.62 1998
MINIMUM 0.02 2001
TOTALS 2.04 1.20 0.84 0.47
DAILY AVG. 0.07 0.04 0.03 0.02
DAYS >= .01 8 7.8 0.2 7
DAYS >= .10 6 3.3 2.7 3
DAYS >= .50 1 0.8 0.2 0
DAYS >= 1.00 0 0.1 -0.1 0
GREATEST
24 HR. TOTAL 0.80 05/06 TO 05/07 0.19 05/06 TO 05/06
DEGREE DAYS
HEATING TOTAL 234 365 -131 433
SINCE 7/1 5970 5992 -22
COOLING TOTAL 14 7 7 0
SINCE 1/1 15 7 8
................................................................
WIND (MPH)
AVERAGE WIND SPEED 6.4
RESULTANT WIND SPEED/DIRECTION 2/330
HIGHEST WIND SPEED/DIRECTION 29/310 DATE 05/26
HIGHEST GUST SPEED/DIRECTION 37/310 DATE 05/26
AVERAGE RH (PERCENT) 57
WEATHER CONDITIONS. NUMBER OF DAYS WITH
THUNDERSTORM 7 MIXED PRECIP 0
HEAVY RAIN 1 RAIN 3
LIGHT RAIN 13 FREEZING RAIN 0
LT FREEZING RAIN 0 HAIL 0
HEAVY SNOW 0 SNOW 0
LIGHT SNOW 0 SLEET 0
FOG 3 FOG W/VIS <= 1/4 MILE 0
HAZE 1
- INDICATES NEGATIVE NUMBERS.
R INDICATES RECORD WAS SET OR TIED.
MM INDICATES DATA IS MISSING.
T INDICATES TRACE AMOUNT.
$$