000
CXUS56 KPDT 011640
CLMRDM
CLIMATE REPORT
NATIONAL WEATHER SERVICE PENDLETON, OR
840 AM PST THU FEB 01 2024
...................................
...THE REDMOND OR CLIMATE SUMMARY FOR THE MONTH OF JANUARY 2024...
CLIMATE NORMAL PERIOD 1991 TO 2020
CLIMATE RECORD PERIOD 1949 TO 2024
WEATHER OBSERVED NORMAL DEPART LAST YEAR`S
VALUE DATE(S) VALUE FROM VALUE DATE(S)
NORMAL
................................................................
TEMPERATURE (F)
RECORD
HIGH 70 01/29/2018
LOW -27 01/22/1962
HIGHEST 69 01/29 60 01/26
LOWEST -3 01/13 -7 01/30
AVG. MAXIMUM 43.0 44.2 -1.2 45.7
AVG. MINIMUM 24.4 25.3 -0.9 24.0
MEAN 33.7 34.8 -1.1 34.9
DAYS MAX >= 90 0 0.0 0.0 0
DAYS MAX <= 32 6 4.3 1.7 1
DAYS MIN <= 32 24 25.8 -1.8 25
DAYS MIN <= 0 2 1.0 1.0 2
PRECIPITATION (INCHES)
RECORD
MAXIMUM 3.07 1970
MINIMUM 0.01 2022
TOTALS 1.69 0.98 0.71 0.24
DAILY AVG. 0.05 0.03 0.02 0.01
DAYS >= .01 12 8.7 3.3 5
DAYS >= .10 6 3.0 3.0 0
DAYS >= .50 0 0.1 -0.1 0
DAYS >= 1.00 0 0.0 0.0 0
GREATEST
24 HR. TOTAL 0.44 01/13 TO 01/13 0.08 01/11 TO 01/11
DEGREE DAYS
HEATING TOTAL 962 938 24 926
SINCE 7/1 3144 3510 -366
COOLING TOTAL 0 0 0 0
SINCE 1/1 0 0 0
................................................................
WIND (MPH)
AVERAGE WIND SPEED 7.3
RESULTANT WIND SPEED/DIRECTION 2/220
HIGHEST WIND SPEED/DIRECTION 37/280 DATE 01/11
HIGHEST GUST SPEED/DIRECTION 49/280 DATE 01/11
AVERAGE RH (PERCENT) 71
WEATHER CONDITIONS. NUMBER OF DAYS WITH
THUNDERSTORM 0 MIXED PRECIP 0
HEAVY RAIN 1 RAIN 2
LIGHT RAIN 14 FREEZING RAIN 1
LT FREEZING RAIN 5 HAIL 0
HEAVY SNOW 2 SNOW 5
LIGHT SNOW 9 SLEET 0
FOG 16 FOG W/VIS <= 1/4 MILE 4
HAZE 11
- INDICATES NEGATIVE NUMBERS.
R INDICATES RECORD WAS SET OR TIED.
MM INDICATES DATA IS MISSING.
T INDICATES TRACE AMOUNT.
$$